{"id":431,"date":"2015-06-09T15:15:09","date_gmt":"2015-06-09T12:15:09","guid":{"rendered":"http:\/\/www.verkkovaria.fi\/kestavakehitys\/?page_id=431"},"modified":"2015-06-15T09:58:58","modified_gmt":"2015-06-15T06:58:58","slug":"google-drive","status":"publish","type":"page","link":"https:\/\/www.verkkovaria.fi\/kestavakehitys\/google-drive\/","title":{"rendered":"Google Drive"},"content":{"rendered":"<p>Google Drivea -sovellusta voi k\u00e4ytt\u00e4\u00e4 tietokoneelta, selaimelta tai mobiililaitteilta. Palveluun tarvitset google \u2013tunnukset,\u00a0 jotka Vantaan oppilaitoksissa ovat tablet \u2013laitteissa valmiina.<\/p>\n<p><a style=\"color: #333333; text-decoration: underline;\" href=\"https:\/\/www.google.com\/intl\/fi_fi\/drive\/\" target=\"_blank\">Google Driveen<\/a><\/p>\n","protected":false},"excerpt":{"rendered":"<p>Google Drivea -sovellusta voi k\u00e4ytt\u00e4\u00e4 tietokoneelta, selaimelta tai mobiililaitteilta. Palveluun tarvitset google \u2013tunnukset,\u00a0 jotka Vantaan oppilaitoksissa ovat tablet \u2013laitteissa valmiina. Google Driveen<\/p>\n","protected":false},"author":5,"featured_media":0,"parent":0,"menu_order":0,"comment_status":"closed","ping_status":"closed","template":"subpage.php","meta":{"footnotes":"","_links_to":"","_links_to_target":""},"class_list":["post-431","page","type-page","status-publish","hentry"],"_links":{"self":[{"href":"https:\/\/www.verkkovaria.fi\/kestavakehitys\/wp-json\/wp\/v2\/pages\/431","targetHints":{"allow":["GET"]}}],"collection":[{"href":"https:\/\/www.verkkovaria.fi\/kestavakehitys\/wp-json\/wp\/v2\/pages"}],"about":[{"href":"https:\/\/www.verkkovaria.fi\/kestavakehitys\/wp-json\/wp\/v2\/types\/page"}],"author":[{"embeddable":true,"href":"https:\/\/www.verkkovaria.fi\/kestavakehitys\/wp-json\/wp\/v2\/users\/5"}],"replies":[{"embeddable":true,"href":"https:\/\/www.verkkovaria.fi\/kestavakehitys\/wp-json\/wp\/v2\/comments?post=431"}],"version-history":[{"count":4,"href":"https:\/\/www.verkkovaria.fi\/kestavakehitys\/wp-json\/wp\/v2\/pages\/431\/revisions"}],"predecessor-version":[{"id":451,"href":"https:\/\/www.verkkovaria.fi\/kestavakehitys\/wp-json\/wp\/v2\/pages\/431\/revisions\/451"}],"wp:attachment":[{"href":"https:\/\/www.verkkovaria.fi\/kestavakehitys\/wp-json\/wp\/v2\/media?parent=431"}],"curies":[{"name":"wp","href":"https:\/\/api.w.org\/{rel}","templated":true}]}}