{"id":587,"date":"2015-09-04T10:34:19","date_gmt":"2015-09-04T07:34:19","guid":{"rendered":"http:\/\/www.verkkovaria.fi\/kestavakehitys\/?page_id=587"},"modified":"2016-06-28T14:00:36","modified_gmt":"2016-06-28T11:00:36","slug":"teema-2-tuotteen-elinkaari-ja-ymparistovaikutusten-mittarit","status":"publish","type":"page","link":"https:\/\/www.verkkovaria.fi\/kestavakehitys\/teema-2-tuotteen-elinkaari-ja-ymparistovaikutusten-mittarit\/","title":{"rendered":"Teema 2: Tuotteen elinkaari ja ymp\u00e4rist\u00f6vaikutusten mittarit"},"content":{"rendered":"<p><strong>Elinkaariajattelu<\/strong><\/p>\n<p>Tuotteen elinkaari alkaa sen valmistuksesta ja p\u00e4\u00e4ttyy sen k\u00e4yt\u00f6st\u00e4 poistumiseen. Elinkaariarvioinnissa pyrit\u00e4\u00e4n ottamaan huomioon tuotteen aiheuttamat suorat ja ep\u00e4suorat ymp\u00e4rist\u00f6vaikutukset eli valmistuksessa, k\u00e4yt\u00f6ss\u00e4 ja k\u00e4yt\u00f6n j\u00e4lkeen j\u00e4tehuollossa syntyv\u00e4t vaikutukset.<\/p>\n<p>Linkkej\u00e4 elinkaariajattelusta:<\/p>\n<ul>\n<li><a href=\"http:\/\/www.ymparisto.fi\/fi-fi\/kulutus_ja_tuotanto\/Resurssitehokkuus\/Elinkaariajattelu\" target=\"_blank\">Ymp\u00e4rist\u00f6hallinto: elinkaariajattelu<\/a><\/li>\n<li><a href=\"http:\/\/www.ymparistoosaava.fi\/kiinteistonhoitoala\/index.php?k=22521\" target=\"_blank\">Ymp\u00e4rist\u00f6osaava ammattilainen: elinkaariajattelu<\/a><\/li>\n<li><a href=\"https:\/\/ilmasto-opas.fi\/fi\/ilmastonmuutos\/hillinta\/-\/artikkeli\/e25090fe-19b6-40ae-a65b-78b901433a2a\/kestava-tuotesuunnittelu.html\" target=\"_blank\">Ilmasto-opas.fi: kest\u00e4v\u00e4 tuotesuunnittelu<\/a><\/li>\n<\/ul>\n<p>1. Tutustu elinkaariajatteluun ja selvit\u00e4 millaisia vaiheita oman ammattialasi keskeisten tuotteiden valmistukseen kuuluu. Valitkaa ryhm\u00e4n\u00e4 1-3 aloihinne keskeisesti liittyv\u00e4\u00e4 tuotetta ja tehk\u00e4\u00e4 niille elinkaariarvio. \u00a0Jos olet verkkototeutuksen ainoa osallistuja, tee elinkaariarvio yhdelle tuotteelle. Liitt\u00e4k\u00e4\u00e4 mukaan tietonne\/arvionne siit\u00e4<\/p>\n<ul>\n<li>mit\u00e4 luonnonvaroja ja miss\u00e4 vaiheessa tuotteen elinkaaren aikana tarvitaan<\/li>\n<li>miss\u00e4 vaiheessa tuotteen elinkaaren aikana kuluu paljon energiaa<\/li>\n<li>millaisia ymp\u00e4rist\u00f6vaikutuksia tuotteen elinkaaren eri vaiheissa syntyy<\/li>\n<li>miten omalla ammattialallanne voidaan pienent\u00e4\u00e4 luonnonvarojen kulutusta t\u00e4m\u00e4n tuotteen osalta<\/li>\n<\/ul>\n<p>Esitt\u00e4k\u00e4\u00e4 elinkaariarvio esimerkiksi kaaviona, sarjakuvana, taulukkona tai animaationa sovitulla oppimisalustalla m\u00e4\u00e4r\u00e4aikaan menness\u00e4.<\/p>\n<p>Esimerkkej\u00e4 tuotteiden elinkaarista:<\/p>\n<ul>\n<li><a href=\"http:\/\/www.vtt.fi\/files\/sites\/leader\/sanomalehden_ymparistovaikutukset_2010.pdf\" target=\"_blank\">Valtion teknillinen tutkimuskeskus (VTT): sanomalehden elinkaari<\/a><\/li>\n<li>Renkom\u00e4en koulun leiv\u00e4n elinkaari -Youtubevideo<\/li>\n<\/ul>\n<p><strong>Ymp\u00e4rist\u00f6vaikutusten mittareita<\/strong><\/p>\n<p>Tietoa tuotteiden ymp\u00e4rist\u00f6vaikutuksista pyrit\u00e4\u00e4n lis\u00e4\u00e4m\u00e4\u00e4n mm. ymp\u00e4rist\u00f6merkeill\u00e4. Niill\u00e4 pyrit\u00e4\u00e4n ohjaamaan tuotantoa ja kulutusta ymp\u00e4rist\u00f6\u00e4 s\u00e4\u00e4st\u00e4v\u00e4\u00e4n suuntaan. Elinkaarianalyysin lis\u00e4ksi on kehitetty yksinkertaisempia mittareita tietyn tuotteen, toiminnan, palvelun, yksil\u00f6n tai ihmisyhteis\u00f6n ymp\u00e4rist\u00f6vaikutusten arviointiin.<\/p>\n<p>2. Valitse v\u00e4hint\u00e4\u00e4n yksi seuraavista ymp\u00e4rist\u00f6vaikutusten arviointiin k\u00e4ytetyist\u00e4 mittareista:<\/p>\n<ul>\n<li>ekologinen selk\u00e4reppu, MIPS, ekologinen jalanj\u00e4lki, vesijalanj\u00e4lki tai hiilijalanj\u00e4lki<\/li>\n<\/ul>\n<p>Ja v\u00e4hint\u00e4\u00e4n yksi n\u00e4ist\u00e4 tai\u00a0joku muu valitsemasi ymp\u00e4rist\u00f6merkki:<\/p>\n<ul>\n<li>Pohjoismainen ymp\u00e4rist\u00f6merkki (Joutsenmerkki), Luomumerkki, EU:n luomumerkki, Energiamerkki, Reilun kaupan merkki, FSC, PEFC, TCO, MSC, Ecologo tai Bra Milj\u00f6val<\/li>\n<\/ul>\n<p>Selvit\u00e4 itsellesi mit\u00e4 mittari ja merkki tarkoittavat:<\/p>\n<ul>\n<li>mit\u00e4 mittarilla\/merkill\u00e4 voidaan vertailla (tuote, palvelu tms.)<\/li>\n<li>mit\u00e4 ymp\u00e4rist\u00f6vaikutuksia mittari\/merkki ottaa huomioon<\/li>\n<\/ul>\n<p>Lis\u00e4\u00e4 sovitulle oppimisalustalle kysymys valitsemastasi mittarista ja merkist\u00e4 muita opiskelijoita varten. Vastaa itse ainakin kahteen toisen opiskelijan tekem\u00e4\u00e4n kysymykseen. Tarkista ja kommentoi tarvittaessa muiden vastauksia sinun kysymykseesi. Jos olet verkkototeutuksen ainoa osallistuja, tee kysymys kahdesta mittarista ja kahdesta ymp\u00e4rist\u00f6merkist\u00e4 (esit\u00e4 my\u00f6s vastaukset kysymyksiin).<\/p>\n<p>Voit hakea tietoa esim. n\u00e4iden linkkien avulla:<\/p>\n<ul>\n<li><a href=\"http:\/\/www.luontoon.fi\/retkeilynabc\/ymparistovinkit\/ymparistovaikutustenmittarit\" target=\"_blank\">Luontoon.fi: Ymp\u00e4rist\u00f6vaikutusten mittarit (Mets\u00e4hallitus)<\/a><\/li>\n<li><a href=\"http:\/\/www.ymparistoosaava.fi\/ruokapalveluala\/index.php?k=22434\" target=\"_blank\">Ymp\u00e4rist\u00f6osaava ammattilainen: ymp\u00e4rist\u00f6vaikutusten arviointi<\/a><\/li>\n<li><a href=\"http:\/\/www.ymparisto.fi\/fi-fi\/kulutus_ja_tuotanto\/Tuotesuunnittelu_ja_tuotteet\/Elinkaariarviointi_jalanjaljet_ja_panostuotosmalli#Ekologinen jalanj\u00e4lki\" target=\"_blank\">Ymp\u00e4rist\u00f6.fi: jalanj\u00e4ljet (Ymp\u00e4rist\u00f6hallinto)<\/a><\/li>\n<li><a href=\"http:\/\/www.nuortenelama.fi\/elavaa-elamaa\/ymp%C3%A4rist%C3%B6-ja-kuluttaminen\/hiilijalanj%C3%A4lki-807\" target=\"_blank\">Nuorten el\u00e4m\u00e4.fi: hiilijalanj\u00e4lki (Koordinaatti &#8211; Nuorten tieto- ja neuvontaty\u00f6n kehitt\u00e4miskeskus)<\/a><\/li>\n<li><a href=\"http:\/\/www.sll.fi\/mita-me-teemme\/tuotanto-ja-kulutus\/mips\/ekologinen-selkareppu\" target=\"_blank\">Suomen luonnonsuojeluliitto: Mik\u00e4 MIPS?<\/a><\/li>\n<li><a href=\"http:\/\/ilmastodieetti.fi\/Ilmastolaskuri.html\" target=\"_blank\">Ilmastodieetti.fi: hiilijalanj\u00e4lkilaskuri<\/a><\/li>\n<li><a href=\"https:\/\/www.youtube.com\/watch?v=cUsGf3lGAXg&amp;list=PLAe7y05p7EC6lVBJeB3zwibzfvMdlDYDe&amp;index=1\" target=\"_blank\">Youtube-video: Sormus ja selk\u00e4reppu (P\u00e4\u00e4kaupunkiseudun Kierr\u00e4tyskeskus)<\/a><\/li>\n<li><a href=\"http:\/\/www.ymparisto.fi\/fi-fi\/kulutus_ja_tuotanto\/Tuotesuunnittelu_ja_tuotteet\/Ymparistomerkit\" target=\"_blank\">Ymp\u00e4rist\u00f6hallinto: ymp\u00e4rist\u00f6merkit<\/a><\/li>\n<li><a href=\"http:\/\/www.kuluttajaliitto.fi\/tietopankki\/vastuullinenkuluttaminen\/ymparisto-ja-energiamerkit\/\" target=\"_blank\">Kuluttajaliitto: ymp\u00e4rist\u00f6merkit<\/a><\/li>\n<li><a href=\"http:\/\/www.ymparistoosaava.fi\/ruokapalveluala\/index.php?k=22575\" target=\"_blank\">Ymp\u00e4rist\u00f6osaava ammattilainen: ymp\u00e4rist\u00f6merkit<\/a><\/li>\n<\/ul>\n<p><strong>Ymp\u00e4rist\u00f6vaikutusten minimointi<\/strong><\/p>\n<p>3. Selvit\u00e4 mik\u00e4 on ekologinen k\u00e4denj\u00e4lki (handprint). Miten se eroaa jalanj\u00e4lkimittareista?<\/p>\n<p>Palauta esitys sovitulle oppimisalustalle.\u00a0Voit kertoa k\u00e4denj\u00e4ljest\u00e4 haluamallasi tavalla (teksti, kaavio, juliste, miellekartta, sarjakuva, video (maks. 4 min.) tms.).<\/p>\n<p>\t\t\t\t<a href=\"https:\/\/www.flickr.com\/photos\/--sam--\/16146893532\/in\/photolist-qAR3U5-7gbjNH-7f1J3y-87Wyd8-5fqKAG-259WHU-6i3CV1-5DBRPw-8iBqUi-j8ytkf-oTagr-87ZHC9-o7QGEQ-nNdZ6E-8iECrh-4sgZAo-8iBppg-62HmRw-2sMYX6-7hdA-62Hkeh-7fePzz-a2gbVY-8AoThL-8a8C4M-6fc1dy-4K1Qmo-6CeA6J-9s18nz-79Wnwr-6hAiSS-9wj5JN-4eDw5Q-6vJH49-Bn8qM-4jzGkv-23RJ4B-7yrUXt-fdAP9S-8abQVW-7gU1sE-4jhBcN-g11ZbB-7SDL33-79Wp9V-iv2vsR-fbEVw1-5eHTxu-czaue-8a8vM6\" target=\"_self\" itemprop=\"url\"><br \/>\n\t\t\t\t<img decoding=\"async\" src=\"http:\/\/www.verkkovaria.fi\/kestavakehitys\/wp-content\/uploads\/2015\/09\/16146893532_6fb2298a4f_z.jpg\" alt=\"K\u00e4denj\u00e4lki kuurassa (Kuva: Flickr 2014)\" itemprop=\"image\"  \/><br \/>\n\t\t\t\t<\/a><br \/>\n\t\tK\u00e4denj\u00e4lki kuurassa (Kuva: Flickr 2014)<\/p>\n<p><em>Teeman tavoitteena on perehty\u00e4 elinkaariajatteluun, ammattialalla keskeisten tuotteiden elinkaariin, tuotteiden ja palveluiden ymp\u00e4rist\u00f6vaikutuksiin ja vaikutusten mittareihin.<\/em><\/p>\n","protected":false},"excerpt":{"rendered":"<p>Elinkaariajattelu Tuotteen elinkaari alkaa sen valmistuksesta ja p\u00e4\u00e4ttyy sen k\u00e4yt\u00f6st\u00e4 poistumiseen. Elinkaariarvioinnissa pyrit\u00e4\u00e4n ottamaan huomioon tuotteen aiheuttamat suorat ja ep\u00e4suorat ymp\u00e4rist\u00f6vaikutukset eli valmistuksessa, k\u00e4yt\u00f6ss\u00e4 ja k\u00e4yt\u00f6n j\u00e4lkeen j\u00e4tehuollossa syntyv\u00e4t vaikutukset. Linkkej\u00e4 elinkaariajattelusta: Ymp\u00e4rist\u00f6hallinto: elinkaariajattelu Ymp\u00e4rist\u00f6osaava ammattilainen: elinkaariajattelu Ilmasto-opas.fi: kest\u00e4v\u00e4 tuotesuunnittelu 1. Tutustu elinkaariajatteluun ja selvit\u00e4 millaisia vaiheita oman ammattialasi keskeisten tuotteiden valmistukseen kuuluu. Valitkaa ryhm\u00e4n\u00e4 &hellip; <a href=\"https:\/\/www.verkkovaria.fi\/kestavakehitys\/teema-2-tuotteen-elinkaari-ja-ymparistovaikutusten-mittarit\/\">Continued<\/a><\/p>\n","protected":false},"author":3,"featured_media":0,"parent":0,"menu_order":0,"comment_status":"closed","ping_status":"closed","template":"","meta":{"footnotes":"","_links_to":"","_links_to_target":""},"class_list":["post-587","page","type-page","status-publish","hentry"],"_links":{"self":[{"href":"https:\/\/www.verkkovaria.fi\/kestavakehitys\/wp-json\/wp\/v2\/pages\/587","targetHints":{"allow":["GET"]}}],"collection":[{"href":"https:\/\/www.verkkovaria.fi\/kestavakehitys\/wp-json\/wp\/v2\/pages"}],"about":[{"href":"https:\/\/www.verkkovaria.fi\/kestavakehitys\/wp-json\/wp\/v2\/types\/page"}],"author":[{"embeddable":true,"href":"https:\/\/www.verkkovaria.fi\/kestavakehitys\/wp-json\/wp\/v2\/users\/3"}],"replies":[{"embeddable":true,"href":"https:\/\/www.verkkovaria.fi\/kestavakehitys\/wp-json\/wp\/v2\/comments?post=587"}],"version-history":[{"count":15,"href":"https:\/\/www.verkkovaria.fi\/kestavakehitys\/wp-json\/wp\/v2\/pages\/587\/revisions"}],"predecessor-version":[{"id":808,"href":"https:\/\/www.verkkovaria.fi\/kestavakehitys\/wp-json\/wp\/v2\/pages\/587\/revisions\/808"}],"wp:attachment":[{"href":"https:\/\/www.verkkovaria.fi\/kestavakehitys\/wp-json\/wp\/v2\/media?parent=587"}],"curies":[{"name":"wp","href":"https:\/\/api.w.org\/{rel}","templated":true}]}}