{"id":597,"date":"2015-09-04T12:23:49","date_gmt":"2015-09-04T09:23:49","guid":{"rendered":"http:\/\/www.verkkovaria.fi\/kestavakehitys\/?page_id=597"},"modified":"2016-06-28T14:44:47","modified_gmt":"2016-06-28T11:44:47","slug":"teema-4-energia-ja-materiaalitehokkuus","status":"publish","type":"page","link":"https:\/\/www.verkkovaria.fi\/kestavakehitys\/teema-4-energia-ja-materiaalitehokkuus\/","title":{"rendered":"Teema 4: Energia- ja materiaalitehokkuus"},"content":{"rendered":"<p><strong>Energia- ja materiaalitehokkuus<\/strong><\/p>\n<p>Ihminen tarvitsee luonnonvaroja energian, ravinnon ja tuotteiden tuottamiseen.<\/p>\n<p>Materiaalitehokkuudella tarkoitetaan sit\u00e4, ett\u00e4 luonnonvarojen kulutusta v\u00e4hennet\u00e4\u00e4n tuotteen koko elinkaaren aikana. Samalla huolehditaan, ettei tuotteen tai palvelun laatu kuitenkaan huonone, vaan saattaa jopa parantua.<\/p>\n<p>Energiatehokkaalla toiminnalla pyrit\u00e4\u00e4n puolestaan v\u00e4hent\u00e4m\u00e4\u00e4n toimintaan tarvittavaa energiaa tai saamaan samalla energialla enemm\u00e4n aikaan.\u00a0Energiatehokkuus on tehokas keino ilmastonmuutoksen hillitsemiseksi.<\/p>\n<p>Ymp\u00e4rist\u00f6vaikutuksia arvioitaessa otetaan huomioon\u00a0my\u00f6s se, mill\u00e4 tavalla energia on tuotettu ja mitk\u00e4 ovat energiantuotannon hiilidioksidip\u00e4\u00e4st\u00f6t.<\/p>\n<p>Linkkej\u00e4 energia- ja materiaalitehokkuudesta:<\/p>\n<ul>\n<li><a href=\"http:\/\/www.ymparistoosaava.fi\/ruokapalveluala\/index.php?k=22572\" target=\"_blank\">Ymp\u00e4rist\u00f6osaava ammattilainen: hyv\u00e4t hankinnat<\/a><\/li>\n<li><a href=\"http:\/\/www.motiva.fi\/toimialueet\/materiaalitehokkuus\/materiaalitehokkuuden_parantaminen_yrityksissa\" target=\"_blank\">Motiva: materiaalitehokkuus yrityksiss\u00e4<\/a><\/li>\n<li><a href=\"https:\/\/ilmasto-opas.fi\/fi\/ilmastonmuutos\/hillinta\/-\/artikkeli\/38393e35-469e-4b53-8a31-15fbebab897c\/materiaalitehokkuus.html\" target=\"_blank\">Ilmasto-opas: materiaalitehokkuus<\/a><\/li>\n<li><a href=\"http:\/\/ilmasto-opas.fi\/fi\/ilmastonmuutos\/hillinta\/-\/artikkeli\/d88180dc-1fa8-436c-8036-4411ae5ff252\/paastojen-vahentaminen-suomessa.html\" target=\"_blank\">Ilmasto-opas: p\u00e4\u00e4st\u00f6jen v\u00e4hent\u00e4minen Suomessa<\/a><\/li>\n<li><a href=\"http:\/\/www.motivanhankintapalvelu.fi\/hyvan_hankinnan_abc\/miksi_kestava_hankinta_kannattaa\" target=\"_blank\">Motiva: kest\u00e4v\u00e4t hankinnat<\/a><\/li>\n<li><a href=\"https:\/\/www.tem.fi\/energia\/energiatehokkuus\" target=\"_blank\">Ty\u00f6- ja elinkeinoministeri\u00f6: energiatehokkuus<\/a><\/li>\n<li><a href=\"https:\/\/www.yrityssuomi.fi\/materiaalitehokkuus\" target=\"_blank\">Yritys-Suomi: materiaalitehokkuus<\/a><\/li>\n<\/ul>\n<p>&nbsp;<\/p>\n<p><strong>Oman alan tuotteet<\/strong><\/p>\n<p>1. Tarkastele teemassa 2 tehtyj\u00e4 oman ammattialasi tuotteiden elinkaariarvioita. Miten materiaali- ja energiatehokkuutta voitaisiin parantaa n\u00e4iden tuotteiden kohdalla<\/p>\n<ul>\n<li>tuotteen suunnittelussa?<\/li>\n<li>raaka-aineiden hankinnassa?<\/li>\n<li>tuotteen valmistusvaiheessa?<\/li>\n<li>kuljetuksissa?<\/li>\n<li>tuotteen k\u00e4yt\u00f6n aikana?<\/li>\n<li>tuotteen j\u00e4tehuoltovaiheessa?<\/li>\n<\/ul>\n<p>Pohdi my\u00f6s<\/p>\n<ul>\n<li>Miten ja miss\u00e4 vaiheessa tuotteen elinkaarta voi pident\u00e4\u00e4?<\/li>\n<li>Miten ja miss\u00e4 vaiheessa voit ty\u00f6ntekij\u00e4n\u00e4 eniten vaikuttaa?<\/li>\n<\/ul>\n<p>J\u00e4t\u00e4 vastauksesi kysymykseen kommenttina oman ammattialasi tuotteiden elinkaariarvion yhteyteen.<\/p>\n<p><strong>Materiaali- ja energiatehokkuus ty\u00f6paikalla<\/strong><\/p>\n<p>2. Selvit\u00e4 ty\u00f6ss\u00e4oppimispaikassasi\/oppilaitoksen ty\u00f6salissa tai muussa alasi ymp\u00e4rist\u00f6ss\u00e4\u00a0miten materiaali- ja energiatehokkuus\u00a0otetaan huomioon hankinnoissa ja ty\u00f6paikan k\u00e4yt\u00e4nn\u00f6iss\u00e4. Kootkaa havainnoistanne oman alan hyvien k\u00e4yt\u00e4nt\u00f6jen lista sovitulle oppimisalustalle. Kootkaa ainakin 10 hyv\u00e4\u00e4 k\u00e4yt\u00e4nt\u00f6\u00e4. Jos olet verkkototeutuksen ainoa osallistuja, kokoa ainakin 4 hyv\u00e4\u00e4 k\u00e4yt\u00e4nt\u00f6\u00e4.<\/p>\n<p>Jos henkil\u00f6kohtainen tapaaminen tai keskustelu\u00a0puhelimen, s\u00e4hk\u00f6postin tai netin v\u00e4lityksell\u00e4 ei onnistu, voit hakea tietoja yritysten internet-sivuilta.<\/p>\n<p>T\u00e4ss\u00e4 teht\u00e4v\u00e4ss\u00e4 voi olla hy\u00f6ty\u00e4 teemassa 1 k\u00e4sitellyist\u00e4 mittareista ja ymp\u00e4rist\u00f6merkeist\u00e4 ja teemassa 2 k\u00e4sitellyst\u00e4 elinkaariajattelusta.<\/p>\n<p>Kootkaa\u00a0vinkkilista sovitulle oppimisalustalle m\u00e4\u00e4r\u00e4aikaan menness\u00e4.<\/p>\n<p><strong>Energiantuotanto ja luonnonvarojen riitt\u00e4vyys<\/strong><\/p>\n<p>3. Esittele nelj\u00e4 tapaa tuottaa energiaa. Pohdi miten\u00a0uusiutuvien ja uusiutumattomien luonnonvarojen riitt\u00e4vyyteen voidaan vaikuttaa?<\/p>\n<p>Palauta esitys sovitulle oppimisalustalle.\u00a0Voit vastata tekstill\u00e4, kaaviolla, miellekartalla, sarjakuvalla, videolla (maks. 4 min.) tai muulla valitsemallasi tavalla, kunhan n\u00e4k\u00f6kulmasi ja pohdintasi tulevat selv\u00e4ksi.<\/p>\n<p>&nbsp;<\/p>\n<p><em>Teeman tavoitteena on perehty\u00e4 energia- ja materiaalitehokkuuteen omalla ammattialalla.<\/em><\/p>\n","protected":false},"excerpt":{"rendered":"<p>Energia- ja materiaalitehokkuus Ihminen tarvitsee luonnonvaroja energian, ravinnon ja tuotteiden tuottamiseen. Materiaalitehokkuudella tarkoitetaan sit\u00e4, ett\u00e4 luonnonvarojen kulutusta v\u00e4hennet\u00e4\u00e4n tuotteen koko elinkaaren aikana. Samalla huolehditaan, ettei tuotteen tai palvelun laatu kuitenkaan huonone, vaan saattaa jopa parantua. Energiatehokkaalla toiminnalla pyrit\u00e4\u00e4n puolestaan v\u00e4hent\u00e4m\u00e4\u00e4n toimintaan tarvittavaa energiaa tai saamaan samalla energialla enemm\u00e4n aikaan.\u00a0Energiatehokkuus on tehokas keino ilmastonmuutoksen hillitsemiseksi. Ymp\u00e4rist\u00f6vaikutuksia &hellip; <a href=\"https:\/\/www.verkkovaria.fi\/kestavakehitys\/teema-4-energia-ja-materiaalitehokkuus\/\">Continued<\/a><\/p>\n","protected":false},"author":3,"featured_media":0,"parent":0,"menu_order":0,"comment_status":"closed","ping_status":"closed","template":"","meta":{"footnotes":"","_links_to":"","_links_to_target":""},"class_list":["post-597","page","type-page","status-publish","hentry"],"_links":{"self":[{"href":"https:\/\/www.verkkovaria.fi\/kestavakehitys\/wp-json\/wp\/v2\/pages\/597","targetHints":{"allow":["GET"]}}],"collection":[{"href":"https:\/\/www.verkkovaria.fi\/kestavakehitys\/wp-json\/wp\/v2\/pages"}],"about":[{"href":"https:\/\/www.verkkovaria.fi\/kestavakehitys\/wp-json\/wp\/v2\/types\/page"}],"author":[{"embeddable":true,"href":"https:\/\/www.verkkovaria.fi\/kestavakehitys\/wp-json\/wp\/v2\/users\/3"}],"replies":[{"embeddable":true,"href":"https:\/\/www.verkkovaria.fi\/kestavakehitys\/wp-json\/wp\/v2\/comments?post=597"}],"version-history":[{"count":16,"href":"https:\/\/www.verkkovaria.fi\/kestavakehitys\/wp-json\/wp\/v2\/pages\/597\/revisions"}],"predecessor-version":[{"id":813,"href":"https:\/\/www.verkkovaria.fi\/kestavakehitys\/wp-json\/wp\/v2\/pages\/597\/revisions\/813"}],"wp:attachment":[{"href":"https:\/\/www.verkkovaria.fi\/kestavakehitys\/wp-json\/wp\/v2\/media?parent=597"}],"curies":[{"name":"wp","href":"https:\/\/api.w.org\/{rel}","templated":true}]}}