{"id":168,"date":"2015-10-08T12:33:26","date_gmt":"2015-10-08T12:33:26","guid":{"rendered":"http:\/\/www.verkkovaria.fi\/liikenne\/tptl\/?page_id=168"},"modified":"2016-06-16T12:54:33","modified_gmt":"2016-06-16T12:54:33","slug":"teema-4-ajoneuvon-kunto","status":"publish","type":"page","link":"https:\/\/www.verkkovaria.fi\/liikenne\/tptl\/teema-4-ajoneuvon-kunto\/","title":{"rendered":"TEEMA 4: Ajoneuvon kunto"},"content":{"rendered":"<p><strong>Ajoneuvon kunnon yll\u00e4pit\u00e4minen<\/strong><\/p>\n<p>1. Mit\u00e4 toimenpiteit\u00e4 ajoneuvon teknisen elinkaaren pident\u00e4miseen voit tehd\u00e4 a) p\u00e4ivitt\u00e4in b) viikottain c) vuosittain?<\/p>\n<p>2. Mit\u00e4 ajoneuvon\u00a0hoito- ja huoltotoimenpiteit\u00e4 osaat tehd\u00e4? Mit\u00e4 olisi hy\u00f6dyllist\u00e4 osata tai oppia tai mit\u00e4 haluaisit oppia?<\/p>\n<p>3. Laadi lyhyt lista p\u00e4ivitt\u00e4is-, viikottais- ja vuosihuoltotoimenpiteist\u00e4.<\/p>\n<p>Palauta vastaukset sovittuun paikkaan viimeist\u00e4\u00e4n kahden viikon sis\u00e4ll\u00e4 aloittamisesta.<\/p>\n<p>\u00a0<\/p>\n<p>Teema 4 liittyy seuraaviin ammattitaitovaatimuksiin:<\/p>\n<ul>\n<li>trukin toimintaperiaatteet ja tehd\u00e4 p\u00e4ivitt\u00e4iset huoltotoimet<\/li>\n<li>suorittaa ajoonl\u00e4ht\u00f6- ja lopetustoimet<\/li>\n<li>ty\u00f6skennell\u00e4 ergonomisesti sek\u00e4 ymp\u00e4rist\u00f6\u00e4 s\u00e4\u00e4st\u00e4vi\u00e4 ty\u00f6tapoja ja ty\u00f6turvallisuusohjeita noudattaen<\/li>\n<li>ty\u00f6skennell\u00e4 tarkoituksenmukaisesti ja kustannustehokkaasti huolehtien ty\u00f6ymp\u00e4rist\u00f6ns\u00e4 j\u00e4rjestyksest\u00e4 ja siisteydest\u00e4<\/li>\n<\/ul>\n","protected":false},"excerpt":{"rendered":"<p>Ajoneuvon kunnon yll\u00e4pit\u00e4minen 1. Mit\u00e4 toimenpiteit\u00e4 ajoneuvon teknisen elinkaaren pident\u00e4miseen voit tehd\u00e4 a) p\u00e4ivitt\u00e4in b) viikottain c) vuosittain? 2. Mit\u00e4 ajoneuvon\u00a0hoito- ja huoltotoimenpiteit\u00e4 osaat tehd\u00e4? Mit\u00e4 olisi hy\u00f6dyllist\u00e4 osata tai oppia tai mit\u00e4 haluaisit oppia? 3. Laadi lyhyt lista p\u00e4ivitt\u00e4is-, viikottais- ja vuosihuoltotoimenpiteist\u00e4. Palauta vastaukset sovittuun paikkaan viimeist\u00e4\u00e4n kahden viikon sis\u00e4ll\u00e4 aloittamisesta. \u00a0 Teema 4 &hellip; <a href=\"https:\/\/www.verkkovaria.fi\/liikenne\/tptl\/teema-4-ajoneuvon-kunto\/\">Continued<\/a><\/p>\n","protected":false},"author":1,"featured_media":0,"parent":0,"menu_order":0,"comment_status":"closed","ping_status":"closed","template":"","meta":{"footnotes":"","_links_to":"","_links_to_target":""},"class_list":["post-168","page","type-page","status-publish","hentry"],"_links":{"self":[{"href":"https:\/\/www.verkkovaria.fi\/liikenne\/tptl\/wp-json\/wp\/v2\/pages\/168","targetHints":{"allow":["GET"]}}],"collection":[{"href":"https:\/\/www.verkkovaria.fi\/liikenne\/tptl\/wp-json\/wp\/v2\/pages"}],"about":[{"href":"https:\/\/www.verkkovaria.fi\/liikenne\/tptl\/wp-json\/wp\/v2\/types\/page"}],"author":[{"embeddable":true,"href":"https:\/\/www.verkkovaria.fi\/liikenne\/tptl\/wp-json\/wp\/v2\/users\/1"}],"replies":[{"embeddable":true,"href":"https:\/\/www.verkkovaria.fi\/liikenne\/tptl\/wp-json\/wp\/v2\/comments?post=168"}],"version-history":[{"count":13,"href":"https:\/\/www.verkkovaria.fi\/liikenne\/tptl\/wp-json\/wp\/v2\/pages\/168\/revisions"}],"predecessor-version":[{"id":382,"href":"https:\/\/www.verkkovaria.fi\/liikenne\/tptl\/wp-json\/wp\/v2\/pages\/168\/revisions\/382"}],"wp:attachment":[{"href":"https:\/\/www.verkkovaria.fi\/liikenne\/tptl\/wp-json\/wp\/v2\/media?parent=168"}],"curies":[{"name":"wp","href":"https:\/\/api.w.org\/{rel}","templated":true}]}}