{"id":69,"date":"2016-03-18T09:10:39","date_gmt":"2016-03-18T07:10:39","guid":{"rendered":"http:\/\/www.verkkovaria.fi\/opiskelijantuki\/oppimisentuki\/?page_id=69"},"modified":"2016-05-19T08:52:26","modified_gmt":"2016-05-19T05:52:26","slug":"materiaalipankki","status":"publish","type":"page","link":"https:\/\/www.verkkovaria.fi\/opiskelijantuki\/opioppimaan\/materiaalipankki\/","title":{"rendered":"Materiaalipankki"},"content":{"rendered":"<p>T\u00e4\u00e4lt\u00e4 l\u00f6ytyy lis\u00e4linkkej\u00e4 aiheisiin:<\/p>\n<ul>\n<li><a href=\"http:\/\/kalliomaa.net\/opas\/tarkkaavuuden-ja-keskittymisen-hankaluudet.html\" target=\"_blank\">Kalliomaan koulu, tarkkaavuuden ja keskittymisen hankaluudet<\/a><\/li>\n<li><a href=\"http:\/\/kalliomaa.net\/opas\/toiminnanohjauksen-vaikeudet.html\" target=\"_blank\">Kalliomaan koulu, toiminnanohjauksen vaikeudet<\/a><\/li>\n<li><a href=\"http:\/\/www.lukiksero.net\/pdf\/heli-isomaki-ksero-22-11-2011.pdf\" target=\"_blank\">Keski-Uudenmaan erilaiset oppijat ry, Kun hahmottaminen ja keskittyminen on vaikeaa -pdf-tiedosto<\/a><\/li>\n<li><a href=\"http:\/\/www.adhd-liitto.fi\/adhd-tietoa\/tietoa-ammattilaisille\/ohjeita-opettajille\" target=\"_blank\">ADHD-liitto ry, ohjeita opettajalle<\/a><\/li>\n<li><a href=\"http:\/\/www.mll.fi\/nuortennetti\/koulu_ja_tyo\/koulu\/oppimisvaikeudet\/\" target=\"_blank\">Mannerheimin Lastensuojeluliitto, Nuorten netti, oppimisvaikeudet<\/a><\/li>\n<li><a href=\"http:\/\/www.oppimisvaikeus.fi\/doc\/OO_Tunnistuslista.pdf\" target=\"_blank\">Oppimisvaikeus.fi, Oppimisvaikeuksien tunnistuslista -pdf-tiedosto<\/a><\/li>\n<li><a href=\"http:\/\/www.oppimisvaikeus.fi\/doc\/OO_Tunnistuslista_ohje.pdf\" target=\"_blank\">Oppimisvaikeus.fi, Tulkintaohje oppimisvaikeuksien tunnistuslistaa varten -pdf-tiedosto<\/a><\/li>\n<li><a href=\"http:\/\/krimi.fi\/AINEISTO\/oppi_testi.htm\" target=\"_blank\">KRITS, oppimisen pulmien tarkastuslista<\/a><\/li>\n<li><a href=\"http:\/\/www.valmennuskeskus.fi\/oppimisymparisto\/opiskelutekniikat\" target=\"_blank\">Valmennuskeskus, opiskelutekniikat<\/a><\/li>\n<li><a href=\"http:\/\/www.oppimisvaikeus.fi\/teemat\/opiskelukyky\/artikkeli\" target=\"_blank\">Oppimisvaikeus.fi, Mit\u00e4 opiskelukyky on?<\/a><\/li>\n<li><a href=\"http:\/\/www.opioppimaan.fi\/opioppimaan\/oppimisvaikeudet\/perustietoa\/hahmotusvaikeus\" target=\"_blank\">Opi oppimaan, hahmotusvaikeus<\/a><\/li>\n<li><a href=\"http:\/\/www.nmi.fi\/fi\/oppimisvaikeudet\/hahmottaminen\" target=\"_blank\">Niilo M\u00e4ki instituutti, hahmottaminen<\/a><\/li>\n<li><a href=\"https:\/\/helda.helsinki.fi\/handle\/10138\/45445\" target=\"_blank\">Helsingin yliopisto, Helda, matematiikka-ahdistus<\/a><\/li>\n<\/ul>\n","protected":false},"excerpt":{"rendered":"<p>T\u00e4\u00e4lt\u00e4 l\u00f6ytyy lis\u00e4linkkej\u00e4 aiheisiin: Kalliomaan koulu, tarkkaavuuden ja keskittymisen hankaluudet Kalliomaan koulu, toiminnanohjauksen vaikeudet Keski-Uudenmaan erilaiset oppijat ry, Kun hahmottaminen ja keskittyminen on vaikeaa -pdf-tiedosto ADHD-liitto ry, ohjeita opettajalle Mannerheimin Lastensuojeluliitto, Nuorten netti, oppimisvaikeudet Oppimisvaikeus.fi, Oppimisvaikeuksien tunnistuslista -pdf-tiedosto Oppimisvaikeus.fi, Tulkintaohje oppimisvaikeuksien tunnistuslistaa varten -pdf-tiedosto KRITS, oppimisen pulmien tarkastuslista Valmennuskeskus, opiskelutekniikat Oppimisvaikeus.fi, Mit\u00e4 opiskelukyky on? Opi &hellip; <a href=\"https:\/\/www.verkkovaria.fi\/opiskelijantuki\/opioppimaan\/materiaalipankki\/\">Continued<\/a><\/p>\n","protected":false},"author":3,"featured_media":0,"parent":0,"menu_order":0,"comment_status":"closed","ping_status":"closed","template":"","meta":{"footnotes":"","_links_to":"","_links_to_target":""},"class_list":["post-69","page","type-page","status-publish","hentry"],"_links":{"self":[{"href":"https:\/\/www.verkkovaria.fi\/opiskelijantuki\/opioppimaan\/wp-json\/wp\/v2\/pages\/69","targetHints":{"allow":["GET"]}}],"collection":[{"href":"https:\/\/www.verkkovaria.fi\/opiskelijantuki\/opioppimaan\/wp-json\/wp\/v2\/pages"}],"about":[{"href":"https:\/\/www.verkkovaria.fi\/opiskelijantuki\/opioppimaan\/wp-json\/wp\/v2\/types\/page"}],"author":[{"embeddable":true,"href":"https:\/\/www.verkkovaria.fi\/opiskelijantuki\/opioppimaan\/wp-json\/wp\/v2\/users\/3"}],"replies":[{"embeddable":true,"href":"https:\/\/www.verkkovaria.fi\/opiskelijantuki\/opioppimaan\/wp-json\/wp\/v2\/comments?post=69"}],"version-history":[{"count":16,"href":"https:\/\/www.verkkovaria.fi\/opiskelijantuki\/opioppimaan\/wp-json\/wp\/v2\/pages\/69\/revisions"}],"predecessor-version":[{"id":299,"href":"https:\/\/www.verkkovaria.fi\/opiskelijantuki\/opioppimaan\/wp-json\/wp\/v2\/pages\/69\/revisions\/299"}],"wp:attachment":[{"href":"https:\/\/www.verkkovaria.fi\/opiskelijantuki\/opioppimaan\/wp-json\/wp\/v2\/media?parent=69"}],"curies":[{"name":"wp","href":"https:\/\/api.w.org\/{rel}","templated":true}]}}