{"id":61,"date":"2016-01-27T13:06:31","date_gmt":"2016-01-27T13:06:31","guid":{"rendered":"http:\/\/www.verkkovaria.fi\/soster\/hohu\/?page_id=61"},"modified":"2016-06-26T11:11:00","modified_gmt":"2016-06-26T11:11:00","slug":"normaalifloora","status":"publish","type":"page","link":"https:\/\/www.verkkovaria.fi\/soster\/hohu\/?page_id=61","title":{"rendered":"Teht\u00e4v\u00e4 2 Normaalifloora"},"content":{"rendered":"<p>Teht\u00e4v\u00e4n tavoitteena on, ett\u00e4 opiskelija tuntee mikrobien hy\u00f6tyk\u00e4yt\u00f6n mahdollisuudet ja yhteyden puolustus\u00e4rjestelm\u00e4\u00e4n.<\/p>\n<p>Etsi netist\u00e4 artikkeli tai uutinen, joka kertoo jommasta kummasta seuraavasta teemasta:\u00a0normaaliflooran merkitys elimist\u00f6lle tai\u00a0bakteerien hy\u00f6tyk\u00e4ytt\u00f6 sairauksien hoidossa.<\/p>\n<p>Liit\u00e4 artikkelin linkki verkkototeutuksen blogialustalle ja kommentoi artikkelia. Huomioi kommentoinnissa esimerkiksi, mit\u00e4 ajatuksia artikkeli sinussa her\u00e4tti, millainen elimist\u00f6n normaalifloora on, mitk\u00e4 tekij\u00e4t haittaavat normaaliflooraa, mist\u00e4 mikrobeista ja sairaudesta artikkelissa kerrotaan, miten hoitoa toteutetaan jne.<\/p>\n<p>Kommentoi blogialustalla ainakin yhden opiskelijatoverin liitt\u00e4m\u00e4\u00e4 normaalifloora-teeman artikkelia.<\/p>\n","protected":false},"excerpt":{"rendered":"<p>Teht\u00e4v\u00e4n tavoitteena on, ett\u00e4 opiskelija tuntee mikrobien hy\u00f6tyk\u00e4yt\u00f6n mahdollisuudet ja yhteyden puolustus\u00e4rjestelm\u00e4\u00e4n. Etsi netist\u00e4 artikkeli tai uutinen, joka kertoo jommasta kummasta seuraavasta teemasta:\u00a0normaaliflooran merkitys elimist\u00f6lle tai\u00a0bakteerien hy\u00f6tyk\u00e4ytt\u00f6 sairauksien hoidossa. Liit\u00e4 artikkelin linkki verkkototeutuksen blogialustalle ja kommentoi artikkelia. Huomioi kommentoinnissa esimerkiksi, mit\u00e4 ajatuksia artikkeli sinussa her\u00e4tti, millainen elimist\u00f6n normaalifloora on, mitk\u00e4 tekij\u00e4t haittaavat normaaliflooraa, mist\u00e4 mikrobeista &hellip; <a href=\"https:\/\/www.verkkovaria.fi\/soster\/hohu\/?page_id=61\">Continued<\/a><\/p>\n","protected":false},"author":1,"featured_media":0,"parent":0,"menu_order":0,"comment_status":"closed","ping_status":"closed","template":"","meta":{"footnotes":"","_links_to":"","_links_to_target":""},"class_list":["post-61","page","type-page","status-publish","hentry"],"_links":{"self":[{"href":"https:\/\/www.verkkovaria.fi\/soster\/hohu\/index.php?rest_route=\/wp\/v2\/pages\/61","targetHints":{"allow":["GET"]}}],"collection":[{"href":"https:\/\/www.verkkovaria.fi\/soster\/hohu\/index.php?rest_route=\/wp\/v2\/pages"}],"about":[{"href":"https:\/\/www.verkkovaria.fi\/soster\/hohu\/index.php?rest_route=\/wp\/v2\/types\/page"}],"author":[{"embeddable":true,"href":"https:\/\/www.verkkovaria.fi\/soster\/hohu\/index.php?rest_route=\/wp\/v2\/users\/1"}],"replies":[{"embeddable":true,"href":"https:\/\/www.verkkovaria.fi\/soster\/hohu\/index.php?rest_route=%2Fwp%2Fv2%2Fcomments&post=61"}],"version-history":[{"count":16,"href":"https:\/\/www.verkkovaria.fi\/soster\/hohu\/index.php?rest_route=\/wp\/v2\/pages\/61\/revisions"}],"predecessor-version":[{"id":339,"href":"https:\/\/www.verkkovaria.fi\/soster\/hohu\/index.php?rest_route=\/wp\/v2\/pages\/61\/revisions\/339"}],"wp:attachment":[{"href":"https:\/\/www.verkkovaria.fi\/soster\/hohu\/index.php?rest_route=%2Fwp%2Fv2%2Fmedia&parent=61"}],"curies":[{"name":"wp","href":"https:\/\/api.w.org\/{rel}","templated":true}]}}