{"id":120,"date":"2015-10-27T15:50:43","date_gmt":"2015-10-27T13:50:43","guid":{"rendered":"http:\/\/www.verkkovaria.fi\/soster\/laakelaskut\/?page_id=120"},"modified":"2016-06-21T17:47:21","modified_gmt":"2016-06-21T14:47:21","slug":"arviointi","status":"publish","type":"page","link":"https:\/\/www.verkkovaria.fi\/soster\/laakelaskut\/opiskelijalle\/arviointi\/","title":{"rendered":"Arviointi"},"content":{"rendered":"<p>L\u00e4\u00e4kelaskut-verkkototeutus on osa Hoito ja huolenpito -tutkinnon osaa. Hoito- ja huolenpitoty\u00f6n sek\u00e4 l\u00e4\u00e4kehoidon harjoitukset on yksi tutkinnon osan sis\u00e4lt\u00f6. T\u00e4h\u00e4n sis\u00e4lt\u00f6\u00f6n kuuluu my\u00f6s l\u00e4\u00e4kelaskujen osaaminen. Toteutuksesta ei saa erikseen osaamispisteit\u00e4.<\/p>\n<p>L\u00e4\u00e4kelaskut-verkkototeutuksen tavoitteena on ammattitaitovaatimusten mukaan, ett\u00e4<\/p>\n<ul>\n<li>opiskelija osaa toteuttaa l\u00e4\u00e4kehoidon, annostella ja antaa l\u00e4\u00e4kkeet sek\u00e4 tarkkailla niiden vaikutuksia.<\/li>\n<\/ul>\n<p>&nbsp;<\/p>\n<p>Tavoitteena on, ett\u00e4 opit ratkaisemaan l\u00e4\u00e4kkeiden jakamisessa tarvittavia laskuja. Osaat laskea laskuja toistuvasti oikein ja osaat arvioida vastauksen j\u00e4rkevyytt\u00e4.<\/p>\n<p>Osaaminen testataan kokeella joka arvioidaan hyv\u00e4ksytty\/hyl\u00e4tty. Kokeessa on\u00a0 sanallisia l\u00e4\u00e4kelaskuteht\u00e4vi\u00e4. Kokeessa ei saa k\u00e4ytt\u00e4\u00e4 laskinta. Hyv\u00e4ksytyss\u00e4 suorituksessa kaikki teht\u00e4v\u00e4t on ratkaistu oikein. Lis\u00e4ksi toteutuksessa vaaditaan oman l\u00e4\u00e4kelaskuteht\u00e4v\u00e4n tekemist\u00e4 ryhm\u00e4ty\u00f6n\u00e4.<\/p>\n<p>Tutkinnon osan ammattitaitovaatimukset l\u00f6ytyv\u00e4t ePerusteista: <a href=\"https:\/\/eperusteet.opintopolku.fi\/#\/fi\/esitys\/133953\/ops\/tutkinnonosat\/144472\" target=\"_blank\">Sosiaali- ja terveysalan perustutkinto, Hoito ja huolenpito<\/a><\/p>\n","protected":false},"excerpt":{"rendered":"<p>L\u00e4\u00e4kelaskut-verkkototeutus on osa Hoito ja huolenpito -tutkinnon osaa. Hoito- ja huolenpitoty\u00f6n sek\u00e4 l\u00e4\u00e4kehoidon harjoitukset on yksi tutkinnon osan sis\u00e4lt\u00f6. T\u00e4h\u00e4n sis\u00e4lt\u00f6\u00f6n kuuluu my\u00f6s l\u00e4\u00e4kelaskujen osaaminen. Toteutuksesta ei saa erikseen osaamispisteit\u00e4. L\u00e4\u00e4kelaskut-verkkototeutuksen tavoitteena on ammattitaitovaatimusten mukaan, ett\u00e4 opiskelija osaa toteuttaa l\u00e4\u00e4kehoidon, annostella ja antaa l\u00e4\u00e4kkeet sek\u00e4 tarkkailla niiden vaikutuksia. &nbsp; Tavoitteena on, ett\u00e4 opit ratkaisemaan l\u00e4\u00e4kkeiden &hellip; <a href=\"https:\/\/www.verkkovaria.fi\/soster\/laakelaskut\/opiskelijalle\/arviointi\/\">Continued<\/a><\/p>\n","protected":false},"author":2,"featured_media":0,"parent":116,"menu_order":0,"comment_status":"closed","ping_status":"closed","template":"","meta":{"footnotes":"","_links_to":"","_links_to_target":""},"class_list":["post-120","page","type-page","status-publish","hentry"],"_links":{"self":[{"href":"https:\/\/www.verkkovaria.fi\/soster\/laakelaskut\/wp-json\/wp\/v2\/pages\/120","targetHints":{"allow":["GET"]}}],"collection":[{"href":"https:\/\/www.verkkovaria.fi\/soster\/laakelaskut\/wp-json\/wp\/v2\/pages"}],"about":[{"href":"https:\/\/www.verkkovaria.fi\/soster\/laakelaskut\/wp-json\/wp\/v2\/types\/page"}],"author":[{"embeddable":true,"href":"https:\/\/www.verkkovaria.fi\/soster\/laakelaskut\/wp-json\/wp\/v2\/users\/2"}],"replies":[{"embeddable":true,"href":"https:\/\/www.verkkovaria.fi\/soster\/laakelaskut\/wp-json\/wp\/v2\/comments?post=120"}],"version-history":[{"count":13,"href":"https:\/\/www.verkkovaria.fi\/soster\/laakelaskut\/wp-json\/wp\/v2\/pages\/120\/revisions"}],"predecessor-version":[{"id":370,"href":"https:\/\/www.verkkovaria.fi\/soster\/laakelaskut\/wp-json\/wp\/v2\/pages\/120\/revisions\/370"}],"up":[{"embeddable":true,"href":"https:\/\/www.verkkovaria.fi\/soster\/laakelaskut\/wp-json\/wp\/v2\/pages\/116"}],"wp:attachment":[{"href":"https:\/\/www.verkkovaria.fi\/soster\/laakelaskut\/wp-json\/wp\/v2\/media?parent=120"}],"curies":[{"name":"wp","href":"https:\/\/api.w.org\/{rel}","templated":true}]}}