{"id":157,"date":"2015-10-27T15:50:43","date_gmt":"2015-10-27T13:50:43","guid":{"rendered":"http:\/\/www.verkkovaria.fi\/soster\/laakelaskut\/?page_id=157"},"modified":"2016-03-31T12:24:17","modified_gmt":"2016-03-31T09:24:17","slug":"osio-1-pohjatietoa-ja-sanastoa","status":"publish","type":"page","link":"https:\/\/www.verkkovaria.fi\/soster\/laakelaskut\/opiskelijalle\/tehtavat\/osio-1-pohjatietoa-ja-sanastoa\/","title":{"rendered":"Osio 1 &#8211; pohjatietoa ja sanastoa"},"content":{"rendered":"<p>L\u00e4\u00e4kelaskujen ratkaisemiseen tarvitaan tietysti matematematiikan osaamista.\u00a0L\u00e4hdemme liikkeelle siit\u00e4, ett\u00e4 sinulla on\u00a0peruslaskutoimitukset hallinnassa. N\u00e4it\u00e4 ovat yhteen-, v\u00e4hennys-, kerto- ja jakolaskut. Jos koet ne vaikeiksi, sinun kannattaa kerrata niit\u00e4 ennen kuin jatkat eteenp\u00e4in. Tarvittaessa voit saada apua matematiikan opettajalta.<\/p>\n<p>L\u00e4\u00e4kelaskut ovat sanallisia teht\u00e4vi\u00e4. Sinun pit\u00e4\u00e4 ymm\u00e4rt\u00e4\u00e4 sek\u00e4 matemaattista ett\u00e4 l\u00e4\u00e4kesanastoa. Sivun lopussa l\u00f6yd\u00e4t\u00a0sanastolistan, josta voit\u00a0tarkistaa\u00a0joidenkin\u00a0t\u00e4rkeimpien sanojen merkityksi\u00e4.\u00a0Lis\u00e4ksi sinun on\u00a0osattava sanallisten teht\u00e4vien ratkaiseminen. Vinkkej\u00e4\u00a0siit\u00e4 miten voit\u00a0p\u00e4\u00e4st\u00e4 niiden kimppuun\u00a0l\u00f6ytyy alempaa t\u00e4lt\u00e4 sivulta.<\/p>\n<p>L\u00e4\u00e4kelaskuissa on my\u00f6s hallitava yksik\u00f6nmuunnokset ja roomalaiset numerot.<\/p>\n<p>On hyv\u00e4 muistaa, ett\u00e4 teht\u00e4vi\u00e4 voi ratkaista monella eri tavalla. Sivustolla annetaan yksi tai kaksi esimerkkiratkaisua. Voit tietysti itse k\u00e4ytt\u00e4\u00e4 omaa tapaasi ja se hyv\u00e4ksyt\u00e4\u00e4n my\u00f6s kokeessa. Opettaja osaa kyll\u00e4 ohjata teht\u00e4viss\u00e4 vaikka k\u00e4yt\u00e4t omaa tekniikkaasi.<\/p>\n<h1>yksik\u00f6nmuunnokset<\/h1>\n<p>Mitattavat asiat ilmoitetaan aina lukuarvon ja yksik\u00f6n avulla.<\/p>\n<p>L\u00e4\u00e4kelaskuissa vaikuttava aine mitataan yleens\u00e4 painon yksik\u00f6ss\u00e4 gramma ja kerrannaisyksik\u00f6iss\u00e4 milligramma ja mikrogramma. L\u00e4\u00e4kelaskuteht\u00e4viss\u00e4 voi joutua muuttamaan n\u00e4iden v\u00e4lill\u00e4.<\/p>\n<p>\t\t\t\t<img decoding=\"async\" src=\"http:\/\/www.verkkovaria.fi\/soster\/laakelaskut\/wp-content\/uploads\/2015\/10\/Kerrannaisyksikk\u00f61.jpg\" alt=\"Kerrannaisyksikk\u00f6\" itemprop=\"image\"  \/><\/p>\n<h3>yksik\u00f6nmuunnostaulukko<\/h3>\n<table width=\"83%\">\n<tbody>\n<tr>\n<td width=\"9%\">\n<p style=\"text-align: center;\">kilo<\/p>\n<\/td>\n<td width=\"9%\">\n<p style=\"text-align: center;\">hehto<\/p>\n<\/td>\n<td width=\"9%\">\n<p style=\"text-align: center;\">deka<\/p>\n<\/td>\n<td rowspan=\"2\" width=\"15%\">\n<p style=\"text-align: center;\"><strong>perus-yksikk\u00f6<\/strong><\/p>\n<\/td>\n<td width=\"9%\">\n<p style=\"text-align: center;\">desi<\/p>\n<\/td>\n<td width=\"9%\">\n<p style=\"text-align: center;\">sentti<\/p>\n<\/td>\n<td width=\"9%\">\n<p style=\"text-align: center;\">milli<\/p>\n<\/td>\n<td width=\"7%\">\u00a0<\/td>\n<td width=\"7%\">\u00a0<\/td>\n<td width=\"12%\">\n<p style=\"text-align: center;\">mikro<\/p>\n<\/td>\n<\/tr>\n<tr>\n<td width=\"9%\">\n<p style=\"text-align: center;\">k<\/p>\n<\/td>\n<td width=\"9%\">\n<p style=\"text-align: center;\">h<\/p>\n<\/td>\n<td width=\"9%\">\n<p style=\"text-align: center;\">da<\/p>\n<\/td>\n<td width=\"9%\">\n<p style=\"text-align: center;\">d<\/p>\n<\/td>\n<td width=\"9%\">\n<p style=\"text-align: center;\">c<\/p>\n<\/td>\n<td width=\"9%\">\n<p style=\"text-align: center;\">m<\/p>\n<\/td>\n<td width=\"7%\">\u00a0<\/td>\n<td width=\"7%\">\u00a0<\/td>\n<td width=\"12%\">\n<p style=\"text-align: center;\">\u00b5<\/p>\n<\/td>\n<\/tr>\n<tr>\n<td width=\"9%\">\n<p style=\"text-align: center;\">T<\/p>\n<\/td>\n<td width=\"9%\">\n<p style=\"text-align: center;\">S<\/p>\n<\/td>\n<td width=\"9%\">\n<p style=\"text-align: center;\">K<\/p>\n<\/td>\n<td width=\"15%\">\n<p style=\"text-align: center;\"><strong>Y<\/strong><\/p>\n<\/td>\n<td width=\"9%\">\n<p style=\"text-align: center;\">ko<\/p>\n<\/td>\n<td width=\"9%\">\n<p style=\"text-align: center;\">so<\/p>\n<\/td>\n<td width=\"9%\">\n<p style=\"text-align: center;\">to<\/p>\n<\/td>\n<td width=\"7%\">\n<p style=\"text-align: center;\">kto<\/p>\n<\/td>\n<td width=\"7%\">\n<p style=\"text-align: center;\">sto<\/p>\n<\/td>\n<td width=\"12%\">\n<p style=\"text-align: center;\">mo<\/p>\n<\/td>\n<\/tr>\n<tr>\n<td width=\"9%\">\n<p style=\"text-align: center;\">kg<\/p>\n<\/td>\n<td width=\"9%\">\n<p style=\"text-align: center;\">hg<\/p>\n<\/td>\n<td width=\"9%\">\n<p style=\"text-align: center;\">dag<\/p>\n<\/td>\n<td width=\"15%\">\n<p style=\"text-align: center;\"><strong>g<br \/><\/strong><\/p>\n<\/td>\n<td width=\"9%\">\n<p style=\"text-align: center;\">dg<\/p>\n<\/td>\n<td width=\"9%\">\n<p style=\"text-align: center;\">cg<\/p>\n<\/td>\n<td width=\"9%\">\n<p style=\"text-align: center;\">mg<\/p>\n<\/td>\n<td width=\"7%\">\u00a0<\/td>\n<td style=\"text-align: center;\" width=\"7%\">\u00a0<\/td>\n<td width=\"12%\">\n<p style=\"text-align: center;\">\u00b5g<\/p>\n<\/td>\n<\/tr>\n<\/tbody>\n<\/table>\n<p>Yksik\u00f6nmuunnosesimerkki: 0,2 g = 200 mg<\/p>\n<p>Tapa 1: Pieni pilkku l\u00e4htee matkalle l\u00e4ht\u00f6paikkanaan gramma. Tavoitteena on p\u00e4\u00e4st\u00e4 milligrammoihin, joten h\u00e4n l\u00e4htee oikealle p\u00e4in liikkumaan. Pilkku hypp\u00e4isee yhden kerran, toisen ja kolmannenkin ja p\u00e4\u00e4tyy onnellisesti perille. Samalla tavalla pilkku siirtyy lukuarvossa kolme kertaa oikealle, jonka seurauksena lukuarvosta tulee &#8221;0200,&#8221; eli 200.<\/p>\n<p>Tapa 2: Sijoitetaan 0,2 taulukkoon siten, ett\u00e4 ykk\u00f6set ovat gramman kohdalla. Poistetaan pilkku ja lis\u00e4t\u00e4\u00e4n se milligrammasarakkeen j\u00e4lkeen. Lis\u00e4t\u00e4\u00e4n pilkun ja numeroiden v\u00e4liin j\u00e4\u00e4viin sarakkeisiin nollia ja saadaan &#8221;0200,&#8221; eli 200.<\/p>\n<h3>Teht\u00e4vi\u00e4<\/h3>\n<ol>\n<li>Muunna milligrammoiksi<\/li>\n<\/ol>\n<ol>\n<li style=\"font-size: 12px;\" type=\"a\">\u00a04,8 g\u00a0 \u00a0 \u00a0\u00a0 0,0750 g\u00a0\u00a0 \u00a0\u00a0 2,50 g\u00a0\u00a0\u00a0 13,2 g\u00a0\u00a0\u00a0\u00a0 0,59 g\u00a0\u00a0\u00a0\u00a0\u00a0\u00a0 0,08 g<\/li>\n<li style=\"font-size: 12px;\" type=\"a\">\u00a0650 \u00b5g\u00a0\u00a0\u00a0 35 200 \u00b5g\u00a0\u00a0\u00a0 42 \u00b5g\u00a0\u00a0\u00a0\u00a0 800 \u00b5g\u00a0\u00a0\u00a0\u00a02800 \u00b5g \u00a0\u00a0 9 \u00b5g<\/li>\n<li style=\"font-size: 12px;\" type=\"a\">\u00a034 dg\u00a0\u00a0\u00a0 \u00a0 0,77 cg\u00a0\u00a0\u00a0\u00a0\u00a0\u00a0\u00a0 9,2 cg\u00a0\u00a0\u00a0\u00a0 0,5 dg\u00a0\u00a0\u00a0\u00a0 8,23 dg\u00a0\u00a0\u00a0\u00a0 54 cg<\/li>\n<\/ol>\n<ol start=\"2\">\n<li>Muunna grammoiksi<\/li>\n<\/ol>\n<ol>\n<li style=\"font-size: 12px;\" type=\"a\">\u00a0600 mg\u00a0\u00a0 70 mg\u00a0\u00a0 \u00a0\u00a0 450 mg\u00a0\u00a0\u00a0 13,2 mg\u00a0\u00a0 590 mg\u00a0\u00a0\u00a0\u00a0\u00a0 100 mg<\/li>\n<li style=\"font-size: 12px;\" type=\"a\">\u00a034 dg\u00a0\u00a0\u00a0 \u00a0 77 cg\u00a0\u00a0\u00a0\u00a0\u00a0\u00a0\u00a0 9,2 kg\u00a0\u00a0 \u00a0\u00a0 0,5 kg\u00a0\u00a0 \u00a0\u00a0 8,23 dg\u00a0\u00a0 \u00a0 \u00a0 54 cg\u00a0\u00a0\u00a0\u00a0 <\/li>\n<\/ol>\n<ol start=\"3\">\n<li>Muunna mikrogrammoiksi<\/li>\n<\/ol>\n<ol>\n<li style=\"font-size: 12px;\" type=\"a\"> 2 mg 32,3 mg 0,42 mg 0,800 mg 2,80 mg 0,1 mg<\/li>\n<\/ol>\n<ol start=\"4\">\n<li>Kumpi on suurempi?<\/li>\n<\/ol>\n<ol>\n<li style=\"font-size: 12px;\" type=\"a\">\u00a04,8 g\u00a0 \u00a0 \u00a0 \u00a0\u00a0 750 mg<\/li>\n<li style=\"font-size: 12px;\" type=\"a\">\u00a02,50 mg \u00a0\u00a0 13 200 \u00b5g<\/li>\n<\/ol>\n<h1>Roomalaiset numerot<\/h1>\n<p>Historiallisista syist\u00e4 osa l\u00e4\u00e4k\u00e4reist\u00e4 k\u00e4ytt\u00e4\u00e4 roomalaisia numeroita\u00a0 kirjoittaesaan l\u00e4\u00e4kereseptiin annosm\u00e4\u00e4r\u00e4n ja tablettien lukum\u00e4\u00e4r\u00e4n. T\u00e4m\u00e4n vuoksi ne pit\u00e4\u00e4 oppia.<\/p>\n<p>Roomalaiset numerot perustuvat kirjaimiin, joita on seitsem\u00e4n kappaletta. Niiden toimintatapa on erilainen kuin meid\u00e4n, jonka vuoksi niit\u00e4 voi olla aluksi vaikea ymm\u00e4rt\u00e4\u00e4.<\/p>\n<p>I = 1, V = 5, X = 10, L = 50, C = 100, D = 500, M = 1000<\/p>\n<p>Jos on useampi kirjain ne lasketaan yhteen. Esimerkiksi LXI = 50 + 5 + 1 = 61. Poikkeuksena ovat numerot 4 ja 9, jotka lasketaan v\u00e4hent\u00e4m\u00e4ll\u00e4: IV = 4, IX = 9, XL = 40, XC = 90, CD = 400, CM = 900 ja n\u00e4iden yhdistelm\u00e4t.<\/p>\n<p><em>Esimerkki:<\/em> MMCDXCVIII<\/p>\n<ol>\n<li>1000\u00a0 1000 \u00a0 100\u00a0 500\u00a0 10\u00a0 100 \u00a0 5\u00a0 1\u00a0 1\u00a0 1<\/li>\n<li>1000\u00a0 1000 | 100\u00a0 500 | 10\u00a0 100 | 5\u00a0 1\u00a0 1\u00a0 1<\/li>\n<li>\u00a0\u00a0\u00a0\u00a0\u00a0 2000\u00a0\u00a0\u00a0\u00a0 |\u00a0\u00a0\u00a0\u00a0 400\u00a0\u00a0\u00a0\u00a0 | \u00a0 \u00a0 90\u00a0\u00a0\u00a0 |\u00a0\u00a0\u00a0\u00a0\u00a0 8<\/li>\n<li>\u00a0\u00a0\u00a0\u00a0\u00a0 2000 \u00a0\u00a0 + \u00a0 \u00a0 400\u00a0\u00a0\u00a0 +\u00a0\u00a0\u00a0\u00a0 90\u00a0\u00a0 +\u00a0\u00a0\u00a0\u00a0 8\u00a0\u00a0\u00a0\u00a0\u00a0\u00a0\u00a0 = 2498<\/li>\n<\/ol>\n<ol>\n<li>Muunna kirjaimet numeroiksi.<\/li>\n<li>Ryhmittele ykk\u00f6set, kymmenet, sadat ja tuhannet, siten, ett\u00e4 laitat viivan aina ensimm\u00e4sen ykk\u00f6sen, esimm\u00e4isen kymmenen ja ensimm\u00e4isen sadan eteen. Esimerkiksi ensimm\u00e4inen ykk\u00f6sluku on 5 -&gt; sen eteen viiva, ensimm\u00e4inen kymmenluku on 10 -&gt; viiva sen eteen<\/li>\n<li>Laske ryhmitt\u00e4in yhteen. Huomioi poikkeuset eli 4 ja 9<\/li>\n<li>Laske yhteen.<\/li>\n<\/ol>\n<h3>Teht\u00e4vi\u00e4<\/h3>\n<p>Muunna roomalaiset numerot<\/p>\n<p>IV<br \/>IX<br \/>VII<br \/>XVIII<br \/>LIII<\/p>\n<p>XCVI<br \/>XL<br \/>CD<br \/>XLIV<br \/>CDII<\/p>\n<p>XXXIX<br \/>CXC<br \/>MCXI<br \/>CMX<br \/>CCXLIX<\/p>\n<p>DXLIV<br \/>CLXXX<br \/>MCMXCVIII<br \/>CCXCIX<br \/>MMXVI<\/p>\n<p>Muunna roomalaisiksi numeroiksi<\/p>\n<p>34<\/p>\n<p>99<\/p>\n<p>365<\/p>\n<p>1989<\/p>\n<h1>sanalliset teht\u00e4v\u00e4t<\/h1>\n<p>L\u00e4\u00e4kelaskuissa on paljon uusia ja outoja sanoja niin l\u00e4\u00e4kkeiden ja vaikuttavien aineiden nimiss\u00e4 ja l\u00e4\u00e4kkeiden annostukseen ja antamiseen liittyen. Kannattaa poimia teht\u00e4v\u00e4st\u00e4 olennaisimmat tiedot ja vasta sen j\u00e4lkeen l\u00e4hte\u00e4 laskemaan niill\u00e4.<\/p>\n<p>Tepolle on m\u00e4\u00e4r\u00e4tty pratsosiinia\u00a04\u00a0mg\/vrk jaettuna kahteen antokertaan. Paljonko l\u00e4\u00e4kett\u00e4 annat kun yhdess\u00e4 tabletissa on 1\u00a0mg pratsosiinia?<\/p>\n<p><em>Esimerkki 1:<\/em> V\u00e4rit\u00e4 (tai alleviivaa ja\/tai ympyr\u00f6i) eriv\u00e4risill\u00e4 kynill\u00e4 numerot ja yksik\u00f6t. N\u00e4in ne on helpompi n\u00e4hd\u00e4.<br \/>Tepolle on m\u00e4\u00e4r\u00e4tty pratsosiinia\u00a04\u00a0mg\/vrk jaettuna kahteen antokertaan. Paljonko l\u00e4\u00e4kett\u00e4 annat kun yhdess\u00e4 tabletissa on 1\u00a0mg pratsosiinia?<\/p>\n<p><em>Esimerkki 2:<\/em> Opettele mit\u00e4 tietoja tarvitset kuhunkin teht\u00e4v\u00e4tyyppiin ja kirjoita ne vihkoon teht\u00e4v\u00e4n alkuun.<br \/>m\u00e4\u00e4r\u00e4ys: 4 mg\/vrk jaettuna kahteen antokertaan<br \/>pitoisuus: 1 mg\/tabl<\/p>\n<h1>sanastoa<\/h1>\n<p>T\u00e4ss\u00e4 on lista muutamista l\u00e4\u00e4kkeen jakoon ja antoon liittyvist\u00e4 sanoista ja lyhenteist\u00e4.<\/p>\n<p>vaikuttava aine<\/p>\n<p>l\u00e4\u00e4keaine<\/p>\n<p>pitoisuus<\/p>\n<p>vahvuus<\/p>\n<p>ky<\/p>\n<p>IU<\/p>\n<p>U<\/p>\n<p>tabl.<\/p>\n<p>kaps.<\/p>\n<p>gtt<\/p>\n<p>supp.<\/p>\n<p>D.S.<\/p>\n<p>s.c.<\/p>\n<p>i.m.<\/p>\n<p>i.v.<\/p>\n<p>i.s.<\/p>\n<p>p.o.<\/p>\n<p>per os.<\/p>\n<p>aine jonka tarkoituksena on parantaa, lievitt\u00e4\u00e4 tai ehk\u00e4ist\u00e4 sairautta tai sen oireita<\/p>\n<p>aine jonka tarkoituksena on parantaa, lievitt\u00e4\u00e4 tai ehk\u00e4ist\u00e4 sairautta tai sen oireita<\/p>\n<p>paljonko l\u00e4\u00e4kkeess\u00e4 on vaikuttavaa ainetta<\/p>\n<p>paljonko l\u00e4\u00e4kkeess\u00e4 on vaikuttavaa ainetta<\/p>\n<p>kansainv\u00e4linen yksikk\u00f6<\/p>\n<p>kansainv\u00e4linen yksikk\u00f6. Lyhenne sanoista international unit.<\/p>\n<p>kansainv\u00e4linen yksikk\u00f6. Lyhenne sanasta unit.<\/p>\n<p>tabletti<\/p>\n<p>kapseli<\/p>\n<p>tippa. Sana tulee latinan kielen sanasta gutta joka tarkoittaa tippaa.<\/p>\n<p>per\u00e4puikko. Lyhenne\u00a0sanasta suppositorio.<\/p>\n<p>anna, varusta k\u00e4ytt\u00f6ohjeella<\/p>\n<p>ihonalainen<\/p>\n<p>lihaksen sis\u00e4inen<\/p>\n<p>laskimonsis\u00e4inen<\/p>\n<p>selk\u00e4rangan sis\u00e4inen<\/p>\n<p>suun kautta<\/p>\n<p>suun kautta<\/p>\n","protected":false},"excerpt":{"rendered":"<p>L\u00e4\u00e4kelaskujen ratkaisemiseen tarvitaan tietysti matematematiikan osaamista.\u00a0L\u00e4hdemme liikkeelle siit\u00e4, ett\u00e4 sinulla on\u00a0peruslaskutoimitukset hallinnassa. N\u00e4it\u00e4 ovat yhteen-, v\u00e4hennys-, kerto- ja jakolaskut. Jos koet ne vaikeiksi, sinun kannattaa kerrata niit\u00e4 ennen kuin jatkat eteenp\u00e4in. Tarvittaessa voit saada apua matematiikan opettajalta. L\u00e4\u00e4kelaskut ovat sanallisia teht\u00e4vi\u00e4. Sinun pit\u00e4\u00e4 ymm\u00e4rt\u00e4\u00e4 sek\u00e4 matemaattista ett\u00e4 l\u00e4\u00e4kesanastoa. Sivun lopussa l\u00f6yd\u00e4t\u00a0sanastolistan, josta voit\u00a0tarkistaa\u00a0joidenkin\u00a0t\u00e4rkeimpien sanojen merkityksi\u00e4.\u00a0Lis\u00e4ksi &hellip; <a href=\"https:\/\/www.verkkovaria.fi\/soster\/laakelaskut\/opiskelijalle\/tehtavat\/osio-1-pohjatietoa-ja-sanastoa\/\">Continued<\/a><\/p>\n","protected":false},"author":2,"featured_media":0,"parent":155,"menu_order":0,"comment_status":"closed","ping_status":"closed","template":"","meta":{"footnotes":"","_links_to":"","_links_to_target":""},"class_list":["post-157","page","type-page","status-publish","hentry"],"_links":{"self":[{"href":"https:\/\/www.verkkovaria.fi\/soster\/laakelaskut\/wp-json\/wp\/v2\/pages\/157","targetHints":{"allow":["GET"]}}],"collection":[{"href":"https:\/\/www.verkkovaria.fi\/soster\/laakelaskut\/wp-json\/wp\/v2\/pages"}],"about":[{"href":"https:\/\/www.verkkovaria.fi\/soster\/laakelaskut\/wp-json\/wp\/v2\/types\/page"}],"author":[{"embeddable":true,"href":"https:\/\/www.verkkovaria.fi\/soster\/laakelaskut\/wp-json\/wp\/v2\/users\/2"}],"replies":[{"embeddable":true,"href":"https:\/\/www.verkkovaria.fi\/soster\/laakelaskut\/wp-json\/wp\/v2\/comments?post=157"}],"version-history":[{"count":10,"href":"https:\/\/www.verkkovaria.fi\/soster\/laakelaskut\/wp-json\/wp\/v2\/pages\/157\/revisions"}],"predecessor-version":[{"id":360,"href":"https:\/\/www.verkkovaria.fi\/soster\/laakelaskut\/wp-json\/wp\/v2\/pages\/157\/revisions\/360"}],"up":[{"embeddable":true,"href":"https:\/\/www.verkkovaria.fi\/soster\/laakelaskut\/wp-json\/wp\/v2\/pages\/155"}],"wp:attachment":[{"href":"https:\/\/www.verkkovaria.fi\/soster\/laakelaskut\/wp-json\/wp\/v2\/media?parent=157"}],"curies":[{"name":"wp","href":"https:\/\/api.w.org\/{rel}","templated":true}]}}