{"id":16,"date":"2016-04-27T11:01:04","date_gmt":"2016-04-27T08:01:04","guid":{"rendered":"http:\/\/www.verkkovaria.fi\/soster\/osaamisalojenvalinnaiset\/vanhustenkotihoito\/?page_id=16"},"modified":"2017-01-18T12:17:42","modified_gmt":"2017-01-18T10:17:42","slug":"opiskeluprosessi","status":"publish","type":"page","link":"https:\/\/www.verkkovaria.fi\/soster\/osaamisalojenvalinnaiset\/vanhustenkotihoito\/opiskeluprosessi\/","title":{"rendered":"Opiskeluprosessi"},"content":{"rendered":"<p>TERVETULOA MUKAAN!<br \/>\nKun haluat opiskella Vanhusten kotihoito ja huolenpito tutkinnonosan verkkototeutusta, ota yhteys vastaavaan opettajaan.<br \/>\nYhteystiedot ovat:<\/p>\n<p style=\"padding-left: 30px\">Terhi Pesonen\u00a0 <em>terhi.pesonen@eduvantaa.fi<\/em> tai<br \/>\nOuti Laitala\u00a0 <em>outi.laitala@eduvantaa.fi<\/em><\/p>\n<p>Voit my\u00f6s olla yhteydess\u00e4 opinto-ohjaajaan tai ryhm\u00e4nohjaajaan, jotka ohjaavat sinua opinnoissasi eteenp\u00e4in.<\/p>\n<p><strong>Eteneminen:<\/strong><\/p>\n<p>Sinulla tulee olla hyv\u00e4ksytysti suoritettuna Hoidon ja huolenpidon tutkinnon osa ennen Vanhusten kotihoidon ja huolenpidon tutkintotilaisuutta tai ammattiosaamisen n\u00e4ytt\u00f6\u00e4. Opinnot suoritetaan joko kokonaan verkko-opiskeluna tai opettajan ohjeiden mukaan osana l\u00e4hiopetusta. Verkkototeutuksen teht\u00e4v\u00e4t l\u00f6yd\u00e4t teht\u00e4v\u00e4osiosta. Teht\u00e4vien tekemiseen tarvitset ty\u00f6paikkaohjaajan ohjausta.<\/p>\n<p>T\u00e4m\u00e4 verkkototeutus on jaettu 12 teemaan, joiden alta l\u00f6yd\u00e4t kuhunkin teemaan liittyv\u00e4t teht\u00e4v\u00e4t. Teemat l\u00f6ytyv\u00e4t Opiskelijalle-valikosta. Kun olet saanut yhden teeman teht\u00e4v\u00e4t tehty\u00e4 voit palauttaa ne Fronteriin Vanhusten kotihoito ja huolenpito verkkokurssin huoneeseen palautuskansioon tai muuhun sovittuun paikkaan. Palautuskansiot on nimetty samojen teemojen mukaan.<\/p>\n<p>Vanhusten kotihoito ja huolenpito verkkototeutuksen teht\u00e4vien lis\u00e4ksi osallistut l\u00e4\u00e4kehoidon, l\u00e4\u00e4kelaskujen ja hoitosuunnitelma -aineistokokeeseen sek\u00e4 valmistaudut tutkintotilaisuuteen tai ammattiosaamisen n\u00e4ytt\u00f6\u00f6n ty\u00f6ss\u00e4oppimisjaksolla kotihoidossa tai palvelutalossa. Ota yhteytt\u00e4 opettajaasi kun haluat osallistua kokeisiin.<\/p>\n<p>&nbsp;<\/p>\n","protected":false},"excerpt":{"rendered":"<p>TERVETULOA MUKAAN! Kun haluat opiskella Vanhusten kotihoito ja huolenpito tutkinnonosan verkkototeutusta, ota yhteys vastaavaan opettajaan. Yhteystiedot ovat: Terhi Pesonen\u00a0 terhi.pesonen@eduvantaa.fi tai Outi Laitala\u00a0 outi.laitala@eduvantaa.fi Voit my\u00f6s olla yhteydess\u00e4 opinto-ohjaajaan tai ryhm\u00e4nohjaajaan, jotka ohjaavat sinua opinnoissasi eteenp\u00e4in. Eteneminen: Sinulla tulee olla hyv\u00e4ksytysti suoritettuna Hoidon ja huolenpidon tutkinnon osa ennen Vanhusten kotihoidon ja huolenpidon tutkintotilaisuutta tai ammattiosaamisen &hellip; <a href=\"https:\/\/www.verkkovaria.fi\/soster\/osaamisalojenvalinnaiset\/vanhustenkotihoito\/opiskeluprosessi\/\">Continued<\/a><\/p>\n","protected":false},"author":2,"featured_media":0,"parent":0,"menu_order":0,"comment_status":"closed","ping_status":"closed","template":"","meta":{"footnotes":"","_links_to":"","_links_to_target":""},"class_list":["post-16","page","type-page","status-publish","hentry"],"_links":{"self":[{"href":"https:\/\/www.verkkovaria.fi\/soster\/osaamisalojenvalinnaiset\/vanhustenkotihoito\/wp-json\/wp\/v2\/pages\/16","targetHints":{"allow":["GET"]}}],"collection":[{"href":"https:\/\/www.verkkovaria.fi\/soster\/osaamisalojenvalinnaiset\/vanhustenkotihoito\/wp-json\/wp\/v2\/pages"}],"about":[{"href":"https:\/\/www.verkkovaria.fi\/soster\/osaamisalojenvalinnaiset\/vanhustenkotihoito\/wp-json\/wp\/v2\/types\/page"}],"author":[{"embeddable":true,"href":"https:\/\/www.verkkovaria.fi\/soster\/osaamisalojenvalinnaiset\/vanhustenkotihoito\/wp-json\/wp\/v2\/users\/2"}],"replies":[{"embeddable":true,"href":"https:\/\/www.verkkovaria.fi\/soster\/osaamisalojenvalinnaiset\/vanhustenkotihoito\/wp-json\/wp\/v2\/comments?post=16"}],"version-history":[{"count":23,"href":"https:\/\/www.verkkovaria.fi\/soster\/osaamisalojenvalinnaiset\/vanhustenkotihoito\/wp-json\/wp\/v2\/pages\/16\/revisions"}],"predecessor-version":[{"id":296,"href":"https:\/\/www.verkkovaria.fi\/soster\/osaamisalojenvalinnaiset\/vanhustenkotihoito\/wp-json\/wp\/v2\/pages\/16\/revisions\/296"}],"wp:attachment":[{"href":"https:\/\/www.verkkovaria.fi\/soster\/osaamisalojenvalinnaiset\/vanhustenkotihoito\/wp-json\/wp\/v2\/media?parent=16"}],"curies":[{"name":"wp","href":"https:\/\/api.w.org\/{rel}","templated":true}]}}