{"id":24,"date":"2016-04-27T11:13:09","date_gmt":"2016-04-27T08:13:09","guid":{"rendered":"http:\/\/www.verkkovaria.fi\/soster\/osaamisalojenvalinnaiset\/vanhustenkotihoito\/?page_id=24"},"modified":"2016-12-14T10:59:34","modified_gmt":"2016-12-14T08:59:34","slug":"1-kasitteet","status":"publish","type":"page","link":"https:\/\/www.verkkovaria.fi\/soster\/osaamisalojenvalinnaiset\/vanhustenkotihoito\/1-kasitteet\/","title":{"rendered":"1. K\u00e4sitteet"},"content":{"rendered":"<p>Selvit\u00e4 Kehittyv\u00e4 kotihoito -kirjasta seuraavaat k\u00e4sitteet. K\u00e4yt\u00e4 tarvittaessa apuna my\u00f6s esimerkiksi Vantaan kaupungin kotihoidon kriteereit\u00e4 ja \/ tai Erikoistu vanhusty\u00f6h\u00f6n -kirjaa.<\/p>\n<p>Kotihoitoon liittyv\u00e4t k\u00e4sitteet<br \/>\n1. Kotihoito<br \/>\n2. S\u00e4\u00e4nn\u00f6llinen kotihoito<br \/>\n3. Tilap\u00e4inen kotihoito<br \/>\n4. Satunnainen kotihoito<br \/>\n5. Tehostettu kotihoito<br \/>\n6. Tukipalvelut<br \/>\n7. Kotisairaalahoito<br \/>\n8. Asumispalvelut<br \/>\n9. P\u00e4iv\u00e4toiminta<br \/>\n10. Tehostettu palveluasuminen<br \/>\n11. Tuettu palveluasuminen<br \/>\n12. Ennaltaehk\u00e4isev\u00e4t kotik\u00e4ynnit<br \/>\n13. Palvelusuunnitelma<br \/>\n14. HoPaSu<br \/>\n15. PaHoSU<br \/>\n16. PaSu<br \/>\n17. Sairaanhoitokorvaukset<br \/>\n18.L\u00e4\u00e4kekorvaukset<br \/>\n19. Matkakorvaukset<br \/>\n20. Terveydenhuollon maksukatto<br \/>\n21. L\u00e4\u00e4kekustannusten katto<br \/>\n22. Taksikorvaukset<br \/>\n23. Hoitop\u00e4iv\u00e4t sairaalassa, maksukatto<br \/>\n24. L\u00e4\u00e4kekustannusten katto<br \/>\n25. Palveluseteli<br \/>\n26. Ravitsemushoito<br \/>\n27. Vajaaravitsemus<br \/>\n28. Virheravitsemus<br \/>\n29. Yll\u00e4pitosiivous<\/p>\n","protected":false},"excerpt":{"rendered":"<p>Selvit\u00e4 Kehittyv\u00e4 kotihoito -kirjasta seuraavaat k\u00e4sitteet. K\u00e4yt\u00e4 tarvittaessa apuna my\u00f6s esimerkiksi Vantaan kaupungin kotihoidon kriteereit\u00e4 ja \/ tai Erikoistu vanhusty\u00f6h\u00f6n -kirjaa. Kotihoitoon liittyv\u00e4t k\u00e4sitteet 1. Kotihoito 2. S\u00e4\u00e4nn\u00f6llinen kotihoito 3. Tilap\u00e4inen kotihoito 4. Satunnainen kotihoito 5. Tehostettu kotihoito 6. Tukipalvelut 7. Kotisairaalahoito 8. Asumispalvelut 9. P\u00e4iv\u00e4toiminta 10. Tehostettu palveluasuminen 11. Tuettu palveluasuminen 12. Ennaltaehk\u00e4isev\u00e4t kotik\u00e4ynnit &hellip; <a href=\"https:\/\/www.verkkovaria.fi\/soster\/osaamisalojenvalinnaiset\/vanhustenkotihoito\/1-kasitteet\/\">Continued<\/a><\/p>\n","protected":false},"author":2,"featured_media":0,"parent":0,"menu_order":0,"comment_status":"closed","ping_status":"closed","template":"","meta":{"footnotes":"","_links_to":"","_links_to_target":""},"class_list":["post-24","page","type-page","status-publish","hentry"],"_links":{"self":[{"href":"https:\/\/www.verkkovaria.fi\/soster\/osaamisalojenvalinnaiset\/vanhustenkotihoito\/wp-json\/wp\/v2\/pages\/24","targetHints":{"allow":["GET"]}}],"collection":[{"href":"https:\/\/www.verkkovaria.fi\/soster\/osaamisalojenvalinnaiset\/vanhustenkotihoito\/wp-json\/wp\/v2\/pages"}],"about":[{"href":"https:\/\/www.verkkovaria.fi\/soster\/osaamisalojenvalinnaiset\/vanhustenkotihoito\/wp-json\/wp\/v2\/types\/page"}],"author":[{"embeddable":true,"href":"https:\/\/www.verkkovaria.fi\/soster\/osaamisalojenvalinnaiset\/vanhustenkotihoito\/wp-json\/wp\/v2\/users\/2"}],"replies":[{"embeddable":true,"href":"https:\/\/www.verkkovaria.fi\/soster\/osaamisalojenvalinnaiset\/vanhustenkotihoito\/wp-json\/wp\/v2\/comments?post=24"}],"version-history":[{"count":14,"href":"https:\/\/www.verkkovaria.fi\/soster\/osaamisalojenvalinnaiset\/vanhustenkotihoito\/wp-json\/wp\/v2\/pages\/24\/revisions"}],"predecessor-version":[{"id":255,"href":"https:\/\/www.verkkovaria.fi\/soster\/osaamisalojenvalinnaiset\/vanhustenkotihoito\/wp-json\/wp\/v2\/pages\/24\/revisions\/255"}],"wp:attachment":[{"href":"https:\/\/www.verkkovaria.fi\/soster\/osaamisalojenvalinnaiset\/vanhustenkotihoito\/wp-json\/wp\/v2\/media?parent=24"}],"curies":[{"name":"wp","href":"https:\/\/api.w.org\/{rel}","templated":true}]}}