{"id":68,"date":"2016-04-27T13:10:51","date_gmt":"2016-04-27T10:10:51","guid":{"rendered":"http:\/\/www.verkkovaria.fi\/soster\/osaamisalojenvalinnaiset\/vanhustenkotihoito\/?page_id=68"},"modified":"2016-11-17T10:39:06","modified_gmt":"2016-11-17T08:39:06","slug":"6-kirjaaminen","status":"publish","type":"page","link":"https:\/\/www.verkkovaria.fi\/soster\/osaamisalojenvalinnaiset\/vanhustenkotihoito\/6-kirjaaminen\/","title":{"rendered":"6. Kirjaaminen"},"content":{"rendered":"<p>K\u00e4yt\u00e4 seuraavissa teht\u00e4viss\u00e4 apuna Kehittyv\u00e4 kotihoito -kirjaa ja Erikoistu vanhusty\u00f6h\u00f6n -kirjaa.<\/p>\n<p>a) Mitk\u00e4 ovat kirjaamisen tavoitteet ja kirjaamiseen liittyv\u00e4t ongelmat kotihoidossa?<\/p>\n<p>b) Mit\u00e4 potilaan suostumuksesta sanotaan <a href=\"http:\/\/www.finlex.fi\/fi\/laki\/ajantasa\/2007\/20070159\">laissa sosiaali- ja terveydenhuollon asiakastietojen s\u00e4hk\u00f6isest\u00e4 k\u00e4sittelyst\u00e4?<\/a><\/p>\n<p>c) Mitk\u00e4 ovat yleiset hyv\u00e4n kirjaamisen periaatteet?<\/p>\n<p>d) Mit\u00e4 dokumentteja\/asioita kirjataan kotihoidon loppuessa?<\/p>\n<p>e) Lue kanta.fi sivustolta <a href=\"https:\/\/verkkokoulut.thl.fi\/fi\/web\/kanta\/tietoturva\/sisallot\">Tietojen turvallinen k\u00e4ytt\u00f6<\/a> verkkokoulun kaikki osa-alueet ja tee testi koulussa sovitusti. Saat todistuksen koulusta suoritetusta testist\u00e4.<\/p>\n","protected":false},"excerpt":{"rendered":"<p>K\u00e4yt\u00e4 seuraavissa teht\u00e4viss\u00e4 apuna Kehittyv\u00e4 kotihoito -kirjaa ja Erikoistu vanhusty\u00f6h\u00f6n -kirjaa. a) Mitk\u00e4 ovat kirjaamisen tavoitteet ja kirjaamiseen liittyv\u00e4t ongelmat kotihoidossa? b) Mit\u00e4 potilaan suostumuksesta sanotaan laissa sosiaali- ja terveydenhuollon asiakastietojen s\u00e4hk\u00f6isest\u00e4 k\u00e4sittelyst\u00e4? c) Mitk\u00e4 ovat yleiset hyv\u00e4n kirjaamisen periaatteet? d) Mit\u00e4 dokumentteja\/asioita kirjataan kotihoidon loppuessa? e) Lue kanta.fi sivustolta Tietojen turvallinen k\u00e4ytt\u00f6 verkkokoulun kaikki &hellip; <a href=\"https:\/\/www.verkkovaria.fi\/soster\/osaamisalojenvalinnaiset\/vanhustenkotihoito\/6-kirjaaminen\/\">Continued<\/a><\/p>\n","protected":false},"author":2,"featured_media":0,"parent":0,"menu_order":0,"comment_status":"closed","ping_status":"closed","template":"","meta":{"footnotes":"","_links_to":"","_links_to_target":""},"class_list":["post-68","page","type-page","status-publish","hentry"],"_links":{"self":[{"href":"https:\/\/www.verkkovaria.fi\/soster\/osaamisalojenvalinnaiset\/vanhustenkotihoito\/wp-json\/wp\/v2\/pages\/68","targetHints":{"allow":["GET"]}}],"collection":[{"href":"https:\/\/www.verkkovaria.fi\/soster\/osaamisalojenvalinnaiset\/vanhustenkotihoito\/wp-json\/wp\/v2\/pages"}],"about":[{"href":"https:\/\/www.verkkovaria.fi\/soster\/osaamisalojenvalinnaiset\/vanhustenkotihoito\/wp-json\/wp\/v2\/types\/page"}],"author":[{"embeddable":true,"href":"https:\/\/www.verkkovaria.fi\/soster\/osaamisalojenvalinnaiset\/vanhustenkotihoito\/wp-json\/wp\/v2\/users\/2"}],"replies":[{"embeddable":true,"href":"https:\/\/www.verkkovaria.fi\/soster\/osaamisalojenvalinnaiset\/vanhustenkotihoito\/wp-json\/wp\/v2\/comments?post=68"}],"version-history":[{"count":11,"href":"https:\/\/www.verkkovaria.fi\/soster\/osaamisalojenvalinnaiset\/vanhustenkotihoito\/wp-json\/wp\/v2\/pages\/68\/revisions"}],"predecessor-version":[{"id":252,"href":"https:\/\/www.verkkovaria.fi\/soster\/osaamisalojenvalinnaiset\/vanhustenkotihoito\/wp-json\/wp\/v2\/pages\/68\/revisions\/252"}],"wp:attachment":[{"href":"https:\/\/www.verkkovaria.fi\/soster\/osaamisalojenvalinnaiset\/vanhustenkotihoito\/wp-json\/wp\/v2\/media?parent=68"}],"curies":[{"name":"wp","href":"https:\/\/api.w.org\/{rel}","templated":true}]}}