{"id":135,"date":"2015-05-26T15:51:53","date_gmt":"2015-05-26T13:51:53","guid":{"rendered":"http:\/\/www.verkkovaria.fi\/tekniikka\/teknisenpiirustuksenperusteet\/?page_id=135"},"modified":"2016-06-16T14:15:34","modified_gmt":"2016-06-16T12:15:34","slug":"2-viikko","status":"publish","type":"page","link":"https:\/\/www.verkkovaria.fi\/tekniikka\/teknisenpiirustuksenperusteet\/?page_id=135","title":{"rendered":"2. Viikko"},"content":{"rendered":"<p>2. viikon asiat<\/p>\n<ul>\n<li>Jatka suunnitteluohjelmiston k\u00e4yt\u00f6n opiskelua. K\u00e4y l\u00e4pi levyosat, kokoonpanot ja piirustus (Sheet metal, Assembly, Drawings).<\/li>\n<li>Ennen Kokoonpanot ja Piirustus-opastusohjeiden l\u00e4pik\u00e4ymist\u00e4 opiskele tai palauta mieleesi seuraavat teknisen piirustuksen k\u00e4sitteet opettajan osoittaman materiaalin, oppikirjan tai muun l\u00e4hteen avulla:\n<ul>\n<li>Piirustuspohja<\/li>\n<li>Otsikkotaulu<\/li>\n<li>Osaluettelo<\/li>\n<li>Materiaaliluettelo<\/li>\n<li>Viivatyypit<\/li>\n<li>Mittakaava<\/li>\n<li>Kuvannot &#8211; Projektiot<\/li>\n<li>K\u00e4\u00e4nn\u00f6t &#8211; Projisoinnit<\/li>\n<li>Mitoitus<\/li>\n<li>Yleisimm\u00e4t pinta- ja hitsausmerkit<\/li>\n<\/ul>\n<\/li>\n<li>Pid\u00e4 opastusohjeiden harjoitusten\u00a0pohjalta blogia siten, ett\u00e4 otat ainakin yhden kuvankaappauksen (screenshot) opastusohjesarjasta, liit\u00e4t sen blogiin ja kuvaat mit\u00e4 kuvassa ollaan tekem\u00e4ss\u00e4 ja miksi halusit nostaa juuri t\u00e4m\u00e4n kohdan esille. Ota blogikirjoituksessasi kantaa Piirustus-opastusohjeisiin, erityisesti niiss\u00e4 esiintyviin k\u00e4\u00e4nt\u00f6ihin. Mit\u00e4 k\u00e4\u00e4nt\u00f6tekniikkaa opastusohjeissa k\u00e4ytet\u00e4\u00e4n? Miksi? Mit\u00e4 tapahtuu, jos k\u00e4\u00e4nt\u00f6tekniikat menev\u00e4t ristiin?<\/li>\n<li>K\u00e4y kommentoimassa v\u00e4hint\u00e4\u00e4n yht\u00e4 toisen opiskelijan blogia. Huomaa ett\u00e4 blogin kommentti voi olla my\u00f6s kysymys.<\/li>\n<\/ul>\n","protected":false},"excerpt":{"rendered":"<p>2. viikon asiat Jatka suunnitteluohjelmiston k\u00e4yt\u00f6n opiskelua. K\u00e4y l\u00e4pi levyosat, kokoonpanot ja piirustus (Sheet metal, Assembly, Drawings). Ennen Kokoonpanot ja Piirustus-opastusohjeiden l\u00e4pik\u00e4ymist\u00e4 opiskele tai palauta mieleesi seuraavat teknisen piirustuksen k\u00e4sitteet opettajan osoittaman materiaalin, oppikirjan tai muun l\u00e4hteen avulla: Piirustuspohja Otsikkotaulu Osaluettelo Materiaaliluettelo Viivatyypit Mittakaava Kuvannot &#8211; Projektiot K\u00e4\u00e4nn\u00f6t &#8211; Projisoinnit Mitoitus Yleisimm\u00e4t pinta- ja hitsausmerkit &hellip; <a href=\"https:\/\/www.verkkovaria.fi\/tekniikka\/teknisenpiirustuksenperusteet\/?page_id=135\">Continued<\/a><\/p>\n","protected":false},"author":1,"featured_media":0,"parent":0,"menu_order":0,"comment_status":"open","ping_status":"open","template":"","meta":{"footnotes":"","_links_to":"","_links_to_target":""},"class_list":["post-135","page","type-page","status-publish","hentry"],"_links":{"self":[{"href":"https:\/\/www.verkkovaria.fi\/tekniikka\/teknisenpiirustuksenperusteet\/index.php?rest_route=\/wp\/v2\/pages\/135","targetHints":{"allow":["GET"]}}],"collection":[{"href":"https:\/\/www.verkkovaria.fi\/tekniikka\/teknisenpiirustuksenperusteet\/index.php?rest_route=\/wp\/v2\/pages"}],"about":[{"href":"https:\/\/www.verkkovaria.fi\/tekniikka\/teknisenpiirustuksenperusteet\/index.php?rest_route=\/wp\/v2\/types\/page"}],"author":[{"embeddable":true,"href":"https:\/\/www.verkkovaria.fi\/tekniikka\/teknisenpiirustuksenperusteet\/index.php?rest_route=\/wp\/v2\/users\/1"}],"replies":[{"embeddable":true,"href":"https:\/\/www.verkkovaria.fi\/tekniikka\/teknisenpiirustuksenperusteet\/index.php?rest_route=%2Fwp%2Fv2%2Fcomments&post=135"}],"version-history":[{"count":11,"href":"https:\/\/www.verkkovaria.fi\/tekniikka\/teknisenpiirustuksenperusteet\/index.php?rest_route=\/wp\/v2\/pages\/135\/revisions"}],"predecessor-version":[{"id":428,"href":"https:\/\/www.verkkovaria.fi\/tekniikka\/teknisenpiirustuksenperusteet\/index.php?rest_route=\/wp\/v2\/pages\/135\/revisions\/428"}],"wp:attachment":[{"href":"https:\/\/www.verkkovaria.fi\/tekniikka\/teknisenpiirustuksenperusteet\/index.php?rest_route=%2Fwp%2Fv2%2Fmedia&parent=135"}],"curies":[{"name":"wp","href":"https:\/\/api.w.org\/{rel}","templated":true}]}}