{"id":200,"date":"2015-06-08T09:57:57","date_gmt":"2015-06-08T07:57:57","guid":{"rendered":"http:\/\/www.verkkovaria.fi\/tekniikka\/teknisenpiirustuksenperusteet\/?page_id=200"},"modified":"2016-06-16T13:46:23","modified_gmt":"2016-06-16T11:46:23","slug":"etusivu","status":"publish","type":"page","link":"https:\/\/www.verkkovaria.fi\/tekniikka\/teknisenpiirustuksenperusteet\/","title":{"rendered":"Teknisen piirrustuksen perusteet"},"content":{"rendered":"<p style=\"text-align: left;\"><strong>Tervetuloa Varian Teknisen piirustuksen perusteet -verkkototeutukseen<\/strong><\/p>\n<p style=\"text-align: left;\">T\u00e4ss\u00e4 verkkototeutuksessa opiskellaan teknisen piirustuksen perusteita mahdollisimman omatoimisesti tieto- ja viestint\u00e4tekniikan apuv\u00e4lineit\u00e4 hyv\u00e4ksi k\u00e4ytt\u00e4en. Monimuoto-opetuksessa p\u00e4\u00e4paino on itsen\u00e4isess\u00e4 ty\u00f6skentelyss\u00e4, jota tuetaan viikoittaisilla verkko-ohjaustapaamisilla. Toteutuksen\u00a0aikana\u00a0on my\u00f6s mahdollista tulla tekem\u00e4\u00e4n harjoituksia ohjatusti oppilaitoksen ATK-luokkaan ennalta sovittuina aikoina.<\/p>\n<p style=\"text-align: left;\">Verkkototeutus on mahdollista suorittaa my\u00f6s ty\u00f6ss\u00e4oppimisen\u00a0aikana.<\/p>\n<p style=\"text-align: left;\">T\u00e4m\u00e4n verkkototeutuksen\u00a0paras suoritusajankohta on mahdollisimman pian opintojen alettua, jolloin toteutuksen aikana\u00a0opittuja asioita p\u00e4\u00e4see syvent\u00e4m\u00e4\u00e4n mahdollisimman nopeasti ty\u00f6salissa. Teknisen piirustuksen perusteet -verkkototeutus on osa Levyt\u00f6iden ja hitsauksen perusteet -tutkinnon osaa.<\/p>\n","protected":false},"excerpt":{"rendered":"<p>Tervetuloa Varian Teknisen piirustuksen perusteet -verkkototeutukseen T\u00e4ss\u00e4 verkkototeutuksessa opiskellaan teknisen piirustuksen perusteita mahdollisimman omatoimisesti tieto- ja viestint\u00e4tekniikan apuv\u00e4lineit\u00e4 hyv\u00e4ksi k\u00e4ytt\u00e4en. Monimuoto-opetuksessa p\u00e4\u00e4paino on itsen\u00e4isess\u00e4 ty\u00f6skentelyss\u00e4, jota tuetaan viikoittaisilla verkko-ohjaustapaamisilla. Toteutuksen\u00a0aikana\u00a0on my\u00f6s mahdollista tulla tekem\u00e4\u00e4n harjoituksia ohjatusti oppilaitoksen ATK-luokkaan ennalta sovittuina aikoina. Verkkototeutus on mahdollista suorittaa my\u00f6s ty\u00f6ss\u00e4oppimisen\u00a0aikana. T\u00e4m\u00e4n verkkototeutuksen\u00a0paras suoritusajankohta on mahdollisimman pian opintojen alettua, &hellip; <a href=\"https:\/\/www.verkkovaria.fi\/tekniikka\/teknisenpiirustuksenperusteet\/\">Continued<\/a><\/p>\n","protected":false},"author":2,"featured_media":0,"parent":0,"menu_order":0,"comment_status":"open","ping_status":"open","template":"frontpage.php","meta":{"footnotes":"","_links_to":"","_links_to_target":""},"class_list":["post-200","page","type-page","status-publish","hentry"],"_links":{"self":[{"href":"https:\/\/www.verkkovaria.fi\/tekniikka\/teknisenpiirustuksenperusteet\/index.php?rest_route=\/wp\/v2\/pages\/200","targetHints":{"allow":["GET"]}}],"collection":[{"href":"https:\/\/www.verkkovaria.fi\/tekniikka\/teknisenpiirustuksenperusteet\/index.php?rest_route=\/wp\/v2\/pages"}],"about":[{"href":"https:\/\/www.verkkovaria.fi\/tekniikka\/teknisenpiirustuksenperusteet\/index.php?rest_route=\/wp\/v2\/types\/page"}],"author":[{"embeddable":true,"href":"https:\/\/www.verkkovaria.fi\/tekniikka\/teknisenpiirustuksenperusteet\/index.php?rest_route=\/wp\/v2\/users\/2"}],"replies":[{"embeddable":true,"href":"https:\/\/www.verkkovaria.fi\/tekniikka\/teknisenpiirustuksenperusteet\/index.php?rest_route=%2Fwp%2Fv2%2Fcomments&post=200"}],"version-history":[{"count":11,"href":"https:\/\/www.verkkovaria.fi\/tekniikka\/teknisenpiirustuksenperusteet\/index.php?rest_route=\/wp\/v2\/pages\/200\/revisions"}],"predecessor-version":[{"id":424,"href":"https:\/\/www.verkkovaria.fi\/tekniikka\/teknisenpiirustuksenperusteet\/index.php?rest_route=\/wp\/v2\/pages\/200\/revisions\/424"}],"wp:attachment":[{"href":"https:\/\/www.verkkovaria.fi\/tekniikka\/teknisenpiirustuksenperusteet\/index.php?rest_route=%2Fwp%2Fv2%2Fmedia&parent=200"}],"curies":[{"name":"wp","href":"https:\/\/api.w.org\/{rel}","templated":true}]}}