{"id":349,"date":"2015-09-22T08:28:30","date_gmt":"2015-09-22T06:28:30","guid":{"rendered":"http:\/\/www.verkkovaria.fi\/tekniikka\/teknisenpiirustuksenperusteet\/?page_id=349"},"modified":"2016-06-16T13:52:14","modified_gmt":"2016-06-16T11:52:14","slug":"oppimisprosessi-2","status":"publish","type":"page","link":"https:\/\/www.verkkovaria.fi\/tekniikka\/teknisenpiirustuksenperusteet\/?page_id=349","title":{"rendered":"Opiskeluprosessi"},"content":{"rendered":"<p>Teknisen piirustuksen perusteet -verkkototeutus opiskellaan p\u00e4\u00e4siassa itsen\u00e4isesti. Opiskelu aloitetaan l\u00e4hiopetustunnilla, jonne on t\u00e4rke\u00e4\u00e4 osallistua ja saapua ajoissa paikalle. L\u00e4hiopetustunnilla esitell\u00e4\u00e4n toteutuksen suorittamiseen tarvittavat ty\u00f6kalut sek\u00e4 sovitaan toteutuksessa k\u00e4ytett\u00e4v\u00e4t ohjelmistot ja harjoitust\u00f6iden palautustavat. Samalla sovitaan verkko-ohjausajat, k\u00e4yd\u00e4\u00e4n l\u00e4pi teht\u00e4v\u00e4t ja ohjeet sek\u00e4 tutustutaan toisiimme.<\/p>\n<p>Harjoitusteht\u00e4v\u00e4t ja niiden aikataulu l\u00f6ytyv\u00e4t t\u00e4lt\u00e4 sivustolta jaettuna viikon mittaisiin jaksoihin. Varsinaisten suunnittelu- ja piirustusteht\u00e4vien lis\u00e4ksi jokainen opiskelija\u00a0pit\u00e4\u00e4 toteutuksen aikana julkista portfoliotyyppist\u00e4 blogia sek\u00e4 k\u00e4y lukemassa ja kommentoimassa muiden toteutukseen osallistuvien blogeja.\u00a0Blogin tarkoituksena\u00a0on tehd\u00e4 n\u00e4kyv\u00e4ksi omaa oppimisen prosessia ja oppimistuloksia sek\u00e4 vertaisoppia muilta toteutukseen osallistuvilta lukemalla ja kommentoimalla heid\u00e4n\u00a0blogejaan. Opiskelijoiden blogien osoitteet kootaan verkkototeutuksen <a href=\"http:\/\/tnnk-tssk-nytk.blogspot.fi\/\" target=\"_blank\">em\u00e4blogiin<\/a>, jonka kautta my\u00f6s p\u00e4\u00e4see helposti kommentoimaan muiden osallistujien blogeja.<\/p>\n<p>Blogien\u00a0kommentointiin riitt\u00e4\u00e4 yksi kommentti per viikko\u00a0siten, ett\u00e4 joka kerralla k\u00e4yd\u00e4\u00e4n kommentoimassa eri henkil\u00f6n blogip\u00e4ivityst\u00e4. Huomaa, ett\u00e4 kommentti voi olla my\u00f6s parannus, korjausehdotus tai kysymys blogikirjoittajalle tai vastaus blogikirjoittajan esitt\u00e4m\u00e4\u00e4n kysymykseen. Kommentista tulee k\u00e4yd\u00e4 ilmi miksi olet kommentoinut juuri t\u00e4t\u00e4 blogip\u00e4ivityst\u00e4. Onko kyseess\u00e4 jokin asia mink\u00e4 olet tai olisit tehnyt toisin? Onko jokin asia tehty mielest\u00e4si paremmin tai helpommin kuin oma tyylisi? N\u00e4kyyk\u00f6 p\u00e4ivitykseen liitetyiss\u00e4 kuvissa virheit\u00e4 tai puutteita?\u00a0<\/p>\n<p>Mik\u00e4li teht\u00e4v\u00e4ss\u00e4 ei toisin mainita, blogiin lis\u00e4t\u00e4\u00e4n kuvakaappaus (Screenshot) jokaisen harjoituksen jokaisesta ty\u00f6vaiheesta (Sketch, Model, Drawing). Blogiin kuvataan mit\u00e4 kuvassa ollaan tekem\u00e4ss\u00e4 ja miksi halusit nostaa juuri t\u00e4m\u00e4n kohdan esille portfolioonsa.<\/p>\n<p>Blogit tulee olla p\u00e4ivitettyn\u00e4 ja kommentoituna kyseisen viikon osalta viimeist\u00e4\u00e4n seuraavaan maanantaihin menness\u00e4.<\/p>\n<p>Jokaisella osallistuvalla opiskelijalla tulisi olla k\u00e4yt\u00f6ss\u00e4\u00e4n internetyhteydell\u00e4 varustettu tietokone sek\u00e4 kuuloke-mikrofoni -yhdistelm\u00e4 (Headset). Mik\u00e4li n\u00e4in ei ole, ole yhteydess\u00e4 toteutusta ohjaavaan opettajaan ja sovi vaihtoehtoisista\u00a0menettelytavoista.\u00a0<\/p>\n<p>Halutessasi opiskella Teknisen piirustuksen perusteet-\u00a0 opintojakson\u00a0sis\u00e4lt\u00f6j\u00e4 ota yhteys vastaavaan opettajaan. Yhteystiedot ovat:\u00a0<\/p>\n<p>Janne Saari<br \/>Tuntiopettaja<br \/>Kone- ja metalliala<br \/>GSM. +358(0)40\u00a0844 9966\u00a0<br \/>s\u00e4hk\u00f6posti: janne.saari@eduvantaa.fi\u00a0<\/p>\n<p>Voit my\u00f6s olla yhteydess\u00e4 opinto-ohjaajaan tai ryhm\u00e4nohjaajaan, jotka ohjaavat sinua opinnoissasi eteenp\u00e4in.<\/p>\n","protected":false},"excerpt":{"rendered":"<p>Teknisen piirustuksen perusteet -verkkototeutus opiskellaan p\u00e4\u00e4siassa itsen\u00e4isesti. Opiskelu aloitetaan l\u00e4hiopetustunnilla, jonne on t\u00e4rke\u00e4\u00e4 osallistua ja saapua ajoissa paikalle. L\u00e4hiopetustunnilla esitell\u00e4\u00e4n toteutuksen suorittamiseen tarvittavat ty\u00f6kalut sek\u00e4 sovitaan toteutuksessa k\u00e4ytett\u00e4v\u00e4t ohjelmistot ja harjoitust\u00f6iden palautustavat. Samalla sovitaan verkko-ohjausajat, k\u00e4yd\u00e4\u00e4n l\u00e4pi teht\u00e4v\u00e4t ja ohjeet sek\u00e4 tutustutaan toisiimme. Harjoitusteht\u00e4v\u00e4t ja niiden aikataulu l\u00f6ytyv\u00e4t t\u00e4lt\u00e4 sivustolta jaettuna viikon mittaisiin jaksoihin. Varsinaisten &hellip; <a href=\"https:\/\/www.verkkovaria.fi\/tekniikka\/teknisenpiirustuksenperusteet\/?page_id=349\">Continued<\/a><\/p>\n","protected":false},"author":2,"featured_media":0,"parent":0,"menu_order":0,"comment_status":"closed","ping_status":"closed","template":"","meta":{"footnotes":"","_links_to":"","_links_to_target":""},"class_list":["post-349","page","type-page","status-publish","hentry"],"_links":{"self":[{"href":"https:\/\/www.verkkovaria.fi\/tekniikka\/teknisenpiirustuksenperusteet\/index.php?rest_route=\/wp\/v2\/pages\/349","targetHints":{"allow":["GET"]}}],"collection":[{"href":"https:\/\/www.verkkovaria.fi\/tekniikka\/teknisenpiirustuksenperusteet\/index.php?rest_route=\/wp\/v2\/pages"}],"about":[{"href":"https:\/\/www.verkkovaria.fi\/tekniikka\/teknisenpiirustuksenperusteet\/index.php?rest_route=\/wp\/v2\/types\/page"}],"author":[{"embeddable":true,"href":"https:\/\/www.verkkovaria.fi\/tekniikka\/teknisenpiirustuksenperusteet\/index.php?rest_route=\/wp\/v2\/users\/2"}],"replies":[{"embeddable":true,"href":"https:\/\/www.verkkovaria.fi\/tekniikka\/teknisenpiirustuksenperusteet\/index.php?rest_route=%2Fwp%2Fv2%2Fcomments&post=349"}],"version-history":[{"count":8,"href":"https:\/\/www.verkkovaria.fi\/tekniikka\/teknisenpiirustuksenperusteet\/index.php?rest_route=\/wp\/v2\/pages\/349\/revisions"}],"predecessor-version":[{"id":425,"href":"https:\/\/www.verkkovaria.fi\/tekniikka\/teknisenpiirustuksenperusteet\/index.php?rest_route=\/wp\/v2\/pages\/349\/revisions\/425"}],"wp:attachment":[{"href":"https:\/\/www.verkkovaria.fi\/tekniikka\/teknisenpiirustuksenperusteet\/index.php?rest_route=%2Fwp%2Fv2%2Fmedia&parent=349"}],"curies":[{"name":"wp","href":"https:\/\/api.w.org\/{rel}","templated":true}]}}