{"id":81,"date":"2015-09-28T12:36:18","date_gmt":"2015-09-28T12:36:18","guid":{"rendered":"http:\/\/www.verkkovaria.fi\/tekniikka\/ulkoverhous\/?page_id=81"},"modified":"2017-04-10T08:55:25","modified_gmt":"2017-04-10T08:55:25","slug":"arviointi-2","status":"publish","type":"page","link":"https:\/\/www.verkkovaria.fi\/tekniikka\/ulkoverhous\/?page_id=81","title":{"rendered":"Arviointi"},"content":{"rendered":"<p>Verkko-opintojen opiskelussa vaaditaan:<br \/>\n&#8211; kaikkien Fronterissa olevien teoriateht\u00e4vien tekeminen<br \/>\n&#8211; ty\u00f6selosteen tekeminen. T\u00e4rkeint\u00e4 teht\u00e4v\u00e4ss\u00e4 on valokuvaus! Lis\u00e4ksi vaaditaan kuvia t\u00e4ydent\u00e4v\u00e4\u00e4 ja selitt\u00e4v\u00e4\u00e4 teksti\u00e4. Mik\u00e4li tekstin kirjoittaminen tuntuu vaikealta, voit my\u00f6s sanella vastauksesi ja liitt\u00e4\u00e4 \u00e4\u00e4nitiedoston\/videon palautukseen.<\/p>\n<p>Kun olet saavuttanut ammattitaitovaatimukset, p\u00e4\u00e4set antamaan Ulkoverhous- ja kattot\u00f6iden n\u00e4ytt\u00f6\u00e4.<\/p>\n<p><strong>N\u00e4ytt\u00f6<\/strong><\/p>\n<p>Ulkoverhous- ja kattoty\u00f6t -tutkinnonosa arvioidaan ty\u00f6ss\u00e4oppimispaikalla\u00a0annettavalla\u00a0n\u00e4yt\u00f6ll\u00e4. N\u00e4ytt\u00f6 arvioidaan asteikolla Tyydytt\u00e4v\u00e4 1 &#8211; Kiitett\u00e4v\u00e4 3.<\/p>\n<p>N\u00e4yt\u00f6n arviointi toteutetaan tutkinnon perusteissa m\u00e4\u00e4riteltyjen kriteerien mukaisesti. Mik\u00e4li tutkinnon osassa vaadittavaa ammattitaitoa ei voida ammattiosaamisen n\u00e4yt\u00f6ss\u00e4 riitt\u00e4v\u00e4n kattavasti osoittaa, t\u00e4ydennet\u00e4\u00e4n n\u00e4ytt\u00f6\u00e4 haastattelujen, teht\u00e4vien ja muiden luotettavien menetelmien avulla.<\/p>\n<p>Lis\u00e4tietoja opintojen arvioinnista l\u00f6ytyy opetussuunnitelmasta:<br \/>\n<a href=\"https:\/\/eperusteet.opintopolku.fi\/#\/fi\/esitys\/133951\/ops\/tutkinnonosat\/137508\" target=\"_blank\">ePerusteet: Rakennusalan perustutkinto, Ulkoverhous ja kattoty\u00f6t<\/a><\/p>\n","protected":false},"excerpt":{"rendered":"<p>Verkko-opintojen opiskelussa vaaditaan: &#8211; kaikkien Fronterissa olevien teoriateht\u00e4vien tekeminen &#8211; ty\u00f6selosteen tekeminen. T\u00e4rkeint\u00e4 teht\u00e4v\u00e4ss\u00e4 on valokuvaus! Lis\u00e4ksi vaaditaan kuvia t\u00e4ydent\u00e4v\u00e4\u00e4 ja selitt\u00e4v\u00e4\u00e4 teksti\u00e4. Mik\u00e4li tekstin kirjoittaminen tuntuu vaikealta, voit my\u00f6s sanella vastauksesi ja liitt\u00e4\u00e4 \u00e4\u00e4nitiedoston\/videon palautukseen. Kun olet saavuttanut ammattitaitovaatimukset, p\u00e4\u00e4set antamaan Ulkoverhous- ja kattot\u00f6iden n\u00e4ytt\u00f6\u00e4. N\u00e4ytt\u00f6 Ulkoverhous- ja kattoty\u00f6t -tutkinnonosa arvioidaan ty\u00f6ss\u00e4oppimispaikalla\u00a0annettavalla\u00a0n\u00e4yt\u00f6ll\u00e4. N\u00e4ytt\u00f6 arvioidaan &hellip; <a href=\"https:\/\/www.verkkovaria.fi\/tekniikka\/ulkoverhous\/?page_id=81\">Continued<\/a><\/p>\n","protected":false},"author":1,"featured_media":0,"parent":0,"menu_order":0,"comment_status":"closed","ping_status":"closed","template":"","meta":{"footnotes":"","_links_to":"","_links_to_target":""},"class_list":["post-81","page","type-page","status-publish","hentry"],"_links":{"self":[{"href":"https:\/\/www.verkkovaria.fi\/tekniikka\/ulkoverhous\/index.php?rest_route=\/wp\/v2\/pages\/81","targetHints":{"allow":["GET"]}}],"collection":[{"href":"https:\/\/www.verkkovaria.fi\/tekniikka\/ulkoverhous\/index.php?rest_route=\/wp\/v2\/pages"}],"about":[{"href":"https:\/\/www.verkkovaria.fi\/tekniikka\/ulkoverhous\/index.php?rest_route=\/wp\/v2\/types\/page"}],"author":[{"embeddable":true,"href":"https:\/\/www.verkkovaria.fi\/tekniikka\/ulkoverhous\/index.php?rest_route=\/wp\/v2\/users\/1"}],"replies":[{"embeddable":true,"href":"https:\/\/www.verkkovaria.fi\/tekniikka\/ulkoverhous\/index.php?rest_route=%2Fwp%2Fv2%2Fcomments&post=81"}],"version-history":[{"count":10,"href":"https:\/\/www.verkkovaria.fi\/tekniikka\/ulkoverhous\/index.php?rest_route=\/wp\/v2\/pages\/81\/revisions"}],"predecessor-version":[{"id":192,"href":"https:\/\/www.verkkovaria.fi\/tekniikka\/ulkoverhous\/index.php?rest_route=\/wp\/v2\/pages\/81\/revisions\/192"}],"wp:attachment":[{"href":"https:\/\/www.verkkovaria.fi\/tekniikka\/ulkoverhous\/index.php?rest_route=%2Fwp%2Fv2%2Fmedia&parent=81"}],"curies":[{"name":"wp","href":"https:\/\/api.w.org\/{rel}","templated":true}]}}