{"id":94,"date":"2015-09-29T08:11:21","date_gmt":"2015-09-29T08:11:21","guid":{"rendered":"http:\/\/www.verkkovaria.fi\/tekniikka\/ulkoverhous\/?page_id=94"},"modified":"2017-04-10T08:52:26","modified_gmt":"2017-04-10T08:52:26","slug":"oppimisprosessi","status":"publish","type":"page","link":"https:\/\/www.verkkovaria.fi\/tekniikka\/ulkoverhous\/?page_id=94","title":{"rendered":"Opiskeluprosessi"},"content":{"rendered":"<p>Ennen ty\u00f6ss\u00e4oppimiseen l\u00e4ht\u00f6\u00e4\u00a0varmistetaan, ett\u00e4<\/p>\n<ul>\n<li>p\u00e4\u00e4set kirjautumaan Fronteriin<\/li>\n<li>ymm\u00e4rr\u00e4t, mit\u00e4 ty\u00f6ss\u00e4oppimispaikalla pit\u00e4\u00e4 tehd\u00e4<\/li>\n<\/ul>\n<p>Ty\u00f6ss\u00e4oppimispaikalla, ty\u00f6ss\u00e4oppimisjakson aikana<\/p>\n<ul>\n<li>otat\u00a0teht\u00e4viin liittyvi\u00e4 valokuvia ja videoita.<\/li>\n<li>teet kaikki teht\u00e4v\u00e4t Fronteriin.<\/li>\n<li>teet ty\u00f6selosteen sis\u00e4valmistusvaiheen t\u00f6ist\u00e4si.<\/li>\n<li>Jos ty\u00f6paikalla ei ole mahdollista tehd\u00e4 teht\u00e4vi\u00e4 tai tehd\u00e4 ty\u00f6selostetta, niin voit tehd\u00e4 ne ty\u00f6ss\u00e4oppimisjakson lopussa oppilaitoksessa.<\/li>\n<li>saat palautetta opettajalta tehdyist\u00e4 teht\u00e4vist\u00e4<\/li>\n<\/ul>\n<p>Ty\u00f6ss\u00e4oppimisjakson lopussa<\/p>\n<ul>\n<li>voit tarvittaessa tulla viimeistelem\u00e4\u00e4n t\u00f6it\u00e4si koululle<\/li>\n<\/ul>\n<p>&nbsp;<\/p>\n<p>Jos haluat opiskella ulkoverhous- ja kattot\u00f6iden\u00a0verkko-opintoja, niin ota yhteytt\u00e4:<br \/>\nLiisa Huittinen<br \/>\nliisa.huittinen(at)eduvantaa.fi<br \/>\n043 825 4944<\/p>\n<p>Voit kysy\u00e4 lis\u00e4tietoja verkko-opinnoista my\u00f6s opolta tai omalta ryhm\u00e4nohjaajaltasi.<\/p>\n","protected":false},"excerpt":{"rendered":"<p>Ennen ty\u00f6ss\u00e4oppimiseen l\u00e4ht\u00f6\u00e4\u00a0varmistetaan, ett\u00e4 p\u00e4\u00e4set kirjautumaan Fronteriin ymm\u00e4rr\u00e4t, mit\u00e4 ty\u00f6ss\u00e4oppimispaikalla pit\u00e4\u00e4 tehd\u00e4 Ty\u00f6ss\u00e4oppimispaikalla, ty\u00f6ss\u00e4oppimisjakson aikana otat\u00a0teht\u00e4viin liittyvi\u00e4 valokuvia ja videoita. teet kaikki teht\u00e4v\u00e4t Fronteriin. teet ty\u00f6selosteen sis\u00e4valmistusvaiheen t\u00f6ist\u00e4si. Jos ty\u00f6paikalla ei ole mahdollista tehd\u00e4 teht\u00e4vi\u00e4 tai tehd\u00e4 ty\u00f6selostetta, niin voit tehd\u00e4 ne ty\u00f6ss\u00e4oppimisjakson lopussa oppilaitoksessa. saat palautetta opettajalta tehdyist\u00e4 teht\u00e4vist\u00e4 Ty\u00f6ss\u00e4oppimisjakson lopussa voit tarvittaessa tulla &hellip; <a href=\"https:\/\/www.verkkovaria.fi\/tekniikka\/ulkoverhous\/?page_id=94\">Continued<\/a><\/p>\n","protected":false},"author":1,"featured_media":0,"parent":0,"menu_order":0,"comment_status":"closed","ping_status":"closed","template":"","meta":{"footnotes":"","_links_to":"","_links_to_target":""},"class_list":["post-94","page","type-page","status-publish","hentry"],"_links":{"self":[{"href":"https:\/\/www.verkkovaria.fi\/tekniikka\/ulkoverhous\/index.php?rest_route=\/wp\/v2\/pages\/94","targetHints":{"allow":["GET"]}}],"collection":[{"href":"https:\/\/www.verkkovaria.fi\/tekniikka\/ulkoverhous\/index.php?rest_route=\/wp\/v2\/pages"}],"about":[{"href":"https:\/\/www.verkkovaria.fi\/tekniikka\/ulkoverhous\/index.php?rest_route=\/wp\/v2\/types\/page"}],"author":[{"embeddable":true,"href":"https:\/\/www.verkkovaria.fi\/tekniikka\/ulkoverhous\/index.php?rest_route=\/wp\/v2\/users\/1"}],"replies":[{"embeddable":true,"href":"https:\/\/www.verkkovaria.fi\/tekniikka\/ulkoverhous\/index.php?rest_route=%2Fwp%2Fv2%2Fcomments&post=94"}],"version-history":[{"count":6,"href":"https:\/\/www.verkkovaria.fi\/tekniikka\/ulkoverhous\/index.php?rest_route=\/wp\/v2\/pages\/94\/revisions"}],"predecessor-version":[{"id":191,"href":"https:\/\/www.verkkovaria.fi\/tekniikka\/ulkoverhous\/index.php?rest_route=\/wp\/v2\/pages\/94\/revisions\/191"}],"wp:attachment":[{"href":"https:\/\/www.verkkovaria.fi\/tekniikka\/ulkoverhous\/index.php?rest_route=%2Fwp%2Fv2%2Fmedia&parent=94"}],"curies":[{"name":"wp","href":"https:\/\/api.w.org\/{rel}","templated":true}]}}