{"id":14,"date":"2015-09-08T13:24:54","date_gmt":"2015-09-08T13:24:54","guid":{"rendered":"http:\/\/www.verkkovaria.fi\/topturva\/?page_id=14"},"modified":"2016-02-11T14:03:06","modified_gmt":"2016-02-11T11:03:06","slug":"opettajalle","status":"publish","type":"page","link":"https:\/\/www.verkkovaria.fi\/topturva\/?page_id=14","title":{"rendered":"Opettajalle"},"content":{"rendered":"<p style=\"text-align: center;\"><strong>OPETTAJALLE<\/strong><\/p>\n<p>T\u00e4m\u00e4 verkkomateriaali on suunniteltu\u00a0k\u00e4ytett\u00e4v\u00e4ksi yhdess\u00e4 Vantaan ammattiopisto Varian julkaiseman Ty\u00f6turvallisuusoppaan kanssa. Verkkomateriaalin teht\u00e4vien tarkoituksena on kannustaa opiskelijaa perehtym\u00e4\u00e4n alansa ty\u00f6turvallisuusk\u00e4yt\u00e4nt\u00f6ihin ja kehitt\u00e4m\u00e4\u00e4n ajatus- ja toimintamalliaan ty\u00f6turvallisuusmy\u00f6nteiseksi.<\/p>\n<p>T\u00e4m\u00e4n verkkomateriaalin teht\u00e4v\u00e4t on suunniteltu k\u00e4ytett\u00e4v\u00e4ksi kaikilla Vantaan ammattiopisto Varian opetusaloilla ja kaikissa perustutkinnoissa, joten teht\u00e4vien sis\u00e4lt\u00f6 ja laajuus saattavat vaihdella opetusalojen ja perustutkintojen mukaan. Teht\u00e4v\u00e4t tehd\u00e4\u00e4n pareittain tai pienryhmiss\u00e4 ja tuotokset esitell\u00e4\u00e4n ryhm\u00e4lle yhteisen keskustelun pohjaksi.<\/p>\n<p>Jos Sinulla ei ole Ty\u00f6turvallisuusopasta k\u00e4ytett\u00e4viss\u00e4si, voit ladata sen <a href=\"http:\/\/www.verkkovaria.fi\/topturva\/wp-content\/uploads\/2015\/09\/Tyoturvallisuusopas_nettipdf.pdf\">t\u00e4\u00e4lt\u00e4<\/a>.\u00a0<\/p>\n<p>Ty\u00f6turvallisuusoppaan sis\u00e4lt\u00f6\u00f6n on tarkoitus palata ainakin ennen jokaista ty\u00f6paikalla tapahtuvan oppimisen jaksoa; tarvittaessa useamminkin. Opiskelijoiden tuottamat materiaalit suositellaan tallennettavan, jotta niihin voidaan palata, kun Ty\u00f6turvallisuusopasta k\u00e4sitell\u00e4\u00e4n uudelleen. S\u00e4hk\u00f6isille materiaaleille hyv\u00e4 tallennuspaikka on\u00a0ryhm\u00e4n yhteinen tallennuskansio joko Onedrivessa tai Google drivessa. Manuaaliset\u00a0materiaalit\u00a0on\u00a0hyv\u00e4 laittaa n\u00e4kyv\u00e4lle paikalle, kuten luokan sein\u00e4 tai muu yhteisesti sovittu tila.<\/p>\n<p>Kun Ty\u00f6turvallisuusoppaaseen ja sen teht\u00e4viin palataan, on syyt\u00e4 jakaa parit ja ryhm\u00e4t tekem\u00e4\u00e4n teht\u00e4vi\u00e4 eri n\u00e4k\u00f6kulmasta kuin edellisell\u00e4 kerralla. Parien ja ryhmien esitelless\u00e4 tuotoksiaan, on hyv\u00e4 verrata aikaisempaa\/aikaisempia tuotoksia nykyisiin tuotoksiin ja arvioida opiskelijoiden kanssa mik\u00e4\/mitk\u00e4 asiat ovat muuttuneet edellisest\u00e4 kerrasta. Arvioinnissa huomioidaan mm. ovatko muutokset tapahtuneet opiskelijan ajattelumaailmassa, toimintaymp\u00e4rist\u00f6n muutoksena korjaus-\/kehitt\u00e4mistoiminnan seurauksena vai aiemman ty\u00f6skentelyn tuotosten t\u00e4ydent\u00e4misen\u00e4.<\/p>\n","protected":false},"excerpt":{"rendered":"<p>OPETTAJALLE T\u00e4m\u00e4 verkkomateriaali on suunniteltu\u00a0k\u00e4ytett\u00e4v\u00e4ksi yhdess\u00e4 Vantaan ammattiopisto Varian julkaiseman Ty\u00f6turvallisuusoppaan kanssa. Verkkomateriaalin teht\u00e4vien tarkoituksena on kannustaa opiskelijaa perehtym\u00e4\u00e4n alansa ty\u00f6turvallisuusk\u00e4yt\u00e4nt\u00f6ihin ja kehitt\u00e4m\u00e4\u00e4n ajatus- ja toimintamalliaan ty\u00f6turvallisuusmy\u00f6nteiseksi. T\u00e4m\u00e4n verkkomateriaalin teht\u00e4v\u00e4t on suunniteltu k\u00e4ytett\u00e4v\u00e4ksi kaikilla Vantaan ammattiopisto Varian opetusaloilla ja kaikissa perustutkinnoissa, joten teht\u00e4vien sis\u00e4lt\u00f6 ja laajuus saattavat vaihdella opetusalojen ja perustutkintojen mukaan. Teht\u00e4v\u00e4t tehd\u00e4\u00e4n pareittain &hellip; <a href=\"https:\/\/www.verkkovaria.fi\/topturva\/?page_id=14\">Continued<\/a><\/p>\n","protected":false},"author":1,"featured_media":0,"parent":0,"menu_order":0,"comment_status":"closed","ping_status":"closed","template":"","meta":{"footnotes":"","_links_to":"","_links_to_target":""},"class_list":["post-14","page","type-page","status-publish","hentry"],"_links":{"self":[{"href":"https:\/\/www.verkkovaria.fi\/topturva\/index.php?rest_route=\/wp\/v2\/pages\/14","targetHints":{"allow":["GET"]}}],"collection":[{"href":"https:\/\/www.verkkovaria.fi\/topturva\/index.php?rest_route=\/wp\/v2\/pages"}],"about":[{"href":"https:\/\/www.verkkovaria.fi\/topturva\/index.php?rest_route=\/wp\/v2\/types\/page"}],"author":[{"embeddable":true,"href":"https:\/\/www.verkkovaria.fi\/topturva\/index.php?rest_route=\/wp\/v2\/users\/1"}],"replies":[{"embeddable":true,"href":"https:\/\/www.verkkovaria.fi\/topturva\/index.php?rest_route=%2Fwp%2Fv2%2Fcomments&post=14"}],"version-history":[{"count":10,"href":"https:\/\/www.verkkovaria.fi\/topturva\/index.php?rest_route=\/wp\/v2\/pages\/14\/revisions"}],"predecessor-version":[{"id":194,"href":"https:\/\/www.verkkovaria.fi\/topturva\/index.php?rest_route=\/wp\/v2\/pages\/14\/revisions\/194"}],"wp:attachment":[{"href":"https:\/\/www.verkkovaria.fi\/topturva\/index.php?rest_route=%2Fwp%2Fv2%2Fmedia&parent=14"}],"curies":[{"name":"wp","href":"https:\/\/api.w.org\/{rel}","templated":true}]}}