{"id":2,"date":"2015-09-02T09:29:59","date_gmt":"2015-09-02T09:29:59","guid":{"rendered":"http:\/\/www.verkkovaria.fi\/topturva\/?page_id=2"},"modified":"2016-04-05T12:50:29","modified_gmt":"2016-04-05T09:50:29","slug":"about","status":"publish","type":"page","link":"https:\/\/www.verkkovaria.fi\/topturva\/","title":{"rendered":"Turvallisesti ty\u00f6ss\u00e4oppimaan"},"content":{"rendered":"<p style=\"text-align: left;\"><strong>Tervetuloa Turvallisesti ty\u00f6ss\u00e4oppimaan- verkkototeutukseen!<\/strong><\/p>\n<p>T\u00e4m\u00e4n verkkototeutuksen tarkoituksena on antaa sinulle opiskelijana kattava kokonaiskuva ty\u00f6paikalla tapahtuvan oppimisen ty\u00f6turvallisuuteen liittyviss\u00e4 asioissa. \u00a0Aihealue sopii opiskeltavaksi olitpa sitten kokenut ty\u00f6paikalla opiskelija tai menossa ensimm\u00e4iselle ty\u00f6ss\u00e4oppimisjaksollesi. Verkkototeutuksen suoritettuasi sinulla on k\u00e4sitys mink\u00e4laisiin ty\u00f6teht\u00e4viin, huomioiden ik\u00e4si ja koulutusalasi, voit menn\u00e4 sek\u00e4 kuinka paljon ja mihin vuorokauden aikaan sinun voidaan edellytt\u00e4\u00e4 ty\u00f6skentelev\u00e4n. Tunnet ty\u00f6h\u00f6n ja ty\u00f6paikalla tapahtuvaan oppimiseen liittyen eri osapuolten vastuut ja velvollisuudet. Edelleen tunnet ty\u00f6turvallisuuden osalta ty\u00f6nantajalta edellytett\u00e4v\u00e4t toimenpiteet ty\u00f6suhteen alussa. Tied\u00e4t my\u00f6s mink\u00e4laisiin ty\u00f6turvallisuuskoulutuksiin on mahdollisuus osallistua Vantaan ammattiopisto Variassa tapahtuvan opiskelun aikana. Tied\u00e4t my\u00f6s miten toimia, jos kaikesta huolimatta tapahtuu ty\u00f6tapaturma.<\/p>\n<p style=\"text-align: left;\"><strong>Ty\u00f6turvallisuus on kaikkien yhteinen asia!<\/strong><\/p>\n","protected":false},"excerpt":{"rendered":"<p>Tervetuloa Turvallisesti ty\u00f6ss\u00e4oppimaan- verkkototeutukseen! T\u00e4m\u00e4n verkkototeutuksen tarkoituksena on antaa sinulle opiskelijana kattava kokonaiskuva ty\u00f6paikalla tapahtuvan oppimisen ty\u00f6turvallisuuteen liittyviss\u00e4 asioissa. \u00a0Aihealue sopii opiskeltavaksi olitpa sitten kokenut ty\u00f6paikalla opiskelija tai menossa ensimm\u00e4iselle ty\u00f6ss\u00e4oppimisjaksollesi. Verkkototeutuksen suoritettuasi sinulla on k\u00e4sitys mink\u00e4laisiin ty\u00f6teht\u00e4viin, huomioiden ik\u00e4si ja koulutusalasi, voit menn\u00e4 sek\u00e4 kuinka paljon ja mihin vuorokauden aikaan sinun voidaan edellytt\u00e4\u00e4 ty\u00f6skentelev\u00e4n. &hellip; <a href=\"https:\/\/www.verkkovaria.fi\/topturva\/\">Continued<\/a><\/p>\n","protected":false},"author":1,"featured_media":0,"parent":0,"menu_order":0,"comment_status":"open","ping_status":"open","template":"","meta":{"footnotes":"","_links_to":"","_links_to_target":""},"class_list":["post-2","page","type-page","status-publish","hentry"],"_links":{"self":[{"href":"https:\/\/www.verkkovaria.fi\/topturva\/index.php?rest_route=\/wp\/v2\/pages\/2","targetHints":{"allow":["GET"]}}],"collection":[{"href":"https:\/\/www.verkkovaria.fi\/topturva\/index.php?rest_route=\/wp\/v2\/pages"}],"about":[{"href":"https:\/\/www.verkkovaria.fi\/topturva\/index.php?rest_route=\/wp\/v2\/types\/page"}],"author":[{"embeddable":true,"href":"https:\/\/www.verkkovaria.fi\/topturva\/index.php?rest_route=\/wp\/v2\/users\/1"}],"replies":[{"embeddable":true,"href":"https:\/\/www.verkkovaria.fi\/topturva\/index.php?rest_route=%2Fwp%2Fv2%2Fcomments&post=2"}],"version-history":[{"count":9,"href":"https:\/\/www.verkkovaria.fi\/topturva\/index.php?rest_route=\/wp\/v2\/pages\/2\/revisions"}],"predecessor-version":[{"id":197,"href":"https:\/\/www.verkkovaria.fi\/topturva\/index.php?rest_route=\/wp\/v2\/pages\/2\/revisions\/197"}],"wp:attachment":[{"href":"https:\/\/www.verkkovaria.fi\/topturva\/index.php?rest_route=%2Fwp%2Fv2%2Fmedia&parent=2"}],"curies":[{"name":"wp","href":"https:\/\/api.w.org\/{rel}","templated":true}]}}