{"id":57,"date":"2015-09-08T18:09:33","date_gmt":"2015-09-08T15:09:33","guid":{"rendered":"http:\/\/www.verkkovaria.fi\/topturva\/?page_id=57"},"modified":"2016-07-24T14:39:42","modified_gmt":"2016-07-24T11:39:42","slug":"saannokset","status":"publish","type":"page","link":"https:\/\/www.verkkovaria.fi\/topturva\/?page_id=57","title":{"rendered":"S\u00e4\u00e4nn\u00f6kset"},"content":{"rendered":"<p style=\"text-align: left;\"><strong>S\u00c4\u00c4NN\u00d6KSET<\/strong><\/p>\n<p><strong>Kielletyt ty\u00f6t<\/strong><\/p>\n<p>Selvitt\u00e4k\u00e4\u00e4 pareittain <a href=\"http:\/\/www.verkkovaria.fi\/topturva\/wp-content\/uploads\/2015\/09\/Tyoturvallisuusopas_nettipdf.pdf\">Ty\u00f6turvallisuusopasta<\/a> apuna k\u00e4ytt\u00e4en, mitk\u00e4 ovat nuoria ty\u00f6ntekij\u00f6it\u00e4 (16-17 vuotta) koskevat kielletyt ty\u00f6t. \u00a0Jos jokin kielletyist\u00e4 t\u00f6ist\u00e4 kuuluu omaan opiskelualaasi, tehk\u00e4\u00e4 parisi kanssa valitsemastanne kielletyst\u00e4 ty\u00f6st\u00e4 pantomiini -esitys. Muu ryhm\u00e4 pyrkii arvaamaan, mit\u00e4 kielletty\u00e4 ty\u00f6t\u00e4 esit\u00e4tte.<\/p>\n<p><strong>Vaaralliset ty\u00f6t<\/strong><\/p>\n<p>Selvitt\u00e4k\u00e4\u00e4 pareittain tai pieniss\u00e4 ryhmiss\u00e4 <a href=\"http:\/\/www.verkkovaria.fi\/topturva\/wp-content\/uploads\/2015\/09\/Tyoturvallisuusopas_nettipdf.pdf\">Ty\u00f6turvallisuusopasta<\/a> apuna k\u00e4ytt\u00e4en mitk\u00e4 ovat\u00a0nuorille ty\u00f6ntekij\u00f6ille (16 &#8211; 17 vuotta) m\u00e4\u00e4ritellyt vaaralliset ty\u00f6t. Jos\u00a0oma opiskelualasi kuuluu vaarallisten t\u00f6iden listalle, laatikaa parisi\/ryhm\u00e4si kanssa ilmoitus\u00a0<a href=\"http:\/\/www.verkkovaria.fi\/topturva\/wp-content\/uploads\/2015\/09\/nuoret16-17A.pdf\">ILMOITUS Nuorten ty\u00f6ntekij\u00e4in k\u00e4ytt\u00e4misest\u00e4 vaarallisiin t\u00f6ihin<\/a>\u00a0-linkin takaa l\u00f6ytyv\u00e4ll\u00e4 lomakkeella. T\u00e4ytt\u00e4k\u00e4\u00e4 lomake siten, ett\u00e4 oppilaitos olisi ty\u00f6nantajanne. Pyrkik\u00e4\u00e4 jakamaan ryhm\u00e4 siten, ett\u00e4 em. ilmoitus t\u00e4ytett\u00e4isiin mahdollisimman monen tutkintonimikkeen eri ty\u00f6teht\u00e4v\u00e4n n\u00e4k\u00f6kulmasta oman osaamisalan sis\u00e4ll\u00e4. Selvitt\u00e4k\u00e4\u00e4 my\u00f6s mill\u00e4 tavoin nuorten ty\u00f6aikaa koskevat s\u00e4\u00e4d\u00f6kset liittyv\u00e4t vaarallisiin t\u00f6ihin.<\/p>\n<p>Kysyk\u00e4\u00e4 tarvittaessa opettajalta neuvoa! Esitelk\u00e4\u00e4 ilmoituksenne muulle ryhm\u00e4lle.<\/p>\n","protected":false},"excerpt":{"rendered":"<p>S\u00c4\u00c4NN\u00d6KSET Kielletyt ty\u00f6t Selvitt\u00e4k\u00e4\u00e4 pareittain Ty\u00f6turvallisuusopasta apuna k\u00e4ytt\u00e4en, mitk\u00e4 ovat nuoria ty\u00f6ntekij\u00f6it\u00e4 (16-17 vuotta) koskevat kielletyt ty\u00f6t. \u00a0Jos jokin kielletyist\u00e4 t\u00f6ist\u00e4 kuuluu omaan opiskelualaasi, tehk\u00e4\u00e4 parisi kanssa valitsemastanne kielletyst\u00e4 ty\u00f6st\u00e4 pantomiini -esitys. Muu ryhm\u00e4 pyrkii arvaamaan, mit\u00e4 kielletty\u00e4 ty\u00f6t\u00e4 esit\u00e4tte. Vaaralliset ty\u00f6t Selvitt\u00e4k\u00e4\u00e4 pareittain tai pieniss\u00e4 ryhmiss\u00e4 Ty\u00f6turvallisuusopasta apuna k\u00e4ytt\u00e4en mitk\u00e4 ovat\u00a0nuorille ty\u00f6ntekij\u00f6ille (16 &#8211; &hellip; <a href=\"https:\/\/www.verkkovaria.fi\/topturva\/?page_id=57\">Continued<\/a><\/p>\n","protected":false},"author":1,"featured_media":0,"parent":0,"menu_order":0,"comment_status":"closed","ping_status":"closed","template":"","meta":{"footnotes":"","_links_to":"","_links_to_target":""},"class_list":["post-57","page","type-page","status-publish","hentry"],"_links":{"self":[{"href":"https:\/\/www.verkkovaria.fi\/topturva\/index.php?rest_route=\/wp\/v2\/pages\/57","targetHints":{"allow":["GET"]}}],"collection":[{"href":"https:\/\/www.verkkovaria.fi\/topturva\/index.php?rest_route=\/wp\/v2\/pages"}],"about":[{"href":"https:\/\/www.verkkovaria.fi\/topturva\/index.php?rest_route=\/wp\/v2\/types\/page"}],"author":[{"embeddable":true,"href":"https:\/\/www.verkkovaria.fi\/topturva\/index.php?rest_route=\/wp\/v2\/users\/1"}],"replies":[{"embeddable":true,"href":"https:\/\/www.verkkovaria.fi\/topturva\/index.php?rest_route=%2Fwp%2Fv2%2Fcomments&post=57"}],"version-history":[{"count":10,"href":"https:\/\/www.verkkovaria.fi\/topturva\/index.php?rest_route=\/wp\/v2\/pages\/57\/revisions"}],"predecessor-version":[{"id":211,"href":"https:\/\/www.verkkovaria.fi\/topturva\/index.php?rest_route=\/wp\/v2\/pages\/57\/revisions\/211"}],"wp:attachment":[{"href":"https:\/\/www.verkkovaria.fi\/topturva\/index.php?rest_route=%2Fwp%2Fv2%2Fmedia&parent=57"}],"curies":[{"name":"wp","href":"https:\/\/api.w.org\/{rel}","templated":true}]}}