{"id":69,"date":"2015-09-08T18:12:11","date_gmt":"2015-09-08T15:12:11","guid":{"rendered":"http:\/\/www.verkkovaria.fi\/topturva\/?page_id=69"},"modified":"2016-04-05T13:11:56","modified_gmt":"2016-04-05T10:11:56","slug":"kortit-ja-passit","status":"publish","type":"page","link":"https:\/\/www.verkkovaria.fi\/topturva\/?page_id=69","title":{"rendered":"Kortit ja passit"},"content":{"rendered":"<p style=\"text-align: left;\"><strong>KORTIT JA PASSIT<\/strong><\/p>\n<p style=\"text-align: left;\">Keskustelkaa oman alanne opettajien kanssa tai selvitt\u00e4k\u00e4\u00e4 muuten mit\u00e4 kortteja ja passeja tarvitaan opiskelemallanne alalla. Kun kaikki tarvittavat passit ja kortit ovat tiedossa, jakautukaa niin moneen ryhm\u00e4\u00e4n kuin tarvittavia kortteja ja passeja on. Jokaiselle ryhm\u00e4lle arvotaan oma kortti tai passi, jonka j\u00e4lkeen ryhmien tulee selvitt\u00e4\u00e4 omasta kortistaan\/passistaan ainakin seuraavat asiat:<\/p>\n<ul>\n<li style=\"text-align: left;\">Mik\u00e4 kortti\/passi on kyseess\u00e4 ja milt\u00e4 se n\u00e4ytt\u00e4\u00e4?<\/li>\n<li>Mit\u00e4 kortin\/passin haltija on oikeutettu tekem\u00e4\u00e4n?<\/li>\n<li>Mitk\u00e4 ovat kortin\/passin haltijan velvollisuudet tehdess\u00e4\u00e4n em. asioita?<\/li>\n<li>Mitk\u00e4 ovat kortin\/passin erityispiirteet?<\/li>\n<li>Miss\u00e4 tilanteessa kortin\/passin joutuu esitt\u00e4m\u00e4\u00e4n?<\/li>\n<li>Mihin tarpeeseen kyseinen kortti\/passi on tehty?<\/li>\n<li>Onko kortti\/passi pakollinen?<\/li>\n<li>Kuinka kortin\/passin voi hankkia?<\/li>\n<li>Mist\u00e4 kortin\/passin voi hankkia?<\/li>\n<li>Kuinka paljon kortti\/passi maksaa?<\/li>\n<li>Mik\u00e4 on kortin\/passin voimassaoloaika?<\/li>\n<\/ul>\n<p style=\"text-align: left;\">\u00a0<br \/>Koostakaa kortista\/passista esitys, kuten video, slideshow, juliste, jonka avulla esittelette kortin\/passin muulle ryhm\u00e4lle.<\/p>\n","protected":false},"excerpt":{"rendered":"<p>KORTIT JA PASSIT Keskustelkaa oman alanne opettajien kanssa tai selvitt\u00e4k\u00e4\u00e4 muuten mit\u00e4 kortteja ja passeja tarvitaan opiskelemallanne alalla. Kun kaikki tarvittavat passit ja kortit ovat tiedossa, jakautukaa niin moneen ryhm\u00e4\u00e4n kuin tarvittavia kortteja ja passeja on. Jokaiselle ryhm\u00e4lle arvotaan oma kortti tai passi, jonka j\u00e4lkeen ryhmien tulee selvitt\u00e4\u00e4 omasta kortistaan\/passistaan ainakin seuraavat asiat: Mik\u00e4 kortti\/passi &hellip; <a href=\"https:\/\/www.verkkovaria.fi\/topturva\/?page_id=69\">Continued<\/a><\/p>\n","protected":false},"author":1,"featured_media":0,"parent":0,"menu_order":0,"comment_status":"closed","ping_status":"closed","template":"","meta":{"footnotes":"","_links_to":"","_links_to_target":""},"class_list":["post-69","page","type-page","status-publish","hentry"],"_links":{"self":[{"href":"https:\/\/www.verkkovaria.fi\/topturva\/index.php?rest_route=\/wp\/v2\/pages\/69","targetHints":{"allow":["GET"]}}],"collection":[{"href":"https:\/\/www.verkkovaria.fi\/topturva\/index.php?rest_route=\/wp\/v2\/pages"}],"about":[{"href":"https:\/\/www.verkkovaria.fi\/topturva\/index.php?rest_route=\/wp\/v2\/types\/page"}],"author":[{"embeddable":true,"href":"https:\/\/www.verkkovaria.fi\/topturva\/index.php?rest_route=\/wp\/v2\/users\/1"}],"replies":[{"embeddable":true,"href":"https:\/\/www.verkkovaria.fi\/topturva\/index.php?rest_route=%2Fwp%2Fv2%2Fcomments&post=69"}],"version-history":[{"count":7,"href":"https:\/\/www.verkkovaria.fi\/topturva\/index.php?rest_route=\/wp\/v2\/pages\/69\/revisions"}],"predecessor-version":[{"id":204,"href":"https:\/\/www.verkkovaria.fi\/topturva\/index.php?rest_route=\/wp\/v2\/pages\/69\/revisions\/204"}],"wp:attachment":[{"href":"https:\/\/www.verkkovaria.fi\/topturva\/index.php?rest_route=%2Fwp%2Fv2%2Fmedia&parent=69"}],"curies":[{"name":"wp","href":"https:\/\/api.w.org\/{rel}","templated":true}]}}