{"id":21,"date":"2015-05-27T05:55:46","date_gmt":"2015-05-27T05:55:46","guid":{"rendered":"http:\/\/www.verkkovaria.fi\/tyossaoppimisentuki\/?page_id=21"},"modified":"2016-07-24T11:46:59","modified_gmt":"2016-07-24T11:46:59","slug":"alkusivu","status":"publish","type":"page","link":"https:\/\/www.verkkovaria.fi\/tyossaoppimisentuki\/","title":{"rendered":"Ty\u00f6ss\u00e4oppimisen tuki"},"content":{"rendered":"<p style=\"text-align: left;\">Tervetuloa Varian Ty\u00f6ss\u00e4oppimisen tuki -verkkosivustoon.<\/p>\n<p style=\"text-align: left;\">T\u00e4ss\u00e4 sivustossa on koottuna videomateriaalia ja ohjeistusta ty\u00f6ss\u00e4oppimisen tukemiseen.<\/p>\n<p style=\"text-align: left;\">Sivusto on tarkoitettu ty\u00f6ss\u00e4oppimaan l\u00e4htev\u00e4lle opiskelijalle, ty\u00f6ss\u00e4oppimista ohjaavalle opettajalle ja ty\u00f6el\u00e4m\u00e4n toimijoille.\u00a0Sivustolta\u00a0l\u00f6ytyy linkkej\u00e4 ja vinkkej\u00e4 ty\u00f6ss\u00e4oppimista tukemaan.<\/p>\n<p style=\"text-align: left;\">Opiskelijoiden kuvauksia ty\u00f6ss\u00e4oppimisesta:<\/p>\n<ul>\n<li style=\"text-align: left;\">oppii ty\u00f6el\u00e4m\u00e4\u00e4n<\/li>\n<li style=\"text-align: left;\">oppii oikeaa ty\u00f6ntekoa<\/li>\n<li style=\"text-align: left;\">p\u00e4\u00e4see tekem\u00e4\u00e4n<\/li>\n<li style=\"text-align: left;\">aina tekemist\u00e4<\/li>\n<li style=\"text-align: left;\">siell\u00e4 oppii enemm\u00e4n ja &#8221;syvemmin&#8221; asioita<\/li>\n<li style=\"text-align: left;\">oppii ty\u00f6el\u00e4m\u00e4n\/ty\u00f6paikan tavat<\/li>\n<\/ul>\n<p style=\"text-align: left;\">\n<p style=\"text-align: left;\">Opetussuunnitelmassa on perustutkinnoittain kuvattu ty\u00f6ss\u00e4oppimiseen ja n\u00e4ytt\u00f6ihin liittyvi\u00e4 sis\u00e4lt\u00f6j\u00e4 (<a href=\"http:\/\/www.oph.fi\/\" target=\"_blank\">Opetushallitus<\/a> tai <a href=\"https:\/\/eperusteet.opintopolku.fi\/#\/fi\/selaus\/ammatillinenperuskoulutus\" target=\"_blank\">ePerusteet<\/a>).<\/p>\n<p style=\"text-align: left;\"><a href=\"http:\/\/www.verkkovaria.fi\/tyossaoppimisentuki\/wp-content\/uploads\/2015\/05\/raksa.jpg\" rel=\"attachment wp-att-335\"><img loading=\"lazy\" decoding=\"async\" src=\"http:\/\/www.verkkovaria.fi\/tyossaoppimisentuki\/wp-content\/uploads\/2015\/05\/raksa-300x200.jpg\" alt=\"raksa\" width=\"300\" height=\"200\" \/><\/a><\/p>\n","protected":false},"excerpt":{"rendered":"<p>Tervetuloa Varian Ty\u00f6ss\u00e4oppimisen tuki -verkkosivustoon. T\u00e4ss\u00e4 sivustossa on koottuna videomateriaalia ja ohjeistusta ty\u00f6ss\u00e4oppimisen tukemiseen. Sivusto on tarkoitettu ty\u00f6ss\u00e4oppimaan l\u00e4htev\u00e4lle opiskelijalle, ty\u00f6ss\u00e4oppimista ohjaavalle opettajalle ja ty\u00f6el\u00e4m\u00e4n toimijoille.\u00a0Sivustolta\u00a0l\u00f6ytyy linkkej\u00e4 ja vinkkej\u00e4 ty\u00f6ss\u00e4oppimista tukemaan. Opiskelijoiden kuvauksia ty\u00f6ss\u00e4oppimisesta: oppii ty\u00f6el\u00e4m\u00e4\u00e4n oppii oikeaa ty\u00f6ntekoa p\u00e4\u00e4see tekem\u00e4\u00e4n aina tekemist\u00e4 siell\u00e4 oppii enemm\u00e4n ja &#8221;syvemmin&#8221; asioita oppii ty\u00f6el\u00e4m\u00e4n\/ty\u00f6paikan tavat Opetussuunnitelmassa on perustutkinnoittain &hellip; <a href=\"https:\/\/www.verkkovaria.fi\/tyossaoppimisentuki\/\">Continued<\/a><\/p>\n","protected":false},"author":1,"featured_media":0,"parent":0,"menu_order":0,"comment_status":"closed","ping_status":"closed","template":"frontpage.php","meta":{"footnotes":"","_links_to":"","_links_to_target":""},"class_list":["post-21","page","type-page","status-publish","hentry"],"_links":{"self":[{"href":"https:\/\/www.verkkovaria.fi\/tyossaoppimisentuki\/index.php?rest_route=\/wp\/v2\/pages\/21","targetHints":{"allow":["GET"]}}],"collection":[{"href":"https:\/\/www.verkkovaria.fi\/tyossaoppimisentuki\/index.php?rest_route=\/wp\/v2\/pages"}],"about":[{"href":"https:\/\/www.verkkovaria.fi\/tyossaoppimisentuki\/index.php?rest_route=\/wp\/v2\/types\/page"}],"author":[{"embeddable":true,"href":"https:\/\/www.verkkovaria.fi\/tyossaoppimisentuki\/index.php?rest_route=\/wp\/v2\/users\/1"}],"replies":[{"embeddable":true,"href":"https:\/\/www.verkkovaria.fi\/tyossaoppimisentuki\/index.php?rest_route=%2Fwp%2Fv2%2Fcomments&post=21"}],"version-history":[{"count":13,"href":"https:\/\/www.verkkovaria.fi\/tyossaoppimisentuki\/index.php?rest_route=\/wp\/v2\/pages\/21\/revisions"}],"predecessor-version":[{"id":400,"href":"https:\/\/www.verkkovaria.fi\/tyossaoppimisentuki\/index.php?rest_route=\/wp\/v2\/pages\/21\/revisions\/400"}],"wp:attachment":[{"href":"https:\/\/www.verkkovaria.fi\/tyossaoppimisentuki\/index.php?rest_route=%2Fwp%2Fv2%2Fmedia&parent=21"}],"curies":[{"name":"wp","href":"https:\/\/api.w.org\/{rel}","templated":true}]}}