{"id":55,"date":"2015-05-27T06:49:33","date_gmt":"2015-05-27T06:49:33","guid":{"rendered":"http:\/\/www.verkkovaria.fi\/tyossaoppimisentuki\/?page_id=55"},"modified":"2015-12-11T07:38:40","modified_gmt":"2015-12-11T07:38:40","slug":"videot-opiskelija","status":"publish","type":"page","link":"https:\/\/www.verkkovaria.fi\/tyossaoppimisentuki\/?page_id=55","title":{"rendered":"Videot opiskelija"},"content":{"rendered":"<p>Opiskelijat ovat vastanneet haastatteluissa seuraaviin kysymyksiin:<\/p>\n<p>Mit\u00e4 odotat ty\u00f6ss\u00e4oppimisen ohjaajalta?<\/p>\n<p>Miten ohjaus vastasi odotuksiasi?<\/p>\n<div style=\"width: 320px;\" class=\"wp-video\"><video class=\"wp-video-shortcode\" id=\"video-55-1\" width=\"320\" height=\"240\" preload=\"metadata\" controls=\"controls\"><source type=\"video\/mp4\" src=\"http:\/\/www.verkkovaria.fi\/tyossaoppimisentuki\/wp-content\/uploads\/2015\/12\/movie-10.mp4?_=1\" \/><a href=\"http:\/\/www.verkkovaria.fi\/tyossaoppimisentuki\/wp-content\/uploads\/2015\/12\/movie-10.mp4\">http:\/\/www.verkkovaria.fi\/tyossaoppimisentuki\/wp-content\/uploads\/2015\/12\/movie-10.mp4<\/a><\/video><\/div>\n<p>Varia hotelli-, ravintola- ja catering-ala, tarjoilijaopiskelija\u00a0<\/p>\n<p>\u00a0<\/p>\n<div style=\"width: 320px;\" class=\"wp-video\"><video class=\"wp-video-shortcode\" id=\"video-55-2\" width=\"320\" height=\"240\" preload=\"metadata\" controls=\"controls\"><source type=\"video\/mp4\" src=\"http:\/\/www.verkkovaria.fi\/tyossaoppimisentuki\/wp-content\/uploads\/2015\/11\/movie-7.mp4?_=2\" \/><a href=\"http:\/\/www.verkkovaria.fi\/tyossaoppimisentuki\/wp-content\/uploads\/2015\/11\/movie-7.mp4\">http:\/\/www.verkkovaria.fi\/tyossaoppimisentuki\/wp-content\/uploads\/2015\/11\/movie-7.mp4<\/a><\/video><\/div>\n<p>Varia hotelli-, ravintola- ja catering-ala, opiskelija Mari-Ann Messo<\/p>\n<p>\u00a0<\/p>\n<p>Opiskelijat ovat vastanneet haastatteluissa seuraavaan kysymykseen:<\/p>\n<p>Millaista tukea ja kenelt\u00e4 olet saanut ty\u00f6ss\u00e4oppimiseen liittyen?<\/p>\n<div style=\"width: 320px;\" class=\"wp-video\"><video class=\"wp-video-shortcode\" id=\"video-55-3\" width=\"320\" height=\"240\" preload=\"metadata\" controls=\"controls\"><source type=\"video\/mp4\" src=\"http:\/\/www.verkkovaria.fi\/tyossaoppimisentuki\/wp-content\/uploads\/2015\/05\/movie_21.mp4?_=3\" \/><a href=\"http:\/\/www.verkkovaria.fi\/tyossaoppimisentuki\/wp-content\/uploads\/2015\/05\/movie_21.mp4\">http:\/\/www.verkkovaria.fi\/tyossaoppimisentuki\/wp-content\/uploads\/2015\/05\/movie_21.mp4<\/a><\/video><\/div>\n<p>Varia tieto- ja tietoliikennetekniikka, opiskelija Valtteri V\u00e4limaa<\/p>\n<p>\u00a0<\/p>\n<div style=\"width: 320px;\" class=\"wp-video\"><video class=\"wp-video-shortcode\" id=\"video-55-4\" width=\"320\" height=\"240\" preload=\"metadata\" controls=\"controls\"><source type=\"video\/mp4\" src=\"http:\/\/www.verkkovaria.fi\/tyossaoppimisentuki\/wp-content\/uploads\/2015\/06\/movie_21.mp4?_=4\" \/><a href=\"http:\/\/www.verkkovaria.fi\/tyossaoppimisentuki\/wp-content\/uploads\/2015\/06\/movie_21.mp4\">http:\/\/www.verkkovaria.fi\/tyossaoppimisentuki\/wp-content\/uploads\/2015\/06\/movie_21.mp4<\/a><\/video><\/div>\n<p>Varia kone- ja metalliala, opiskelija Edi Puhakka<\/p>\n","protected":false},"excerpt":{"rendered":"<p>Opiskelijat ovat vastanneet haastatteluissa seuraaviin kysymyksiin: Mit\u00e4 odotat ty\u00f6ss\u00e4oppimisen ohjaajalta? Miten ohjaus vastasi odotuksiasi? Varia hotelli-, ravintola- ja catering-ala, tarjoilijaopiskelija\u00a0 \u00a0 Varia hotelli-, ravintola- ja catering-ala, opiskelija Mari-Ann Messo \u00a0 Opiskelijat ovat vastanneet haastatteluissa seuraavaan kysymykseen: Millaista tukea ja kenelt\u00e4 olet saanut ty\u00f6ss\u00e4oppimiseen liittyen? Varia tieto- ja tietoliikennetekniikka, opiskelija Valtteri V\u00e4limaa \u00a0 Varia kone- ja &hellip; <a href=\"https:\/\/www.verkkovaria.fi\/tyossaoppimisentuki\/?page_id=55\">Continued<\/a><\/p>\n","protected":false},"author":1,"featured_media":0,"parent":0,"menu_order":0,"comment_status":"closed","ping_status":"open","template":"","meta":{"footnotes":"","_links_to":"","_links_to_target":""},"class_list":["post-55","page","type-page","status-publish","hentry"],"_links":{"self":[{"href":"https:\/\/www.verkkovaria.fi\/tyossaoppimisentuki\/index.php?rest_route=\/wp\/v2\/pages\/55","targetHints":{"allow":["GET"]}}],"collection":[{"href":"https:\/\/www.verkkovaria.fi\/tyossaoppimisentuki\/index.php?rest_route=\/wp\/v2\/pages"}],"about":[{"href":"https:\/\/www.verkkovaria.fi\/tyossaoppimisentuki\/index.php?rest_route=\/wp\/v2\/types\/page"}],"author":[{"embeddable":true,"href":"https:\/\/www.verkkovaria.fi\/tyossaoppimisentuki\/index.php?rest_route=\/wp\/v2\/users\/1"}],"replies":[{"embeddable":true,"href":"https:\/\/www.verkkovaria.fi\/tyossaoppimisentuki\/index.php?rest_route=%2Fwp%2Fv2%2Fcomments&post=55"}],"version-history":[{"count":17,"href":"https:\/\/www.verkkovaria.fi\/tyossaoppimisentuki\/index.php?rest_route=\/wp\/v2\/pages\/55\/revisions"}],"predecessor-version":[{"id":322,"href":"https:\/\/www.verkkovaria.fi\/tyossaoppimisentuki\/index.php?rest_route=\/wp\/v2\/pages\/55\/revisions\/322"}],"wp:attachment":[{"href":"https:\/\/www.verkkovaria.fi\/tyossaoppimisentuki\/index.php?rest_route=%2Fwp%2Fv2%2Fmedia&parent=55"}],"curies":[{"name":"wp","href":"https:\/\/api.w.org\/{rel}","templated":true}]}}