{"id":70,"date":"2015-05-27T06:53:12","date_gmt":"2015-05-27T06:53:12","guid":{"rendered":"http:\/\/www.verkkovaria.fi\/tyossaoppimisentuki\/?page_id=70"},"modified":"2016-07-24T11:55:32","modified_gmt":"2016-07-24T11:55:32","slug":"ennen-tyossaoppimista-opettajat","status":"publish","type":"page","link":"https:\/\/www.verkkovaria.fi\/tyossaoppimisentuki\/?page_id=70","title":{"rendered":"Ty\u00f6ss\u00e4oppimisen ohjaus"},"content":{"rendered":"<p><strong>Ennen ty\u00f6ss\u00e4oppimista opettaja<\/strong><\/p>\n<p><a href=\"http:\/\/www.verkkovaria.fi\/tyossaoppimisentuki\/wp-content\/uploads\/2016\/02\/turvallisuusala-2.jpg\" rel=\"attachment wp-att-350\"><img loading=\"lazy\" decoding=\"async\" src=\"http:\/\/www.verkkovaria.fi\/tyossaoppimisentuki\/wp-content\/uploads\/2016\/02\/turvallisuusala-2-300x200.jpg\" alt=\"turvallisuusala (2)\" width=\"300\" height=\"200\" \/><\/a><\/p>\n<ul>\n<li>opiskelijan k\u00e4dentaidot, toiveet ja vahvuudet huomioiden valitaan sopiva ty\u00f6ss\u00e4oppimispaikka (tarvittaessa opettaja auttaa ty\u00f6ss\u00e4oppimispaikan hakemisessa)<\/li>\n<li>huomioi esim. terveydelliset syyt, jatko-opintopolku\u00a0ja kulkuyhteydet paikan valinnassa<\/li>\n<li>suunnitelee mahdolliset yhteisten tutkinnonosien integroinnit<\/li>\n<li>suunnitellaan tarvittava ohjaus ottaen huomioon opiskelijan tarpeet ja tavoitteet, arvioidaan tarvitaanko ty\u00f6valmentajaa (<a href=\"http:\/\/www.oph.fi\/download\/166817_rikasta_ja_rakasta_oppimista.pdf\" target=\"_blank\">Rikasta ja rakasta oppimista<\/a>, s. 7)<\/li>\n<li>tukee ja auttaa opiskelijaa sopivan ty\u00f6ss\u00e4oppimispaikan haussa<\/li>\n<li>valmistelee opiskelijan jaksolle (tervehtiminen, sosiaalinen kanssak\u00e4yminen, ilmoitusvelvollisuus poissaoloista)<\/li>\n<li>k\u00e4y l\u00e4pi ty\u00f6el\u00e4m\u00e4n pelis\u00e4\u00e4nn\u00f6t, periaatteet, ajankohta ja tavoitteet opiskelijan kanssa<\/li>\n<li>perehdytt\u00e4\u00e4 ty\u00f6paikkaohjaajan ty\u00f6ss\u00e4oppimisjakson sis\u00e4lt\u00f6\u00f6n<\/li>\n<li>allekirjoittaa ty\u00f6ss\u00e4oppimissopimuksen<\/li>\n<\/ul>\n<p>&nbsp;<\/p>\n<p><strong>Ty\u00f6ss\u00e4oppimisen aikana opettaja<\/strong><\/p>\n<p><a href=\"http:\/\/www.verkkovaria.fi\/tyossaoppimisentuki\/wp-content\/uploads\/2016\/02\/ilmav.-putkiasentaja.jpg\" rel=\"attachment wp-att-346\"><img loading=\"lazy\" decoding=\"async\" src=\"http:\/\/www.verkkovaria.fi\/tyossaoppimisentuki\/wp-content\/uploads\/2016\/02\/ilmav.-putkiasentaja-300x200.jpg\" alt=\"ilmav. putkiasentaja\" width=\"300\" height=\"200\" \/><\/a><\/p>\n<ul>\n<li>ennaltaohjaaminen (<a href=\"http:\/\/www.oph.fi\/download\/166817_rikasta_ja_rakasta_oppimista.pdf\" target=\"_blank\">Rikasta ja rakasta oppimista<\/a>, s. 7)<\/li>\n<li>k\u00e4ytt\u00e4\u00e4\u00a0omia tukiverkostojaan<\/li>\n<li>k\u00e4ytt\u00e4\u00e4 ohjauksessa\u00a0puhelinta, tekstiviestej\u00e4, s\u00e4hk\u00f6postia, joillakin facebook, whatsapp (<a href=\"http:\/\/www.oph.fi\/download\/166817_rikasta_ja_rakasta_oppimista.pdf\" target=\"_blank\">Rikasta ja rakasta oppimista<\/a>, s. 6)<\/li>\n<li>keskustelut ty\u00f6paikkaohjaajan kanssa opiskelijan ammattitaidon ja sosiaalisen kanssak\u00e4ymisen kehittymisest\u00e4<\/li>\n<li>viikottaiset k\u00e4ynnit ty\u00f6ss\u00e4oppimispaikalla<\/li>\n<li>seuraa ty\u00f6ss\u00e4oppijan teht\u00e4vien vaihtelevuutta ja sopivaa haastavuutta huomioiden opiskelijan vahvuudet (tarvittessa ty\u00f6paikan vaihto tai ty\u00f6ss\u00e4oppimisjakson keskeytys)<\/li>\n<li>kouluttaa ty\u00f6paikkaohjaajan ty\u00f6paikalla (ty\u00f6paikkaohjaajakoulutus)<\/li>\n<li>opastaa ty\u00f6paikkaohjaajaa opiskelijan tuen tarpeissa<\/li>\n<li>varmistaa opiskelijan ohjauksen olevan yksil\u00f6llist\u00e4, monipuolista ja laadukasta<\/li>\n<li>osallistuu n\u00e4yt\u00f6n suunnitteluun ja arviointiin (<a href=\"http:\/\/www.oph.fi\/download\/166817_rikasta_ja_rakasta_oppimista.pdf\" target=\"_blank\">Rikasta ja rakasta oppimista<\/a>, s. 8)<\/li>\n<li>arvioi ty\u00f6ss\u00e4oppimisjakson\u00a0 tavoitteiden t\u00e4yttymist\u00e4<\/li>\n<\/ul>\n<p>&nbsp;<\/p>\n<p><strong>Ty\u00f6ss\u00e4oppimisen j\u00e4lkeen opettaja<\/strong><\/p>\n<p><a href=\"http:\/\/www.verkkovaria.fi\/tyossaoppimisentuki\/wp-content\/uploads\/2016\/02\/matkailu.jpg\" rel=\"attachment wp-att-347\"><img loading=\"lazy\" decoding=\"async\" src=\"http:\/\/www.verkkovaria.fi\/tyossaoppimisentuki\/wp-content\/uploads\/2016\/02\/matkailu-300x200.jpg\" alt=\"matkailu\" width=\"300\" height=\"200\" \/><\/a><\/p>\n<ul>\n<li>keskustelee ty\u00f6ss\u00e4oppimisjakson onnistumisesta opiskelijan ja ty\u00f6paikkaohjaajan kanssa<\/li>\n<li>k\u00e4y arviointi- ja palautekeskustelun sek\u00e4 antaa rakentavaa palautetta (<a href=\"http:\/\/www.oph.fi\/download\/166817_rikasta_ja_rakasta_oppimista.pdf\" target=\"_blank\">Rikasta ja rakasta oppimista<\/a>, s. 8)<\/li>\n<\/ul>\n","protected":false},"excerpt":{"rendered":"<p>Ennen ty\u00f6ss\u00e4oppimista opettaja opiskelijan k\u00e4dentaidot, toiveet ja vahvuudet huomioiden valitaan sopiva ty\u00f6ss\u00e4oppimispaikka (tarvittaessa opettaja auttaa ty\u00f6ss\u00e4oppimispaikan hakemisessa) huomioi esim. terveydelliset syyt, jatko-opintopolku\u00a0ja kulkuyhteydet paikan valinnassa suunnitelee mahdolliset yhteisten tutkinnonosien integroinnit suunnitellaan tarvittava ohjaus ottaen huomioon opiskelijan tarpeet ja tavoitteet, arvioidaan tarvitaanko ty\u00f6valmentajaa (Rikasta ja rakasta oppimista, s. 7) tukee ja auttaa opiskelijaa sopivan ty\u00f6ss\u00e4oppimispaikan haussa &hellip; <a href=\"https:\/\/www.verkkovaria.fi\/tyossaoppimisentuki\/?page_id=70\">Continued<\/a><\/p>\n","protected":false},"author":1,"featured_media":0,"parent":0,"menu_order":0,"comment_status":"closed","ping_status":"open","template":"","meta":{"footnotes":"","_links_to":"","_links_to_target":""},"class_list":["post-70","page","type-page","status-publish","hentry"],"_links":{"self":[{"href":"https:\/\/www.verkkovaria.fi\/tyossaoppimisentuki\/index.php?rest_route=\/wp\/v2\/pages\/70","targetHints":{"allow":["GET"]}}],"collection":[{"href":"https:\/\/www.verkkovaria.fi\/tyossaoppimisentuki\/index.php?rest_route=\/wp\/v2\/pages"}],"about":[{"href":"https:\/\/www.verkkovaria.fi\/tyossaoppimisentuki\/index.php?rest_route=\/wp\/v2\/types\/page"}],"author":[{"embeddable":true,"href":"https:\/\/www.verkkovaria.fi\/tyossaoppimisentuki\/index.php?rest_route=\/wp\/v2\/users\/1"}],"replies":[{"embeddable":true,"href":"https:\/\/www.verkkovaria.fi\/tyossaoppimisentuki\/index.php?rest_route=%2Fwp%2Fv2%2Fcomments&post=70"}],"version-history":[{"count":18,"href":"https:\/\/www.verkkovaria.fi\/tyossaoppimisentuki\/index.php?rest_route=\/wp\/v2\/pages\/70\/revisions"}],"predecessor-version":[{"id":403,"href":"https:\/\/www.verkkovaria.fi\/tyossaoppimisentuki\/index.php?rest_route=\/wp\/v2\/pages\/70\/revisions\/403"}],"wp:attachment":[{"href":"https:\/\/www.verkkovaria.fi\/tyossaoppimisentuki\/index.php?rest_route=%2Fwp%2Fv2%2Fmedia&parent=70"}],"curies":[{"name":"wp","href":"https:\/\/api.w.org\/{rel}","templated":true}]}}