{"id":145,"date":"2016-01-14T10:36:14","date_gmt":"2016-01-14T10:36:14","guid":{"rendered":"http:\/\/www.verkkovaria.fi\/yhteiset\/aidinkieli\/?page_id=145"},"modified":"2016-06-29T12:55:24","modified_gmt":"2016-06-29T12:55:24","slug":"tyoelaman-tekstit","status":"publish","type":"page","link":"https:\/\/www.verkkovaria.fi\/yhteiset\/aidinkieli\/?page_id=145","title":{"rendered":"Tekstilajit ty\u00f6el\u00e4m\u00e4ss\u00e4"},"content":{"rendered":"<p><strong>Tervetuloa Tekstilajit ty\u00f6el\u00e4m\u00e4ss\u00e4 -verkkototeutukseen<\/strong><\/p>\n<p>Tekstilajit ty\u00f6el\u00e4m\u00e4ss\u00e4\u00a0-verkkototeutuksessa harjoittelet keskeisi\u00e4 ty\u00f6el\u00e4m\u00e4ss\u00e4 t\u00e4rkeit\u00e4 ja aktiivisen kansalaisen\u00a0tarvitsemia asiakirjoja ja liikekirjeit\u00e4. Opettelet muun muassa kirjoittamaan ty\u00f6hakemuksen, tarjouspyynn\u00f6n\u00a0ja reklamaation k\u00e4ytt\u00e4en niin sanottua vakioasettelua. Selkeiden ja informatiivisten asiakirjojen laatiminen on keskeinen taito niin ty\u00f6- kuin yksityisel\u00e4m\u00e4ss\u00e4kin.<\/p>\n<p>Tekstilajit ty\u00f6el\u00e4m\u00e4ss\u00e4\u00a0-verkkototeutuksen voit suorittaa miss\u00e4 vaiheessa tahansa opintoja omaan tahtiisi. Verkkototeutus suoritetaan\u00a0itsen\u00e4isesti teht\u00e4vi\u00e4 tekem\u00e4ll\u00e4. Verkkototeutuksen lopuksi palautat kaikki teht\u00e4v\u00e4t kerralla ohjaavalle opettajalle\u00a0s\u00e4hk\u00f6postitse tai muulla \u00a0sovitulla\u00a0tavalla.<\/p>\n<p>Jos tarvitset henkil\u00f6kohtaista ohjausta, ole yhteydess\u00e4\u00a0s\u00e4hk\u00f6postitse verkkototeutuksen opettajaan.<\/p>\n<p>Kun haluat suorittaa Tekstilajit ty\u00f6el\u00e4m\u00e4ss\u00e4 -verkkototeutuksen, ota yhteytt\u00e4 \u00e4idinkielen opettajaasi tai opinto-ohjaajaan.<\/p>\n<p><strong>Arviointi<br \/>\n<\/strong>Tekstilajit ty\u00f6el\u00e4m\u00e4ss\u00e4\u00a0-verkkototeutus arvioidaan suoritusmerkinn\u00e4ll\u00e4 Suoritettu (S) \/ Kesken (KE). Suoritusmerkinn\u00e4n S\u00a0saadakseen opiskelijan tulee tehd\u00e4 hyv\u00e4ksytysti ja palauttaa kaikki verkkototeutuksen teht\u00e4v\u00e4t.<\/p>\n<p style=\"text-align: center;\"><a style=\"color: #ffffff;\" href=\"http:\/\/www.verkkovaria.fi\/yhteiset\/aidinkieli\/?page_id=149\" target=\"_blank\">Teht\u00e4v\u00e4 1: Kuvaus omasta ammattitaidosta<\/a><\/p>\n<p style=\"text-align: center;\"><a style=\"color: #ffffff;\" href=\"http:\/\/www.verkkovaria.fi\/yhteiset\/aidinkieli\/?page_id=153\" target=\"_blank\">Teht\u00e4v\u00e4 2: Ansioluettelo \/ CV<\/a><\/p>\n<p style=\"text-align: center;\"><a style=\"color: #ffffff;\" href=\"http:\/\/www.verkkovaria.fi\/yhteiset\/aidinkieli\/?page_id=157\" target=\"_blank\">Teht\u00e4v\u00e4 3: Ty\u00f6paikkailmoitus<\/a><\/p>\n<p style=\"text-align: center;\"><a style=\"color: #ffffff;\" href=\"http:\/\/www.verkkovaria.fi\/yhteiset\/aidinkieli\/?page_id=161\" target=\"_blank\">Teht\u00e4v\u00e4 4: Ty\u00f6hakemus<\/a><\/p>\n<p style=\"text-align: center;\"><a style=\"color: #ffffff;\" href=\"http:\/\/www.verkkovaria.fi\/yhteiset\/aidinkieli\/?page_id=165\" target=\"_blank\">Teht\u00e4v\u00e4 5: Tarjouspyynt\u00f6<\/a><\/p>\n<p style=\"text-align: center;\"><a style=\"color: #ffffff;\" href=\"http:\/\/www.verkkovaria.fi\/yhteiset\/aidinkieli\/?page_id=169\" target=\"_blank\">Teht\u00e4v\u00e4 6: Tarjous<\/a><\/p>\n<p style=\"text-align: center;\"><a style=\"color: #ffffff;\" href=\"http:\/\/www.verkkovaria.fi\/yhteiset\/aidinkieli\/?page_id=175\" target=\"_blank\">Teht\u00e4v\u00e4 7: Reklamaatio<\/a><\/p>\n<p style=\"text-align: center;\"><a style=\"color: #ffffff;\" href=\"http:\/\/www.verkkovaria.fi\/yhteiset\/aidinkieli\/?page_id=179\" target=\"_blank\">Teht\u00e4v\u00e4 8: Anomus (hakemus)<\/a><\/p>\n<p style=\"text-align: center;\"><a style=\"color: #ffffff;\" href=\"http:\/\/www.verkkovaria.fi\/yhteiset\/aidinkieli\/?page_id=183\" target=\"_blank\">Teht\u00e4v\u00e4 9: Kokouskutsu<\/a><\/p>\n<p style=\"text-align: center;\"><a style=\"color: #ffffff;\" href=\"http:\/\/www.verkkovaria.fi\/yhteiset\/aidinkieli\/?page_id=187\" target=\"_blank\">Teht\u00e4v\u00e4 10: P\u00f6yt\u00e4kirja<\/a><\/p>\n","protected":false},"excerpt":{"rendered":"<p>Tervetuloa Tekstilajit ty\u00f6el\u00e4m\u00e4ss\u00e4 -verkkototeutukseen Tekstilajit ty\u00f6el\u00e4m\u00e4ss\u00e4\u00a0-verkkototeutuksessa harjoittelet keskeisi\u00e4 ty\u00f6el\u00e4m\u00e4ss\u00e4 t\u00e4rkeit\u00e4 ja aktiivisen kansalaisen\u00a0tarvitsemia asiakirjoja ja liikekirjeit\u00e4. Opettelet muun muassa kirjoittamaan ty\u00f6hakemuksen, tarjouspyynn\u00f6n\u00a0ja reklamaation k\u00e4ytt\u00e4en niin sanottua vakioasettelua. Selkeiden ja informatiivisten asiakirjojen laatiminen on keskeinen taito niin ty\u00f6- kuin yksityisel\u00e4m\u00e4ss\u00e4kin. Tekstilajit ty\u00f6el\u00e4m\u00e4ss\u00e4\u00a0-verkkototeutuksen voit suorittaa miss\u00e4 vaiheessa tahansa opintoja omaan tahtiisi. Verkkototeutus suoritetaan\u00a0itsen\u00e4isesti teht\u00e4vi\u00e4 tekem\u00e4ll\u00e4. Verkkototeutuksen lopuksi &hellip; <a href=\"https:\/\/www.verkkovaria.fi\/yhteiset\/aidinkieli\/?page_id=145\">Continued<\/a><\/p>\n","protected":false},"author":2,"featured_media":0,"parent":0,"menu_order":0,"comment_status":"closed","ping_status":"closed","template":"","meta":{"footnotes":"","_links_to":"","_links_to_target":""},"class_list":["post-145","page","type-page","status-publish","hentry"],"_links":{"self":[{"href":"https:\/\/www.verkkovaria.fi\/yhteiset\/aidinkieli\/index.php?rest_route=\/wp\/v2\/pages\/145","targetHints":{"allow":["GET"]}}],"collection":[{"href":"https:\/\/www.verkkovaria.fi\/yhteiset\/aidinkieli\/index.php?rest_route=\/wp\/v2\/pages"}],"about":[{"href":"https:\/\/www.verkkovaria.fi\/yhteiset\/aidinkieli\/index.php?rest_route=\/wp\/v2\/types\/page"}],"author":[{"embeddable":true,"href":"https:\/\/www.verkkovaria.fi\/yhteiset\/aidinkieli\/index.php?rest_route=\/wp\/v2\/users\/2"}],"replies":[{"embeddable":true,"href":"https:\/\/www.verkkovaria.fi\/yhteiset\/aidinkieli\/index.php?rest_route=%2Fwp%2Fv2%2Fcomments&post=145"}],"version-history":[{"count":12,"href":"https:\/\/www.verkkovaria.fi\/yhteiset\/aidinkieli\/index.php?rest_route=\/wp\/v2\/pages\/145\/revisions"}],"predecessor-version":[{"id":583,"href":"https:\/\/www.verkkovaria.fi\/yhteiset\/aidinkieli\/index.php?rest_route=\/wp\/v2\/pages\/145\/revisions\/583"}],"wp:attachment":[{"href":"https:\/\/www.verkkovaria.fi\/yhteiset\/aidinkieli\/index.php?rest_route=%2Fwp%2Fv2%2Fmedia&parent=145"}],"curies":[{"name":"wp","href":"https:\/\/api.w.org\/{rel}","templated":true}]}}