{"id":325,"date":"2016-02-28T16:12:52","date_gmt":"2016-02-28T16:12:52","guid":{"rendered":"http:\/\/www.verkkovaria.fi\/yhteiset\/aidinkieli\/?page_id=325"},"modified":"2016-04-08T14:32:48","modified_gmt":"2016-04-08T14:32:48","slug":"autoalan-aidinkieli-tehtava-9-kommentointi","status":"publish","type":"page","link":"https:\/\/www.verkkovaria.fi\/yhteiset\/aidinkieli\/?page_id=325","title":{"rendered":"Autoalan \u00e4idinkieli, teht\u00e4v\u00e4 9: kommentointi"},"content":{"rendered":"<p>On t\u00e4rke\u00e4\u00e4 ker\u00e4t\u00e4 tietoa kollegoilta. K\u00e4y tutustumassa muiden alasi opiskelijoiden tuotoksiin esimerkiksi ryhm\u00e4n blogissa ja kommentoi niit\u00e4. Muista olla ammatillinen ja rakentava, siis harkitse sanasi ja perustele mielipiteesi. Voit kertoa kommentissasi, oliko tieto sinulle uusi tai oletko samaa vai eri mielt\u00e4. Kommentoi ainakin nelj\u00e4\u00e4 (4) tuotosta.<\/p>\n","protected":false},"excerpt":{"rendered":"<p>On t\u00e4rke\u00e4\u00e4 ker\u00e4t\u00e4 tietoa kollegoilta. K\u00e4y tutustumassa muiden alasi opiskelijoiden tuotoksiin esimerkiksi ryhm\u00e4n blogissa ja kommentoi niit\u00e4. Muista olla ammatillinen ja rakentava, siis harkitse sanasi ja perustele mielipiteesi. Voit kertoa kommentissasi, oliko tieto sinulle uusi tai oletko samaa vai eri mielt\u00e4. Kommentoi ainakin nelj\u00e4\u00e4 (4) tuotosta.<\/p>\n","protected":false},"author":4,"featured_media":0,"parent":0,"menu_order":0,"comment_status":"closed","ping_status":"closed","template":"","meta":{"footnotes":"","_links_to":"","_links_to_target":""},"class_list":["post-325","page","type-page","status-publish","hentry"],"_links":{"self":[{"href":"https:\/\/www.verkkovaria.fi\/yhteiset\/aidinkieli\/index.php?rest_route=\/wp\/v2\/pages\/325","targetHints":{"allow":["GET"]}}],"collection":[{"href":"https:\/\/www.verkkovaria.fi\/yhteiset\/aidinkieli\/index.php?rest_route=\/wp\/v2\/pages"}],"about":[{"href":"https:\/\/www.verkkovaria.fi\/yhteiset\/aidinkieli\/index.php?rest_route=\/wp\/v2\/types\/page"}],"author":[{"embeddable":true,"href":"https:\/\/www.verkkovaria.fi\/yhteiset\/aidinkieli\/index.php?rest_route=\/wp\/v2\/users\/4"}],"replies":[{"embeddable":true,"href":"https:\/\/www.verkkovaria.fi\/yhteiset\/aidinkieli\/index.php?rest_route=%2Fwp%2Fv2%2Fcomments&post=325"}],"version-history":[{"count":3,"href":"https:\/\/www.verkkovaria.fi\/yhteiset\/aidinkieli\/index.php?rest_route=\/wp\/v2\/pages\/325\/revisions"}],"predecessor-version":[{"id":536,"href":"https:\/\/www.verkkovaria.fi\/yhteiset\/aidinkieli\/index.php?rest_route=\/wp\/v2\/pages\/325\/revisions\/536"}],"wp:attachment":[{"href":"https:\/\/www.verkkovaria.fi\/yhteiset\/aidinkieli\/index.php?rest_route=%2Fwp%2Fv2%2Fmedia&parent=325"}],"curies":[{"name":"wp","href":"https:\/\/api.w.org\/{rel}","templated":true}]}}

Autoalan äidinkieli, tehtävä 9: kommentointi

<p>On tärkeää kerätä tietoa kollegoilta. Käy tutustumassa muiden alasi opiskelijoiden tuotoksiin esimerkiksi ryhmän blogissa ja kommentoi niitä. Muista olla ammatillinen ja rakentava, siis harkitse sanasi ja perustele mielipiteesi. Voit kertoa kommentissasi, oliko tieto sinulle uusi tai oletko samaa vai eri mieltä. Kommentoi ainakin neljää (4) tuotosta.</p>
