{"id":328,"date":"2016-02-28T16:15:47","date_gmt":"2016-02-28T16:15:47","guid":{"rendered":"http:\/\/www.verkkovaria.fi\/yhteiset\/aidinkieli\/?page_id=328"},"modified":"2016-06-29T13:27:03","modified_gmt":"2016-06-29T13:27:03","slug":"autoalan-aidinkieli-tehtava-8-ajankohtainen-artikkeli-ja-nettiryhmat","status":"publish","type":"page","link":"https:\/\/www.verkkovaria.fi\/yhteiset\/aidinkieli\/?page_id=328","title":{"rendered":"Autoalan \u00e4idinkieli, teht\u00e4v\u00e4 8: ajankohtainen artikkeli ja nettiryhm\u00e4t"},"content":{"rendered":"<p>A) Etsi yksi ammattiisi liittyv\u00e4 ajankohtainen artikkeli. Lue se huolellisesti ja kommentoi sit\u00e4 muutamilla virkkeill\u00e4. Pohdi kommentissasi erityisesti sit\u00e4, kuinka se vaikuttaa juuri sinun ty\u00f6h\u00f6si alan ammattilaisena.<\/p>\n<p><a href=\"http:\/\/www.hs.fi\/autot\/a1455850591619\" target=\"_blank\">T\u00e4st\u00e4 linkist\u00e4<\/a> p\u00e4\u00e4set n\u00e4kem\u00e4\u00e4n yhden esimerkin Helsingin Sanomista.<\/p>\n<p>B) Selvit\u00e4, mill\u00e4 internet-sivustoilla oman alasi ihmiset pit\u00e4v\u00e4t yhteytt\u00e4.<\/p>\n","protected":false},"excerpt":{"rendered":"<p>A) Etsi yksi ammattiisi liittyv\u00e4 ajankohtainen artikkeli. Lue se huolellisesti ja kommentoi sit\u00e4 muutamilla virkkeill\u00e4. Pohdi kommentissasi erityisesti sit\u00e4, kuinka se vaikuttaa juuri sinun ty\u00f6h\u00f6si alan ammattilaisena. T\u00e4st\u00e4 linkist\u00e4 p\u00e4\u00e4set n\u00e4kem\u00e4\u00e4n yhden esimerkin Helsingin Sanomista. B) Selvit\u00e4, mill\u00e4 internet-sivustoilla oman alasi ihmiset pit\u00e4v\u00e4t yhteytt\u00e4.<\/p>\n","protected":false},"author":4,"featured_media":0,"parent":0,"menu_order":0,"comment_status":"closed","ping_status":"closed","template":"","meta":{"footnotes":"","_links_to":"","_links_to_target":""},"class_list":["post-328","page","type-page","status-publish","hentry"],"_links":{"self":[{"href":"https:\/\/www.verkkovaria.fi\/yhteiset\/aidinkieli\/index.php?rest_route=\/wp\/v2\/pages\/328","targetHints":{"allow":["GET"]}}],"collection":[{"href":"https:\/\/www.verkkovaria.fi\/yhteiset\/aidinkieli\/index.php?rest_route=\/wp\/v2\/pages"}],"about":[{"href":"https:\/\/www.verkkovaria.fi\/yhteiset\/aidinkieli\/index.php?rest_route=\/wp\/v2\/types\/page"}],"author":[{"embeddable":true,"href":"https:\/\/www.verkkovaria.fi\/yhteiset\/aidinkieli\/index.php?rest_route=\/wp\/v2\/users\/4"}],"replies":[{"embeddable":true,"href":"https:\/\/www.verkkovaria.fi\/yhteiset\/aidinkieli\/index.php?rest_route=%2Fwp%2Fv2%2Fcomments&post=328"}],"version-history":[{"count":8,"href":"https:\/\/www.verkkovaria.fi\/yhteiset\/aidinkieli\/index.php?rest_route=\/wp\/v2\/pages\/328\/revisions"}],"predecessor-version":[{"id":593,"href":"https:\/\/www.verkkovaria.fi\/yhteiset\/aidinkieli\/index.php?rest_route=\/wp\/v2\/pages\/328\/revisions\/593"}],"wp:attachment":[{"href":"https:\/\/www.verkkovaria.fi\/yhteiset\/aidinkieli\/index.php?rest_route=%2Fwp%2Fv2%2Fmedia&parent=328"}],"curies":[{"name":"wp","href":"https:\/\/api.w.org\/{rel}","templated":true}]}}