{"id":392,"date":"2016-03-01T08:45:53","date_gmt":"2016-03-01T08:45:53","guid":{"rendered":"http:\/\/www.verkkovaria.fi\/yhteiset\/aidinkieli\/?page_id=392"},"modified":"2016-06-29T14:39:35","modified_gmt":"2016-06-29T14:39:35","slug":"tehtava-7-mina-kielenkayttajana","status":"publish","type":"page","link":"https:\/\/www.verkkovaria.fi\/yhteiset\/aidinkieli\/?page_id=392","title":{"rendered":"Teht\u00e4v\u00e4 7: Min\u00e4 kielenk\u00e4ytt\u00e4j\u00e4n\u00e4"},"content":{"rendered":"<p>Kirjoita 300 sanan kuvaus itsest\u00e4si kielenk\u00e4ytt\u00e4j\u00e4n\u00e4: puhujana, keskustelijana, kirjoittajana,\u00a0lukijana, tiedon etsij\u00e4n\u00e4 ja tiedon k\u00e4ytt\u00e4j\u00e4n\u00e4 jne.<\/p>\n<p>Otsikoi teksti sis\u00e4lt\u00f6\u00e4 kuvaavasti. K\u00e4yt\u00e4 tekstin ulkoasussa vakioasettelua.\u00a0Voit viitata tekstiss\u00e4si t\u00e4ll\u00e4 kurssilla tekemiisi teht\u00e4viin ja k\u00e4ymiisi verkkokeskusteluihin.<\/p>\n<p>Palauta teht\u00e4v\u00e4 sovitulla tavalla, esim.\u00a0s\u00e4hk\u00f6postin liitetiedostona. Muistathan s\u00e4hk\u00f6postia k\u00e4ytett\u00e4ess\u00e4 kirjoittaa\u00a0viestiss\u00e4si my\u00f6s viestikent\u00e4n ja otsikoida liitetiedoston teht\u00e4v\u00e4\u00e4 kuvaavasti.<\/p>\n","protected":false},"excerpt":{"rendered":"<p>Kirjoita 300 sanan kuvaus itsest\u00e4si kielenk\u00e4ytt\u00e4j\u00e4n\u00e4: puhujana, keskustelijana, kirjoittajana,\u00a0lukijana, tiedon etsij\u00e4n\u00e4 ja tiedon k\u00e4ytt\u00e4j\u00e4n\u00e4 jne. Otsikoi teksti sis\u00e4lt\u00f6\u00e4 kuvaavasti. K\u00e4yt\u00e4 tekstin ulkoasussa vakioasettelua.\u00a0Voit viitata tekstiss\u00e4si t\u00e4ll\u00e4 kurssilla tekemiisi teht\u00e4viin ja k\u00e4ymiisi verkkokeskusteluihin. Palauta teht\u00e4v\u00e4 sovitulla tavalla, esim.\u00a0s\u00e4hk\u00f6postin liitetiedostona. Muistathan s\u00e4hk\u00f6postia k\u00e4ytett\u00e4ess\u00e4 kirjoittaa\u00a0viestiss\u00e4si my\u00f6s viestikent\u00e4n ja otsikoida liitetiedoston teht\u00e4v\u00e4\u00e4 kuvaavasti.<\/p>\n","protected":false},"author":2,"featured_media":0,"parent":0,"menu_order":0,"comment_status":"closed","ping_status":"closed","template":"","meta":{"footnotes":"","_links_to":"","_links_to_target":""},"class_list":["post-392","page","type-page","status-publish","hentry"],"_links":{"self":[{"href":"https:\/\/www.verkkovaria.fi\/yhteiset\/aidinkieli\/index.php?rest_route=\/wp\/v2\/pages\/392","targetHints":{"allow":["GET"]}}],"collection":[{"href":"https:\/\/www.verkkovaria.fi\/yhteiset\/aidinkieli\/index.php?rest_route=\/wp\/v2\/pages"}],"about":[{"href":"https:\/\/www.verkkovaria.fi\/yhteiset\/aidinkieli\/index.php?rest_route=\/wp\/v2\/types\/page"}],"author":[{"embeddable":true,"href":"https:\/\/www.verkkovaria.fi\/yhteiset\/aidinkieli\/index.php?rest_route=\/wp\/v2\/users\/2"}],"replies":[{"embeddable":true,"href":"https:\/\/www.verkkovaria.fi\/yhteiset\/aidinkieli\/index.php?rest_route=%2Fwp%2Fv2%2Fcomments&post=392"}],"version-history":[{"count":3,"href":"https:\/\/www.verkkovaria.fi\/yhteiset\/aidinkieli\/index.php?rest_route=\/wp\/v2\/pages\/392\/revisions"}],"predecessor-version":[{"id":609,"href":"https:\/\/www.verkkovaria.fi\/yhteiset\/aidinkieli\/index.php?rest_route=\/wp\/v2\/pages\/392\/revisions\/609"}],"wp:attachment":[{"href":"https:\/\/www.verkkovaria.fi\/yhteiset\/aidinkieli\/index.php?rest_route=%2Fwp%2Fv2%2Fmedia&parent=392"}],"curies":[{"name":"wp","href":"https:\/\/api.w.org\/{rel}","templated":true}]}}