{"id":66,"date":"2016-01-13T13:25:44","date_gmt":"2016-01-13T13:25:44","guid":{"rendered":"http:\/\/www.verkkovaria.fi\/yhteiset\/aidinkieli\/?page_id=66"},"modified":"2016-06-29T09:18:15","modified_gmt":"2016-06-29T09:18:15","slug":"tekstilajit-opinnoissa-1","status":"publish","type":"page","link":"https:\/\/www.verkkovaria.fi\/yhteiset\/aidinkieli\/?page_id=66","title":{"rendered":"Tekstilajit opinnoissa 1"},"content":{"rendered":"<p><strong>Tervetuloa Tekstilajit opinnoissa 1 -verkkototeutukseen<\/strong><\/p>\n<p>Tekstilajit opinnoissa 1 -verkkototeutuksessa harjoitellaan opinnoissa tarvittavia tekstilajeja kuten referointia ja\u00a0esseekirjoittamista. Verkkototeutus suoritetaan itsen\u00e4isesti ja sille tulee ilmoittautua, koska se opiskelllaan yhden jakson\u00a0aikana. Teht\u00e4v\u00e4t palautetaan opettajalle alussa sovittavalla tavalla esimerkiksi\u00a0viikoittain.<\/p>\n<p><strong>Arviointi<\/strong><\/p>\n<p>Verkkototeutuksen suorittanut saa suoritusmerkinn\u00e4n S. Jos verkkototeutus j\u00e4\u00e4 kesken, opintorekisteriin merkit\u00e4\u00e4n KE. Verkkototeutuksen hyv\u00e4ksytty\u00a0suorittaminen edellytt\u00e4\u00e4 kaikkien verkkototeutuksen teht\u00e4vien ohjeidenmukaista tekemist\u00e4.<\/p>\n<p style=\"text-align: center;\"><a style=\"color: #ffffff;\" href=\"http:\/\/www.verkkovaria.fi\/yhteiset\/aidinkieli\/?page_id=347\" target=\"_blank\">Teht\u00e4v\u00e4 1: Suorasta ep\u00e4suoraksi<\/a><\/p>\n<p style=\"text-align: center;\"><a style=\"color: #ffffff;\" href=\"http:\/\/www.verkkovaria.fi\/yhteiset\/aidinkieli\/?page_id=351\" target=\"_blank\">Teht\u00e4v\u00e4 2: Viittaustavat<\/a><\/p>\n<p style=\"text-align: center;\"><a style=\"color: #ffffff;\" href=\"http:\/\/www.verkkovaria.fi\/yhteiset\/aidinkieli\/?page_id=355\" target=\"_blank\">Teht\u00e4v\u00e4 3: Koevastaus<\/a><\/p>\n<p style=\"text-align: center;\"><a style=\"color: #ffffff;\" href=\"http:\/\/www.verkkovaria.fi\/yhteiset\/aidinkieli\/?page_id=359\" target=\"_blank\">Teht\u00e4v\u00e4 4: Kuullun referointi<\/a><\/p>\n<p style=\"text-align: center;\"><a style=\"color: #ffffff;\" href=\"http:\/\/www.verkkovaria.fi\/yhteiset\/aidinkieli\/?page_id=363\" target=\"_blank\">Teht\u00e4v\u00e4 5: Luetun referointi<\/a><\/p>\n","protected":false},"excerpt":{"rendered":"<p>Tervetuloa Tekstilajit opinnoissa 1 -verkkototeutukseen Tekstilajit opinnoissa 1 -verkkototeutuksessa harjoitellaan opinnoissa tarvittavia tekstilajeja kuten referointia ja\u00a0esseekirjoittamista. Verkkototeutus suoritetaan itsen\u00e4isesti ja sille tulee ilmoittautua, koska se opiskelllaan yhden jakson\u00a0aikana. Teht\u00e4v\u00e4t palautetaan opettajalle alussa sovittavalla tavalla esimerkiksi\u00a0viikoittain. Arviointi Verkkototeutuksen suorittanut saa suoritusmerkinn\u00e4n S. Jos verkkototeutus j\u00e4\u00e4 kesken, opintorekisteriin merkit\u00e4\u00e4n KE. Verkkototeutuksen hyv\u00e4ksytty\u00a0suorittaminen edellytt\u00e4\u00e4 kaikkien verkkototeutuksen teht\u00e4vien ohjeidenmukaista &hellip; <a href=\"https:\/\/www.verkkovaria.fi\/yhteiset\/aidinkieli\/?page_id=66\">Continued<\/a><\/p>\n","protected":false},"author":1,"featured_media":0,"parent":0,"menu_order":0,"comment_status":"closed","ping_status":"closed","template":"","meta":{"footnotes":"","_links_to":"","_links_to_target":""},"class_list":["post-66","page","type-page","status-publish","hentry"],"_links":{"self":[{"href":"https:\/\/www.verkkovaria.fi\/yhteiset\/aidinkieli\/index.php?rest_route=\/wp\/v2\/pages\/66","targetHints":{"allow":["GET"]}}],"collection":[{"href":"https:\/\/www.verkkovaria.fi\/yhteiset\/aidinkieli\/index.php?rest_route=\/wp\/v2\/pages"}],"about":[{"href":"https:\/\/www.verkkovaria.fi\/yhteiset\/aidinkieli\/index.php?rest_route=\/wp\/v2\/types\/page"}],"author":[{"embeddable":true,"href":"https:\/\/www.verkkovaria.fi\/yhteiset\/aidinkieli\/index.php?rest_route=\/wp\/v2\/users\/1"}],"replies":[{"embeddable":true,"href":"https:\/\/www.verkkovaria.fi\/yhteiset\/aidinkieli\/index.php?rest_route=%2Fwp%2Fv2%2Fcomments&post=66"}],"version-history":[{"count":8,"href":"https:\/\/www.verkkovaria.fi\/yhteiset\/aidinkieli\/index.php?rest_route=\/wp\/v2\/pages\/66\/revisions"}],"predecessor-version":[{"id":569,"href":"https:\/\/www.verkkovaria.fi\/yhteiset\/aidinkieli\/index.php?rest_route=\/wp\/v2\/pages\/66\/revisions\/569"}],"wp:attachment":[{"href":"https:\/\/www.verkkovaria.fi\/yhteiset\/aidinkieli\/index.php?rest_route=%2Fwp%2Fv2%2Fmedia&parent=66"}],"curies":[{"name":"wp","href":"https:\/\/api.w.org\/{rel}","templated":true}]}}