{"id":16,"date":"2015-08-25T12:48:17","date_gmt":"2015-08-25T12:48:17","guid":{"rendered":"http:\/\/www.verkkovaria.fi\/yhteiset\/englanti\/?page_id=16"},"modified":"2016-07-05T10:08:44","modified_gmt":"2016-07-05T10:08:44","slug":"oppimisprosessi","status":"publish","type":"page","link":"https:\/\/www.verkkovaria.fi\/yhteiset\/englanti\/?page_id=16","title":{"rendered":"Opiskeluprosessi"},"content":{"rendered":"<p>Englannin verkkototeutuksissa useat teht\u00e4v\u00e4t koostuvat yhdest\u00e4 tai useammasta pienemm\u00e4st\u00e4 osasta, joista jokainen tulee tehd\u00e4 ja palauttaa annetun aikataulun rajoissa. Opiskelun aluksi sovitaan aikataulu ja palautusp\u00e4iv\u00e4t. Joka viikko teht\u00e4v\u00e4ksi tulee keskim\u00e4\u00e4rin yksi teht\u00e4v\u00e4, mutta koska osa teht\u00e4vist\u00e4 vaatii enemm\u00e4n ty\u00f6t\u00e4 kuin toiset teht\u00e4v\u00e4t, aikataulu voidaan m\u00e4\u00e4ritt\u00e4\u00e4 opiskelijoiden mukaan.<\/p>\n<p>Opinnot aloitetaan tapaamisella, jossa esitell\u00e4\u00e4n opintojen rakenne ja ohjeet teht\u00e4vien suorittamiselle. Opettaja ilmoittaa tapaamisajankohdan ja paikan ennen opiskelun alkua. Henkil\u00f6kohtainen ohjaus ja opettajan ja opiskelijoiden v\u00e4linen kommunikaatio tapahtuvat p\u00e4\u00e4asiallisesti alussa sovittavalla\u00a0alustalla. Jokainen teht\u00e4v\u00e4 palautetaan kyseiselle alustalle tai muulla sovitulla tavalla. Kyseisell\u00e4 alustalla voit kysell\u00e4 opettajalta my\u00f6s kysymyksi\u00e4 ja apua mm. teht\u00e4vien tekemiseen liittyen ja kommentoida toisten opiskelijoiden tuotoksia. Monet teht\u00e4v\u00e4t vaativat yhteisty\u00f6t\u00e4 ja jokaisen opiskelijan osallisuutta, joten on t\u00e4rke\u00e4\u00e4, ett\u00e4 osallistut keskusteluihin ja teht\u00e4vien tekoon aktiivisesti.<\/p>\n<p>Pakollisten opintojen sis\u00e4ll\u00f6n l\u00f6yd\u00e4t Opiskelijalle-alasvetovalikosta kohdasta englanti, pakolliset. Vastaavasti valinnaisten opintojen sis\u00e4ll\u00f6t l\u00f6ytyv\u00e4t englanti, valinnaiset -kohdasta.<\/p>\n<p>Lis\u00e4tietoja:<\/p>\n<p>Arja Voss<br \/>\narja.voss@eduvantaa.fi<\/p>\n<p>Sirpa Lehtola<br \/>\nsirpa.lehtola@eduvantaa.fi<\/p>\n<p>Minna Tamminen<br \/>\nminna.tamminen@eduvantaa.fi<\/p>\n<p>Halutessasi opiskella englannin verkkototeutuksia, voit my\u00f6s olla yhteydess\u00e4 opinto-ohjaajaan tai ryhm\u00e4nohjaajaan.<\/p>\n","protected":false},"excerpt":{"rendered":"<p>Englannin verkkototeutuksissa useat teht\u00e4v\u00e4t koostuvat yhdest\u00e4 tai useammasta pienemm\u00e4st\u00e4 osasta, joista jokainen tulee tehd\u00e4 ja palauttaa annetun aikataulun rajoissa. Opiskelun aluksi sovitaan aikataulu ja palautusp\u00e4iv\u00e4t. Joka viikko teht\u00e4v\u00e4ksi tulee keskim\u00e4\u00e4rin yksi teht\u00e4v\u00e4, mutta koska osa teht\u00e4vist\u00e4 vaatii enemm\u00e4n ty\u00f6t\u00e4 kuin toiset teht\u00e4v\u00e4t, aikataulu voidaan m\u00e4\u00e4ritt\u00e4\u00e4 opiskelijoiden mukaan. Opinnot aloitetaan tapaamisella, jossa esitell\u00e4\u00e4n opintojen rakenne ja &hellip; <a href=\"https:\/\/www.verkkovaria.fi\/yhteiset\/englanti\/?page_id=16\">Continued<\/a><\/p>\n","protected":false},"author":1,"featured_media":272,"parent":0,"menu_order":0,"comment_status":"closed","ping_status":"closed","template":"","meta":{"footnotes":"","_links_to":"","_links_to_target":""},"class_list":["post-16","page","type-page","status-publish","has-post-thumbnail","hentry"],"_links":{"self":[{"href":"https:\/\/www.verkkovaria.fi\/yhteiset\/englanti\/index.php?rest_route=\/wp\/v2\/pages\/16","targetHints":{"allow":["GET"]}}],"collection":[{"href":"https:\/\/www.verkkovaria.fi\/yhteiset\/englanti\/index.php?rest_route=\/wp\/v2\/pages"}],"about":[{"href":"https:\/\/www.verkkovaria.fi\/yhteiset\/englanti\/index.php?rest_route=\/wp\/v2\/types\/page"}],"author":[{"embeddable":true,"href":"https:\/\/www.verkkovaria.fi\/yhteiset\/englanti\/index.php?rest_route=\/wp\/v2\/users\/1"}],"replies":[{"embeddable":true,"href":"https:\/\/www.verkkovaria.fi\/yhteiset\/englanti\/index.php?rest_route=%2Fwp%2Fv2%2Fcomments&post=16"}],"version-history":[{"count":35,"href":"https:\/\/www.verkkovaria.fi\/yhteiset\/englanti\/index.php?rest_route=\/wp\/v2\/pages\/16\/revisions"}],"predecessor-version":[{"id":724,"href":"https:\/\/www.verkkovaria.fi\/yhteiset\/englanti\/index.php?rest_route=\/wp\/v2\/pages\/16\/revisions\/724"}],"wp:featuredmedia":[{"embeddable":true,"href":"https:\/\/www.verkkovaria.fi\/yhteiset\/englanti\/index.php?rest_route=\/wp\/v2\/media\/272"}],"wp:attachment":[{"href":"https:\/\/www.verkkovaria.fi\/yhteiset\/englanti\/index.php?rest_route=%2Fwp%2Fv2%2Fmedia&parent=16"}],"curies":[{"name":"wp","href":"https:\/\/api.w.org\/{rel}","templated":true}]}}