{"id":524,"date":"2016-01-21T11:48:54","date_gmt":"2016-01-21T11:48:54","guid":{"rendered":"http:\/\/www.verkkovaria.fi\/yhteiset\/englanti\/?page_id=524"},"modified":"2016-07-05T10:47:44","modified_gmt":"2016-07-05T10:47:44","slug":"hotelli-ravintola-ja-catering-ala-4-answering-the-customers-questions","status":"publish","type":"page","link":"https:\/\/www.verkkovaria.fi\/yhteiset\/englanti\/?page_id=524","title":{"rendered":"Hotelli-, ravintola- ja catering-ala: 4. Answering the customer&#8217;s questions"},"content":{"rendered":"<p>T\u00e4ss\u00e4 osiossa opitaan kertomaan kahvilan tuotevalikoimasta ja vastaamaan kohteliaasti asiakkaan kysymyksiin englanniksi.<\/p>\n<p>4. a) Kirjoita kohteliaat vastaukset englanniksi seuraaviin asiakkaan esitt\u00e4miin kysymyksiin tai voit halutessasi tehd\u00e4 sarjakuvan tai videon tilanteista englanniksi. Valmiit vastaukset j\u00e4tet\u00e4\u00e4n Fronterin palautuskansioon tai muuhun sovittuun paikkaan.<\/p>\n<ol>\n<li>Selvit\u00e4 listalta kolmen valitsemasi tuotteen raaka-aineet englanniksi ja vastaa asiakkaan kysymykseen: What\u00b4s in it? \/ What does it consist of?<\/li>\n<li>Do you have anything which is lactose free?<\/li>\n<li>Do you have anything which is gluten free?<\/li>\n<li>What would you recommend for a vegetarian?<\/li>\n<li>What kind of Finnish specialities do you have?<\/li>\n<li>Excuse me, where is the toilet?<\/li>\n<\/ol>\n<p>b) Kerro Facebookin \u201cWorking in a caf\u00e9\u201d -keskusteluryhm\u00e4ss\u00e4 mink\u00e4laisia erilaisia kahvijuomia sinun ty\u00f6paikallasi on tarjolla ja osaatko jo valmistaa niit\u00e4. Kerro lis\u00e4ksi mit\u00e4 suomalaista erikoisuutta suosittelisit ulkomaiselle asiakkaalle oman ty\u00f6paikkasi tuotevalikoimasta ja kommentoi muiden suosittelemia tuotteita.<\/p>\n","protected":false},"excerpt":{"rendered":"<p>T\u00e4ss\u00e4 osiossa opitaan kertomaan kahvilan tuotevalikoimasta ja vastaamaan kohteliaasti asiakkaan kysymyksiin englanniksi. 4. a) Kirjoita kohteliaat vastaukset englanniksi seuraaviin asiakkaan esitt\u00e4miin kysymyksiin tai voit halutessasi tehd\u00e4 sarjakuvan tai videon tilanteista englanniksi. Valmiit vastaukset j\u00e4tet\u00e4\u00e4n Fronterin palautuskansioon tai muuhun sovittuun paikkaan. Selvit\u00e4 listalta kolmen valitsemasi tuotteen raaka-aineet englanniksi ja vastaa asiakkaan kysymykseen: What\u00b4s in it? \/ &hellip; <a href=\"https:\/\/www.verkkovaria.fi\/yhteiset\/englanti\/?page_id=524\">Continued<\/a><\/p>\n","protected":false},"author":1,"featured_media":0,"parent":0,"menu_order":0,"comment_status":"closed","ping_status":"closed","template":"","meta":{"footnotes":"","_links_to":"","_links_to_target":""},"class_list":["post-524","page","type-page","status-publish","hentry"],"_links":{"self":[{"href":"https:\/\/www.verkkovaria.fi\/yhteiset\/englanti\/index.php?rest_route=\/wp\/v2\/pages\/524","targetHints":{"allow":["GET"]}}],"collection":[{"href":"https:\/\/www.verkkovaria.fi\/yhteiset\/englanti\/index.php?rest_route=\/wp\/v2\/pages"}],"about":[{"href":"https:\/\/www.verkkovaria.fi\/yhteiset\/englanti\/index.php?rest_route=\/wp\/v2\/types\/page"}],"author":[{"embeddable":true,"href":"https:\/\/www.verkkovaria.fi\/yhteiset\/englanti\/index.php?rest_route=\/wp\/v2\/users\/1"}],"replies":[{"embeddable":true,"href":"https:\/\/www.verkkovaria.fi\/yhteiset\/englanti\/index.php?rest_route=%2Fwp%2Fv2%2Fcomments&post=524"}],"version-history":[{"count":5,"href":"https:\/\/www.verkkovaria.fi\/yhteiset\/englanti\/index.php?rest_route=\/wp\/v2\/pages\/524\/revisions"}],"predecessor-version":[{"id":746,"href":"https:\/\/www.verkkovaria.fi\/yhteiset\/englanti\/index.php?rest_route=\/wp\/v2\/pages\/524\/revisions\/746"}],"wp:attachment":[{"href":"https:\/\/www.verkkovaria.fi\/yhteiset\/englanti\/index.php?rest_route=%2Fwp%2Fv2%2Fmedia&parent=524"}],"curies":[{"name":"wp","href":"https:\/\/api.w.org\/{rel}","templated":true}]}}