{"id":2,"date":"2016-02-19T14:15:46","date_gmt":"2016-02-19T12:15:46","guid":{"rendered":"http:\/\/www.verkkovaria.fi\/yhteiset\/hyvinvointi\/tylte\/?page_id=2"},"modified":"2017-11-10T13:46:36","modified_gmt":"2017-11-10T11:46:36","slug":"esimerkkisivu","status":"publish","type":"page","link":"https:\/\/www.verkkovaria.fi\/yhteiset\/hyvinvointi\/tylte\/","title":{"rendered":"Etusivu"},"content":{"rendered":"<p><strong>Tervehdys!<\/strong><\/p>\n<p>Tervetuloa Ty\u00f6kyvyn yll\u00e4pit\u00e4misen ja terveystiedon verkkototeutukseen. T\u00e4\u00e4ll\u00e4 voit opiskella terveystiedon kokonaisuuden itsen\u00e4isesti. Varaathan teht\u00e4vien tekoon riitt\u00e4v\u00e4sti aikaa. Kokonaista toteutusta\u00a0ei kukaan pysty suorittamaan muutamassa illassa. Toisilla teht\u00e4vien tekoon menee aikaa enemm\u00e4n kuin toisilla. Verkkototeutuksen positiivinen puoli onkin, ett\u00e4 saat keskitty\u00e4 teht\u00e4viin ja oppimiseen rauhassa omassa tahdissa.<\/p>\n<p>&nbsp;<\/p>\n<p>&nbsp;<\/p>\n<p>&nbsp;<\/p>\n<p><em>Opiskelijalle<\/em> -valikon alta l\u00f6yd\u00e4t toteutuksen teht\u00e4v\u00e4t, jotka on jaettu seitsem\u00e4\u00e4n eri teemaan. Jokaisen teeman alla on yksi tai useampi teht\u00e4v\u00e4.<\/p>\n<p>Tsemppi\u00e4 opiskeluun!<\/p>\n<p>&nbsp;<\/p>\n<p>&nbsp;<\/p>\n<p>Kuva:\u00a0Hyv\u00e4 terveys on t\u00e4rke\u00e4 osa ty\u00f6kyky\u00e4. www.shutterstock.com<\/p>\n","protected":false},"excerpt":{"rendered":"<p>Tervehdys! Tervetuloa Ty\u00f6kyvyn yll\u00e4pit\u00e4misen ja terveystiedon verkkototeutukseen. T\u00e4\u00e4ll\u00e4 voit opiskella terveystiedon kokonaisuuden itsen\u00e4isesti. Varaathan teht\u00e4vien tekoon riitt\u00e4v\u00e4sti aikaa. Kokonaista toteutusta\u00a0ei kukaan pysty suorittamaan muutamassa illassa. Toisilla teht\u00e4vien tekoon menee aikaa enemm\u00e4n kuin toisilla. Verkkototeutuksen positiivinen puoli onkin, ett\u00e4 saat keskitty\u00e4 teht\u00e4viin ja oppimiseen rauhassa omassa tahdissa. &nbsp; &nbsp; &nbsp; Opiskelijalle -valikon alta l\u00f6yd\u00e4t toteutuksen teht\u00e4v\u00e4t, &hellip; <a href=\"https:\/\/www.verkkovaria.fi\/yhteiset\/hyvinvointi\/tylte\/\">Continued<\/a><\/p>\n","protected":false},"author":1,"featured_media":0,"parent":0,"menu_order":0,"comment_status":"closed","ping_status":"open","template":"","meta":{"footnotes":"","_links_to":"","_links_to_target":""},"class_list":["post-2","page","type-page","status-publish","hentry"],"_links":{"self":[{"href":"https:\/\/www.verkkovaria.fi\/yhteiset\/hyvinvointi\/tylte\/wp-json\/wp\/v2\/pages\/2","targetHints":{"allow":["GET"]}}],"collection":[{"href":"https:\/\/www.verkkovaria.fi\/yhteiset\/hyvinvointi\/tylte\/wp-json\/wp\/v2\/pages"}],"about":[{"href":"https:\/\/www.verkkovaria.fi\/yhteiset\/hyvinvointi\/tylte\/wp-json\/wp\/v2\/types\/page"}],"author":[{"embeddable":true,"href":"https:\/\/www.verkkovaria.fi\/yhteiset\/hyvinvointi\/tylte\/wp-json\/wp\/v2\/users\/1"}],"replies":[{"embeddable":true,"href":"https:\/\/www.verkkovaria.fi\/yhteiset\/hyvinvointi\/tylte\/wp-json\/wp\/v2\/comments?post=2"}],"version-history":[{"count":23,"href":"https:\/\/www.verkkovaria.fi\/yhteiset\/hyvinvointi\/tylte\/wp-json\/wp\/v2\/pages\/2\/revisions"}],"predecessor-version":[{"id":305,"href":"https:\/\/www.verkkovaria.fi\/yhteiset\/hyvinvointi\/tylte\/wp-json\/wp\/v2\/pages\/2\/revisions\/305"}],"wp:attachment":[{"href":"https:\/\/www.verkkovaria.fi\/yhteiset\/hyvinvointi\/tylte\/wp-json\/wp\/v2\/media?parent=2"}],"curies":[{"name":"wp","href":"https:\/\/api.w.org\/{rel}","templated":true}]}}