{"id":109,"date":"2015-10-20T07:46:11","date_gmt":"2015-10-20T07:46:11","guid":{"rendered":"http:\/\/www.verkkovaria.fi\/yhteiset\/kemia\/?page_id=109"},"modified":"2016-06-27T14:41:58","modified_gmt":"2016-06-27T14:41:58","slug":"muovit","status":"publish","type":"page","link":"https:\/\/www.verkkovaria.fi\/yhteiset\/kemia\/?page_id=109","title":{"rendered":"Muovit"},"content":{"rendered":"<p><em>Osaamistavoite: oman alan kannalta keskeisten muovituotteiden ominaisuuksien tunteminen ja huomioon ottaminen ty\u00f6teht\u00e4viss\u00e4, k\u00e4yt\u00f6st\u00e4 poistettujen muovituotteiden asianmukainen h\u00e4vitt\u00e4minen<\/em><\/p>\n<p>Muovi on yksi raaka-aine, josta voidaan valmistaa erilaisia tuotteita hyvin monenlaisiin k\u00e4ytt\u00f6tarkoituksiin. Eri k\u00e4ytt\u00f6tarkoituksia varten tulee valita erilainen muovi, jotta lopputulos olisi toimiva. Ymp\u00e4rill\u00e4mme on asioita, joita ei olisi koskaan valmistettu, jos muovia ei olisi keksitty. T\u00e4llaisia tuotteita ovat niinkin jokap\u00e4iv\u00e4iset esineet kuin filmit ja CD- ja DVD-levyt ja kannettavat tietokoneet. Muovit ovat mahdollistaneet my\u00f6s ihmisten varaosien valmistamisen, mik\u00e4 on varmasti kasvava ala 3D-printtereiden kehittymisen my\u00f6t\u00e4.<\/p>\n<p>Muovit ovat siis tarpeellisia jokap\u00e4iv\u00e4isess\u00e4 el\u00e4m\u00e4ss\u00e4mme. Mutta muoveista voi synty\u00e4 my\u00f6s ongelmia aivan samoin kuin kaikista muistakin tuotteista. Muovi ei maadu eli se ei hajoa luonnossa vaan j\u00e4\u00e4 t\u00e4ytt\u00e4m\u00e4\u00e4n kaatopaikkoja. Monien muovilaatujen valmistamisessa k\u00e4ytet\u00e4\u00e4n my\u00f6s eritt\u00e4in myrkyllisi\u00e4 kemikaaleja, joiden j\u00e4\u00e4mi\u00e4 voi haihtua muovista viel\u00e4 valmistettua tuotetta k\u00e4ytett\u00e4ess\u00e4.<\/p>\n<h3>Teht\u00e4v\u00e4 1: Perustietoja muoveista<\/h3>\n<p>Vastaa lyhyesti seuraaviin kysymyksiin. Palauta vastauksesi Fronteriin VerkkoKEMIAn palautuskansioon tai muuhun sovittuun paikkaan. Voit k\u00e4ytt\u00e4\u00e4 haluamiasi l\u00e4hteit\u00e4, mutta muista varmistua l\u00e4hteen luotettavuudesta! T\u00e4ss\u00e4 teht\u00e4v\u00e4ss\u00e4 ei tarvitse kirjoittaa l\u00e4hdett\u00e4 n\u00e4kyviin.<\/p>\n<ol>\n<li>Millaisista erilaisista raaka-aineista muoveja voidaan valmistaa?<\/li>\n<li>Mit\u00e4 ovat kertamuovit? Ent\u00e4 kestomuovit? Miten ne eroavat toisistaan?<\/li>\n<li>Mit\u00e4 tarkoittaa polymerointi?<\/li>\n<li>Miksi muoveissa k\u00e4ytet\u00e4\u00e4n t\u00e4yteaineita? Ent\u00e4 apuaineita?<\/li>\n<li>Voiko muovituotteen, jossa on merkint\u00e4 PET, laittaa energiaj\u00e4tteeseen? Ent\u00e4 tuotteen, jossa lukee PVC? Tai tuotteen, jossa on merkint\u00e4 PE-LD?<\/li>\n<li>Onko muovien jatkuvasti lis\u00e4\u00e4ntyv\u00e4 k\u00e4ytt\u00f6 mielest\u00e4si uhka vai hyv\u00e4 asia? Perustele kantasi tosiasioilla!<\/li>\n<\/ol>\n<p>&nbsp;<\/p>\n<h3>Teht\u00e4v\u00e4 2: Oman alan t\u00e4rke\u00e4t muovit<\/h3>\n<p>Autonasentajat tai lentokonemekaanikot kohtaavat ty\u00f6ss\u00e4\u00e4n toisenlaisia muoveja kuin esimerkiksi l\u00e4hihoitajat tai tarjoilijat. On tarkoituksenmukaista valmistaa erilaisia muoveja erilaisia k\u00e4ytt\u00f6tarkoituksia varten, koska muovilaaduilla on omat hyv\u00e4t ja huonot puolensa.<\/p>\n<p><strong>Valitse 3 omalla alallasi t\u00e4rke\u00e4\u00e4 muovilaatua ja laadi niist\u00e4 tietoisku toisille oman alasi opiskelijoille.<\/strong> Tietoiskusi voi olla muodoltaan vaikka PowerPoint-esitys (vain muutama dia!), video (voit pyyt\u00e4\u00e4 kaveria kuvaajaksi), \u00e4\u00e4nite tai vaikka ihan perinteinen juliste (jos teet sen k\u00e4sin, skannaa se s\u00e4hk\u00f6iseen muotoon palautusta varten, tai sovi opettajan kanssa palauttamisen tavasta erikseen). Voit k\u00e4ytt\u00e4\u00e4 luovuuttasi valitessasi tapaa, joka mielest\u00e4si auttaisi toisia oman alasi opiskelijoita oppimaan t\u00e4m\u00e4n muoviasian.<\/p>\n<p><strong>Tietoiskun tulee sis\u00e4lt\u00e4\u00e4 jokaisesta kolmesta muovista v\u00e4hint\u00e4\u00e4n seuraavat asiat:<\/strong><\/p>\n<ul>\n<li>Mist\u00e4 raaka-aineesta valitsemasi muovi on valmistettu<\/li>\n<li>Miten juuri tuo muovi valmistetaan<\/li>\n<li>Mitk\u00e4 tuon muovin yleiset ominaisuudet ovat<\/li>\n<li>Onko tuolla muovilla erityisominaisuuksia<\/li>\n<li>Mihin tuota muovia k\u00e4ytet\u00e4\u00e4n omalla alallasi<\/li>\n<li>Miten voit tunnistaa onko esine valmistettu juuri tuosta muovista<\/li>\n<\/ul>\n<p><strong>Palauta tietoiskusi Fronteriin VerkkoKEMIAn palautuskansioon tai muuhun sovittuun paikkaan.<\/strong><\/p>\n","protected":false},"excerpt":{"rendered":"<p>Osaamistavoite: oman alan kannalta keskeisten muovituotteiden ominaisuuksien tunteminen ja huomioon ottaminen ty\u00f6teht\u00e4viss\u00e4, k\u00e4yt\u00f6st\u00e4 poistettujen muovituotteiden asianmukainen h\u00e4vitt\u00e4minen Muovi on yksi raaka-aine, josta voidaan valmistaa erilaisia tuotteita hyvin monenlaisiin k\u00e4ytt\u00f6tarkoituksiin. Eri k\u00e4ytt\u00f6tarkoituksia varten tulee valita erilainen muovi, jotta lopputulos olisi toimiva. Ymp\u00e4rill\u00e4mme on asioita, joita ei olisi koskaan valmistettu, jos muovia ei olisi keksitty. T\u00e4llaisia tuotteita &hellip; <a href=\"https:\/\/www.verkkovaria.fi\/yhteiset\/kemia\/?page_id=109\">Continued<\/a><\/p>\n","protected":false},"author":1,"featured_media":274,"parent":0,"menu_order":0,"comment_status":"closed","ping_status":"closed","template":"","meta":{"footnotes":"","_links_to":"","_links_to_target":""},"class_list":["post-109","page","type-page","status-publish","has-post-thumbnail","hentry"],"_links":{"self":[{"href":"https:\/\/www.verkkovaria.fi\/yhteiset\/kemia\/index.php?rest_route=\/wp\/v2\/pages\/109","targetHints":{"allow":["GET"]}}],"collection":[{"href":"https:\/\/www.verkkovaria.fi\/yhteiset\/kemia\/index.php?rest_route=\/wp\/v2\/pages"}],"about":[{"href":"https:\/\/www.verkkovaria.fi\/yhteiset\/kemia\/index.php?rest_route=\/wp\/v2\/types\/page"}],"author":[{"embeddable":true,"href":"https:\/\/www.verkkovaria.fi\/yhteiset\/kemia\/index.php?rest_route=\/wp\/v2\/users\/1"}],"replies":[{"embeddable":true,"href":"https:\/\/www.verkkovaria.fi\/yhteiset\/kemia\/index.php?rest_route=%2Fwp%2Fv2%2Fcomments&post=109"}],"version-history":[{"count":8,"href":"https:\/\/www.verkkovaria.fi\/yhteiset\/kemia\/index.php?rest_route=\/wp\/v2\/pages\/109\/revisions"}],"predecessor-version":[{"id":464,"href":"https:\/\/www.verkkovaria.fi\/yhteiset\/kemia\/index.php?rest_route=\/wp\/v2\/pages\/109\/revisions\/464"}],"wp:featuredmedia":[{"embeddable":true,"href":"https:\/\/www.verkkovaria.fi\/yhteiset\/kemia\/index.php?rest_route=\/wp\/v2\/media\/274"}],"wp:attachment":[{"href":"https:\/\/www.verkkovaria.fi\/yhteiset\/kemia\/index.php?rest_route=%2Fwp%2Fv2%2Fmedia&parent=109"}],"curies":[{"name":"wp","href":"https:\/\/api.w.org\/{rel}","templated":true}]}}