{"id":215,"date":"2016-03-07T07:31:11","date_gmt":"2016-03-07T07:31:11","guid":{"rendered":"http:\/\/www.verkkovaria.fi\/yhteiset\/kemia\/?page_id=215"},"modified":"2016-06-27T14:59:15","modified_gmt":"2016-06-27T14:59:15","slug":"talotekniikan-kemia-tehtava-2-jatteet-ja-ymparisto","status":"publish","type":"page","link":"https:\/\/www.verkkovaria.fi\/yhteiset\/kemia\/?page_id=215","title":{"rendered":"Talotekniikan kemia, teht\u00e4v\u00e4 2: j\u00e4tteet ja ymp\u00e4rist\u00f6"},"content":{"rendered":"<p>J\u00c4TTEET JA YMP\u00c4RIST\u00d6<\/p>\n<p>Hae tietoa internetist\u00e4 ja vastaa seuraaviin kysymyksiin. K\u00e4yt\u00e4 tiedonhakuun esimerkiksi Googlea sopivilla hakusanoilla. Teht\u00e4v\u00e4n tavoitteena on osata toimittaa erilaiset kodin j\u00e4tteet oikeisiin paikkoihin ja tuntea merkitt\u00e4vimm\u00e4t oman ammattialan vaaralliset j\u00e4tteet.<\/p>\n<p>1. M\u00e4\u00e4rittele k\u00e4site \u201dvaarallinen j\u00e4te\u201d.<\/p>\n<p>2. Luettele ammattialasi ty\u00f6paikoilta syntyvi\u00e4 vaarallisia j\u00e4tteit\u00e4.<\/p>\n<p>3. Mihin laitat\/toimitat seuraavat j\u00e4tteet?<\/p>\n<ul>\n<li>hajonnut kannettava tietokone<\/li>\n<li>energians\u00e4\u00e4st\u00f6lamppu<\/li>\n<li>mainoslehti<\/li>\n<li>1,5 voltin paristo<\/li>\n<li>pantiton juomat\u00f6lkki<\/li>\n<li>lasinen hillopurkki<\/li>\n<li>vanhentunut leip\u00e4<\/li>\n<li>muovinen elintarvikepakkaus<\/li>\n<li>rikkoutunut pesukone<\/li>\n<li>moposta per\u00e4isin oleva j\u00e4te\u00f6ljy<\/li>\n<li>vanhentunut kipul\u00e4\u00e4ke<\/li>\n<li>tyhj\u00e4 maitot\u00f6lkki<\/li>\n<li>tyhj\u00e4 maalipurkki<\/li>\n<li>ylij\u00e4\u00e4nyt maali<\/li>\n<li>k\u00e4yt\u00f6st\u00e4 poistettu akku<\/li>\n<li>puhelimen laturi<\/li>\n<li>vanha sohva<\/li>\n<\/ul>\n","protected":false},"excerpt":{"rendered":"<p>J\u00c4TTEET JA YMP\u00c4RIST\u00d6 Hae tietoa internetist\u00e4 ja vastaa seuraaviin kysymyksiin. K\u00e4yt\u00e4 tiedonhakuun esimerkiksi Googlea sopivilla hakusanoilla. Teht\u00e4v\u00e4n tavoitteena on osata toimittaa erilaiset kodin j\u00e4tteet oikeisiin paikkoihin ja tuntea merkitt\u00e4vimm\u00e4t oman ammattialan vaaralliset j\u00e4tteet. 1. M\u00e4\u00e4rittele k\u00e4site \u201dvaarallinen j\u00e4te\u201d. 2. Luettele ammattialasi ty\u00f6paikoilta syntyvi\u00e4 vaarallisia j\u00e4tteit\u00e4. 3. Mihin laitat\/toimitat seuraavat j\u00e4tteet? hajonnut kannettava tietokone energians\u00e4\u00e4st\u00f6lamppu mainoslehti &hellip; <a href=\"https:\/\/www.verkkovaria.fi\/yhteiset\/kemia\/?page_id=215\">Continued<\/a><\/p>\n","protected":false},"author":3,"featured_media":0,"parent":0,"menu_order":0,"comment_status":"closed","ping_status":"closed","template":"","meta":{"footnotes":"","_links_to":"","_links_to_target":""},"class_list":["post-215","page","type-page","status-publish","hentry"],"_links":{"self":[{"href":"https:\/\/www.verkkovaria.fi\/yhteiset\/kemia\/index.php?rest_route=\/wp\/v2\/pages\/215","targetHints":{"allow":["GET"]}}],"collection":[{"href":"https:\/\/www.verkkovaria.fi\/yhteiset\/kemia\/index.php?rest_route=\/wp\/v2\/pages"}],"about":[{"href":"https:\/\/www.verkkovaria.fi\/yhteiset\/kemia\/index.php?rest_route=\/wp\/v2\/types\/page"}],"author":[{"embeddable":true,"href":"https:\/\/www.verkkovaria.fi\/yhteiset\/kemia\/index.php?rest_route=\/wp\/v2\/users\/3"}],"replies":[{"embeddable":true,"href":"https:\/\/www.verkkovaria.fi\/yhteiset\/kemia\/index.php?rest_route=%2Fwp%2Fv2%2Fcomments&post=215"}],"version-history":[{"count":3,"href":"https:\/\/www.verkkovaria.fi\/yhteiset\/kemia\/index.php?rest_route=\/wp\/v2\/pages\/215\/revisions"}],"predecessor-version":[{"id":468,"href":"https:\/\/www.verkkovaria.fi\/yhteiset\/kemia\/index.php?rest_route=\/wp\/v2\/pages\/215\/revisions\/468"}],"wp:attachment":[{"href":"https:\/\/www.verkkovaria.fi\/yhteiset\/kemia\/index.php?rest_route=%2Fwp%2Fv2%2Fmedia&parent=215"}],"curies":[{"name":"wp","href":"https:\/\/api.w.org\/{rel}","templated":true}]}}