{"id":402,"date":"2016-03-22T11:07:36","date_gmt":"2016-03-22T11:07:36","guid":{"rendered":"http:\/\/www.verkkovaria.fi\/yhteiset\/kemia\/?page_id=402"},"modified":"2016-06-27T15:02:57","modified_gmt":"2016-06-27T15:02:57","slug":"talotekniikan-kemia-tehtava-4-radon","status":"publish","type":"page","link":"https:\/\/www.verkkovaria.fi\/yhteiset\/kemia\/?page_id=402","title":{"rendered":"Talotekniikan kemia, teht\u00e4v\u00e4 4: radon"},"content":{"rendered":"<p>RADON<\/p>\n<p>Tutustu\u00a0<a href=\"http:\/\/www.stuk.fi\/aiheet\/radon\">S\u00e4teilyturvakeskuksen<\/a> sivuilla oleviin tietoihin radonista. Tee aiheesta PowerPoint -esitys, jossa k\u00e4sittelet ainakin seuraavia aiheita:<\/p>\n<ul>\n<li>Mit\u00e4 on radon?<\/li>\n<li>Mit\u00e4 haittaa radonista voi olla?<\/li>\n<li>Mill\u00e4 alueilla ja millaisessa maaper\u00e4ss\u00e4 riski radonista on erityisen suuri?<\/li>\n<li>Miten radon otetaan huomioon uudisrakentamisessa?<\/li>\n<li>Miten vanhan talon radonhaittoja voi torjua?<\/li>\n<\/ul>\n","protected":false},"excerpt":{"rendered":"<p>RADON Tutustu\u00a0S\u00e4teilyturvakeskuksen sivuilla oleviin tietoihin radonista. Tee aiheesta PowerPoint -esitys, jossa k\u00e4sittelet ainakin seuraavia aiheita: Mit\u00e4 on radon? Mit\u00e4 haittaa radonista voi olla? Mill\u00e4 alueilla ja millaisessa maaper\u00e4ss\u00e4 riski radonista on erityisen suuri? Miten radon otetaan huomioon uudisrakentamisessa? Miten vanhan talon radonhaittoja voi torjua?<\/p>\n","protected":false},"author":3,"featured_media":0,"parent":0,"menu_order":0,"comment_status":"closed","ping_status":"closed","template":"","meta":{"footnotes":"","_links_to":"","_links_to_target":""},"class_list":["post-402","page","type-page","status-publish","hentry"],"_links":{"self":[{"href":"https:\/\/www.verkkovaria.fi\/yhteiset\/kemia\/index.php?rest_route=\/wp\/v2\/pages\/402","targetHints":{"allow":["GET"]}}],"collection":[{"href":"https:\/\/www.verkkovaria.fi\/yhteiset\/kemia\/index.php?rest_route=\/wp\/v2\/pages"}],"about":[{"href":"https:\/\/www.verkkovaria.fi\/yhteiset\/kemia\/index.php?rest_route=\/wp\/v2\/types\/page"}],"author":[{"embeddable":true,"href":"https:\/\/www.verkkovaria.fi\/yhteiset\/kemia\/index.php?rest_route=\/wp\/v2\/users\/3"}],"replies":[{"embeddable":true,"href":"https:\/\/www.verkkovaria.fi\/yhteiset\/kemia\/index.php?rest_route=%2Fwp%2Fv2%2Fcomments&post=402"}],"version-history":[{"count":4,"href":"https:\/\/www.verkkovaria.fi\/yhteiset\/kemia\/index.php?rest_route=\/wp\/v2\/pages\/402\/revisions"}],"predecessor-version":[{"id":470,"href":"https:\/\/www.verkkovaria.fi\/yhteiset\/kemia\/index.php?rest_route=\/wp\/v2\/pages\/402\/revisions\/470"}],"wp:attachment":[{"href":"https:\/\/www.verkkovaria.fi\/yhteiset\/kemia\/index.php?rest_route=%2Fwp%2Fv2%2Fmedia&parent=402"}],"curies":[{"name":"wp","href":"https:\/\/api.w.org\/{rel}","templated":true}]}}