{"id":153,"date":"2015-10-13T07:18:36","date_gmt":"2015-10-13T07:18:36","guid":{"rendered":"http:\/\/www.verkkovaria.fi\/yhteiset\/kulttuurintuntemus_venaja\/?page_id=153"},"modified":"2016-03-30T08:01:40","modified_gmt":"2016-03-30T08:01:40","slug":"tehtava-3-tyosanastoa-yleisesti","status":"publish","type":"page","link":"https:\/\/www.verkkovaria.fi\/yhteiset\/kulttuurintuntemus_venaja\/?page_id=153","title":{"rendered":"Teht\u00e4v\u00e4 3: Ty\u00f6sanastoa yleisesti"},"content":{"rendered":"<p>Kolmannessa teht\u00e4v\u00e4ss\u00e4 tutustut ty\u00f6sanastoon yleisesti. Saatat tarvita t\u00e4llaista sanastoa, kun esimerkiksi kerrot itsest\u00e4si tai ty\u00f6paikastasi ven\u00e4j\u00e4nkielisille asiakkaille tai ty\u00f6kavereillesi. Tavoitteena on oppia kertomaan lyhyesti omasta ty\u00f6st\u00e4\u00e4n.<\/p>\n<p>1)Tutustu ensin sanastoon. Opettele sielt\u00e4 sinulle t\u00e4rke\u00e4t sanonnat.<\/p>\n<p><a href=\"https:\/\/quizlet.com\/_1mnn1w\" target=\"_blank\">Quizlet: Yleinen ty\u00f6sanasto<\/a><\/p>\n<p>2) Tee video parisi kanssa. Toinen haastattelee sinua ty\u00f6st\u00e4si ja toinen vastaa kysymyksiin. Videon pituus on muutama minuutti. Jaa video sosiaalisen median alustalle.<\/p>\n<p>3) K\u00e4y lopuksi viel\u00e4 katsomassa kolmen muun parin videot ja kommentoi niit\u00e4.\u00a0Kommentoi esim. eroja omaan videoon, mit\u00e4 hauskaa huomasit, mist\u00e4 olet eri mielt\u00e4\/samaa mielt\u00e4. Kommentoinnin tavoitteena on saada lis\u00e4\u00e4 tietoa aiheesta.<\/p>\n","protected":false},"excerpt":{"rendered":"<p>Kolmannessa teht\u00e4v\u00e4ss\u00e4 tutustut ty\u00f6sanastoon yleisesti. Saatat tarvita t\u00e4llaista sanastoa, kun esimerkiksi kerrot itsest\u00e4si tai ty\u00f6paikastasi ven\u00e4j\u00e4nkielisille asiakkaille tai ty\u00f6kavereillesi. Tavoitteena on oppia kertomaan lyhyesti omasta ty\u00f6st\u00e4\u00e4n. 1)Tutustu ensin sanastoon. Opettele sielt\u00e4 sinulle t\u00e4rke\u00e4t sanonnat. Quizlet: Yleinen ty\u00f6sanasto 2) Tee video parisi kanssa. Toinen haastattelee sinua ty\u00f6st\u00e4si ja toinen vastaa kysymyksiin. Videon pituus on muutama minuutti. &hellip; <a href=\"https:\/\/www.verkkovaria.fi\/yhteiset\/kulttuurintuntemus_venaja\/?page_id=153\">Continued<\/a><\/p>\n","protected":false},"author":1,"featured_media":0,"parent":144,"menu_order":0,"comment_status":"closed","ping_status":"closed","template":"","meta":{"footnotes":"","_links_to":"","_links_to_target":""},"class_list":["post-153","page","type-page","status-publish","hentry"],"_links":{"self":[{"href":"https:\/\/www.verkkovaria.fi\/yhteiset\/kulttuurintuntemus_venaja\/index.php?rest_route=\/wp\/v2\/pages\/153","targetHints":{"allow":["GET"]}}],"collection":[{"href":"https:\/\/www.verkkovaria.fi\/yhteiset\/kulttuurintuntemus_venaja\/index.php?rest_route=\/wp\/v2\/pages"}],"about":[{"href":"https:\/\/www.verkkovaria.fi\/yhteiset\/kulttuurintuntemus_venaja\/index.php?rest_route=\/wp\/v2\/types\/page"}],"author":[{"embeddable":true,"href":"https:\/\/www.verkkovaria.fi\/yhteiset\/kulttuurintuntemus_venaja\/index.php?rest_route=\/wp\/v2\/users\/1"}],"replies":[{"embeddable":true,"href":"https:\/\/www.verkkovaria.fi\/yhteiset\/kulttuurintuntemus_venaja\/index.php?rest_route=%2Fwp%2Fv2%2Fcomments&post=153"}],"version-history":[{"count":6,"href":"https:\/\/www.verkkovaria.fi\/yhteiset\/kulttuurintuntemus_venaja\/index.php?rest_route=\/wp\/v2\/pages\/153\/revisions"}],"predecessor-version":[{"id":252,"href":"https:\/\/www.verkkovaria.fi\/yhteiset\/kulttuurintuntemus_venaja\/index.php?rest_route=\/wp\/v2\/pages\/153\/revisions\/252"}],"up":[{"embeddable":true,"href":"https:\/\/www.verkkovaria.fi\/yhteiset\/kulttuurintuntemus_venaja\/index.php?rest_route=\/wp\/v2\/pages\/144"}],"wp:attachment":[{"href":"https:\/\/www.verkkovaria.fi\/yhteiset\/kulttuurintuntemus_venaja\/index.php?rest_route=%2Fwp%2Fv2%2Fmedia&parent=153"}],"curies":[{"name":"wp","href":"https:\/\/api.w.org\/{rel}","templated":true}]}}