{"id":39,"date":"2015-09-21T09:08:15","date_gmt":"2015-09-21T09:08:15","guid":{"rendered":"http:\/\/www.verkkovaria.fi\/yhteiset\/kulttuurintuntemus_venaja\/?page_id=39"},"modified":"2016-03-30T07:46:51","modified_gmt":"2016-03-30T07:46:51","slug":"tehtava-6-tyosanasto-ja-vapaa-aika","status":"publish","type":"page","link":"https:\/\/www.verkkovaria.fi\/yhteiset\/kulttuurintuntemus_venaja\/?page_id=39","title":{"rendered":"Teht\u00e4v\u00e4 6: Ty\u00f6sanasto ja vapaa-aika"},"content":{"rendered":"<p>Kuudennessa teht\u00e4v\u00e4ss\u00e4 opit perheenj\u00e4senet ven\u00e4j\u00e4ksi ja kertomaan hieman vapaa-ajan vietosta. Lis\u00e4ksi p\u00e4\u00e4set luomaan oman alasi ty\u00f6sanastoa.\u00a0<\/p>\n<p>1.Tutustu ensin Quizletin teht\u00e4viin:\u00a0<\/p>\n<ul>\n<li><a href=\"https:\/\/quizlet.com\/_1itwp2\" target=\"_blank\">Perheenj\u00e4senet<\/a><\/li>\n<li><a href=\"https:\/\/quizlet.com\/_1jjwgf\" target=\"_blank\">Vapaa-aika<\/a><\/li>\n<\/ul>\n<p>Harjoittele t\u00e4m\u00e4n j\u00e4lkeen\u00a0parisi\u00a0kanssa kasvotusten tai Skypen v\u00e4lityksell\u00e4. Kertokaa toisillenne perheest\u00e4nne ja vapaa-ajastanne.<\/p>\n<p>2. Ker\u00e4\u00e4 omaan alaasi liittyv\u00e4\u00e4 sanastoa. K\u00e4yt\u00e4 apuna nettisanakirjoja, kuten\u00a0<a href=\"http:\/\/www.sanakirja.org\/\">sanakirja.org<\/a>ia tai muita vastaavia.<\/p>\n<ul>\n<li>Ker\u00e4\u00e4 t\u00e4rkeit\u00e4 sanoja ja liit\u00e4 niille pariksi kuva.<\/li>\n<li>Vertailkaa sen j\u00e4lkeen parinne kanssa ty\u00f6sanastoja ja keksik\u00e4\u00e4 yhdess\u00e4 lis\u00e4\u00e4.<\/li>\n<li>Lopuksi rekister\u00f6ityk\u00e4\u00e4 Quizletiin ja luokaa teht\u00e4v\u00e4 oman alan ty\u00f6sanastosta. Teht\u00e4v\u00e4ss\u00e4 tulee olla v\u00e4hint\u00e4\u00e4n 30 ammattisanaa. Voitte ker\u00e4t\u00e4 my\u00f6s mielest\u00e4nne t\u00e4rkeit\u00e4 sanontoja.<\/li>\n<li>Jakakaa teht\u00e4v\u00e4n linkki sosiaalisen median alustalla ja pelatkaa toisten parien tekemi\u00e4 pelej\u00e4.<\/li>\n<\/ul>\n","protected":false},"excerpt":{"rendered":"<p>Kuudennessa teht\u00e4v\u00e4ss\u00e4 opit perheenj\u00e4senet ven\u00e4j\u00e4ksi ja kertomaan hieman vapaa-ajan vietosta. Lis\u00e4ksi p\u00e4\u00e4set luomaan oman alasi ty\u00f6sanastoa.\u00a0 1.Tutustu ensin Quizletin teht\u00e4viin:\u00a0 Perheenj\u00e4senet Vapaa-aika Harjoittele t\u00e4m\u00e4n j\u00e4lkeen\u00a0parisi\u00a0kanssa kasvotusten tai Skypen v\u00e4lityksell\u00e4. Kertokaa toisillenne perheest\u00e4nne ja vapaa-ajastanne. 2. Ker\u00e4\u00e4 omaan alaasi liittyv\u00e4\u00e4 sanastoa. K\u00e4yt\u00e4 apuna nettisanakirjoja, kuten\u00a0sanakirja.orgia tai muita vastaavia. Ker\u00e4\u00e4 t\u00e4rkeit\u00e4 sanoja ja liit\u00e4 niille pariksi kuva. &hellip; <a href=\"https:\/\/www.verkkovaria.fi\/yhteiset\/kulttuurintuntemus_venaja\/?page_id=39\">Continued<\/a><\/p>\n","protected":false},"author":1,"featured_media":177,"parent":15,"menu_order":0,"comment_status":"closed","ping_status":"closed","template":"","meta":{"footnotes":"","_links_to":"","_links_to_target":""},"class_list":["post-39","page","type-page","status-publish","has-post-thumbnail","hentry"],"_links":{"self":[{"href":"https:\/\/www.verkkovaria.fi\/yhteiset\/kulttuurintuntemus_venaja\/index.php?rest_route=\/wp\/v2\/pages\/39","targetHints":{"allow":["GET"]}}],"collection":[{"href":"https:\/\/www.verkkovaria.fi\/yhteiset\/kulttuurintuntemus_venaja\/index.php?rest_route=\/wp\/v2\/pages"}],"about":[{"href":"https:\/\/www.verkkovaria.fi\/yhteiset\/kulttuurintuntemus_venaja\/index.php?rest_route=\/wp\/v2\/types\/page"}],"author":[{"embeddable":true,"href":"https:\/\/www.verkkovaria.fi\/yhteiset\/kulttuurintuntemus_venaja\/index.php?rest_route=\/wp\/v2\/users\/1"}],"replies":[{"embeddable":true,"href":"https:\/\/www.verkkovaria.fi\/yhteiset\/kulttuurintuntemus_venaja\/index.php?rest_route=%2Fwp%2Fv2%2Fcomments&post=39"}],"version-history":[{"count":8,"href":"https:\/\/www.verkkovaria.fi\/yhteiset\/kulttuurintuntemus_venaja\/index.php?rest_route=\/wp\/v2\/pages\/39\/revisions"}],"predecessor-version":[{"id":249,"href":"https:\/\/www.verkkovaria.fi\/yhteiset\/kulttuurintuntemus_venaja\/index.php?rest_route=\/wp\/v2\/pages\/39\/revisions\/249"}],"up":[{"embeddable":true,"href":"https:\/\/www.verkkovaria.fi\/yhteiset\/kulttuurintuntemus_venaja\/index.php?rest_route=\/wp\/v2\/pages\/15"}],"wp:featuredmedia":[{"embeddable":true,"href":"https:\/\/www.verkkovaria.fi\/yhteiset\/kulttuurintuntemus_venaja\/index.php?rest_route=\/wp\/v2\/media\/177"}],"wp:attachment":[{"href":"https:\/\/www.verkkovaria.fi\/yhteiset\/kulttuurintuntemus_venaja\/index.php?rest_route=%2Fwp%2Fv2%2Fmedia&parent=39"}],"curies":[{"name":"wp","href":"https:\/\/api.w.org\/{rel}","templated":true}]}}