{"id":92,"date":"2016-02-29T18:04:52","date_gmt":"2016-02-29T18:04:52","guid":{"rendered":"http:\/\/www.verkkovaria.fi\/yhteiset\/tyoelamataidot\/?page_id=92"},"modified":"2016-07-05T11:45:53","modified_gmt":"2016-07-05T11:45:53","slug":"teema-3","status":"publish","type":"page","link":"https:\/\/www.verkkovaria.fi\/yhteiset\/tyoelamataidot\/?page_id=92","title":{"rendered":"Teema 3: Ty\u00f6sopimusj\u00e4rjestelm\u00e4"},"content":{"rendered":"<p>Teeman tavoitteena\u00a0on perehty\u00e4 ty\u00f6lains\u00e4\u00e4d\u00e4nt\u00f6\u00f6n\u00a0sek\u00e4 tutustua oman alan ty\u00f6ehtoihin, ty\u00f6sopimusj\u00e4rjestelm\u00e4\u00e4n ja ty\u00f6sopimukseen. Opit tiet\u00e4m\u00e4\u00e4n ja tunnistamaan oikeutesi ja velvollisuutesi\u00a0sek\u00e4\u00a0sinua koskevat lait ja m\u00e4\u00e4r\u00e4ykset. Teht\u00e4v\u00e4t ovat kommentoivia teht\u00e4vi\u00e4, eli osa pareista hankkii tietoa ja osa kommentoi vastauksia.<\/p>\n<p><strong>Oikeudet ja velvollisuudet sek\u00e4 mallisopimus<\/strong><\/p>\n<p>1.\u00a0Haastatelkaa ty\u00f6paikkaohjaajianne ja selvitt\u00e4k\u00e4\u00e4 sek\u00e4 oman alanne ett\u00e4 omien ty\u00f6paikkojenne\u00a0ty\u00f6ntekij\u00f6it\u00e4 koskevat oikeudet ja velvollisuudet. Parista toinen voi keksitty\u00e4 oikeuksiin ja toinen velvollisuuksiin.Raportoikaa yhteiseen blogiin haluamallanne tyylill\u00e4. Voitte kirjoittaa tekstin, tehd\u00e4 videon, ottaa kuvia tms. <strong>(Y)<\/strong><\/p>\n<p>2.\u00a0Tutustu oman alasi mallity\u00f6sopimukseen. Malleja l\u00f6yd\u00e4t muun muassa n\u00e4ilt\u00e4 sivuilta:<\/p>\n<ul>\n<li><a href=\"https:\/\/www.pam.fi\/wiki\/tyosopimusmallit.html\" target=\"_blank\">Palvelualojen ammattiliitto <\/a><\/li>\n<li><a href=\"http:\/\/rakennusliitto.fi\/document\/8380\/\" target=\"_blank\">Rakennusliitto<\/a><\/li>\n<li><a href=\"http:\/\/www.taku.fi\/files\/666\/Tyosopimusmalli_TAKU_2013.pdf\" target=\"_blank\">Taide- ja kulttuurialan ammattij\u00e4rjest\u00f6<\/a><\/li>\n<\/ul>\n<p>3.\u00a0Etsi sopimuksista\u00a0kolme (3) mielest\u00e4si t\u00e4rkeint\u00e4 kohtaa ja perustele, miksi juuri niiden tulee olla ty\u00f6sopimuksessa. Kirjoita vastauksesi blogiin. <strong>(I)<\/strong><\/p>\n<ul>\n<li><em>Esimerkki:<\/em> Palkan m\u00e4\u00e4r\u00e4n tulee olla ty\u00f6sopimuksessa, jotta molemmat osapuolet tiet\u00e4v\u00e4t, paljonko ty\u00f6st\u00e4 tulee maksaa.<\/li>\n<\/ul>\n<p>&nbsp;<\/p>\n<p><strong>Ty\u00f6aikalains\u00e4\u00e4d\u00e4nt\u00f6 ja ty\u00f6ehtosopimukset<\/strong><\/p>\n<p>Etsik\u00e4\u00e4 parin kanssa\u00a0vastauksia\u00a0alla oleviin\u00a0kysymyksiin ja tallentakaa vastauksenne blogiin. Riippuen parien lukum\u00e4\u00e4r\u00e4st\u00e4 jokainen pari vastaa\u00a0osaan kysymyksist\u00e4 ja kommentoi osaa kysymyksist\u00e4.\u00a0N\u00e4in ollen jokainen pari vastaa ainakin yhteen kysymykseen\u00a0ja kommentoi ainakin yht\u00e4 vastausta.\u00a0<strong>(K)\u00a0<\/strong><\/p>\n<p>Tietoa ty\u00f6lains\u00e4\u00e4d\u00e4nn\u00f6st\u00e4 ja oman alasi ty\u00f6ehtosopimuksista l\u00f6yd\u00e4t esimerkiksi n\u00e4ilt\u00e4 nettisivuilta:<\/p>\n<ul>\n<li><a href=\"http:\/\/www.tyomarkkina-avain.fi\/J30\/\" target=\"_blank\">ty\u00f6markkina-avain.fi<\/a><\/li>\n<li><a href=\"https:\/\/www.tem.fi\/tyo\/tyolainsaadanto\" target=\"_blank\">ty\u00f6- ja elinkeinoministeri\u00f6<\/a><\/li>\n<li><a href=\"http:\/\/www.metalliliitto.fi\/tyoehtosopimus\" target=\"_blank\">Metalliliitto<\/a><\/li>\n<li><a href=\"https:\/\/www.pam.fi\/tyo\/tyoehtosopimukset.html\" target=\"_blank\">Palvelualojen ammattiliitto<\/a><\/li>\n<li><a href=\"http:\/\/rakennusliitto.fi\/sopimusalat\/\" target=\"_blank\">Rakennusliitto<\/a><\/li>\n<li><a href=\"http:\/\/www.akt.fi\/edunvalvonta\/tyoehtosopimukset\/\" target=\"_blank\">Auto- ja kuljetusalan Ty\u00f6ntekij\u00e4liitto<\/a><\/li>\n<li><a href=\"http:\/\/www.selry.fi\/edunvalvonta\/sopimusalat_ja_tyoehtosopimukset\/\" target=\"_blank\">Suomen Elintarvikety\u00f6l\u00e4isten Liitto<\/a><\/li>\n<\/ul>\n<p>1.\u00a0Mitk\u00e4 ovat ty\u00f6suhteen tunnusmerkit?<\/p>\n<p>2.\u00a0Pit\u00e4\u00e4k\u00f6 ty\u00f6sopimus tehd\u00e4 kirjallisena?<\/p>\n<p>3.\u00a0Selit\u00e4 seuraavat termit:<\/p>\n<ul>\n<li>s\u00e4\u00e4nn\u00f6llinen ty\u00f6aika<\/li>\n<li>liukuva ty\u00f6aika<\/li>\n<li>vuorokautinen ylity\u00f6<\/li>\n<li>viikoittainen ylity\u00f6<\/li>\n<li>ansiop\u00e4iv\u00e4raha<\/li>\n<li>karenssi<\/li>\n<li>lomaraha<\/li>\n<li>koeaika<\/li>\n<\/ul>\n<p>4. Annan normaali ty\u00f6viikko on ma-pe ja palkka 10 euroa tunnissa. Paljonko h\u00e4n saa palkkaa, kun h\u00e4n tekee ylit\u00f6it\u00e4 lauantaina nelj\u00e4 tuntia ja sunnuntaina viisi tuntia?<\/p>\n<p>5. Teemun s\u00e4\u00e4nn\u00f6llinen ty\u00f6aika on ma-pe kahdeksan tuntia p\u00e4iv\u00e4ss\u00e4. Laske, paljonko Teemu saa viikossa palkkaa, kun h\u00e4nen palkkansa on kahdeksan euroa tunti ja h\u00e4n on t\u00f6iss\u00e4 seuraavasti:<\/p>\n<ul>\n<li>ma 9 tuntia<\/li>\n<li>ti 10 tuntia<\/li>\n<li>ke 8 tuntia<\/li>\n<li>to 12 tuntia<\/li>\n<li>pe 9 tuntia<\/li>\n<li>la 4 tuntia<\/li>\n<li>su 5 tuntia<\/li>\n<\/ul>\n<p>6. Anna on aloittanut ty\u00f6ns\u00e4 1.6. Kuinka monta lomap\u00e4iv\u00e4\u00e4 h\u00e4nell\u00e4 on seuraavana vuonna?<\/p>\n<p>7. Mill\u00e4 perusteilla ty\u00f6nantaja voi purkaa ty\u00f6suhteen?<\/p>\n<ul>\n<li>Anna esimerkit erilaisista tilanteista omalta alaltasi. Mit\u00e4 tulisi tapahtua, jotta ty\u00f6nantaja voisi purkaa ty\u00f6suhteen?<\/li>\n<\/ul>\n<p>8. Mill\u00e4 perusteilla ty\u00f6ntekij\u00e4 voi purkaa ty\u00f6suhteen?<\/p>\n<ul>\n<li>Anna esimerkit erilaisista tilanteista omalta alaltasi. Mit\u00e4 tulisi tapahtua, jotta ty\u00f6ntekij\u00e4 voisi purkaa ty\u00f6suhteen?<\/li>\n<\/ul>\n<p>9. Selvit\u00e4, paljonko on oman alasi ty\u00f6ehtosopimuksen mukainen alkupalkka uudelle ty\u00f6ntekij\u00e4lle.<\/p>\n<p>10. Selvit\u00e4, paljonko alallasi maksetaan iltalis\u00e4\u00e4.<\/p>\n","protected":false},"excerpt":{"rendered":"<p>Teeman tavoitteena\u00a0on perehty\u00e4 ty\u00f6lains\u00e4\u00e4d\u00e4nt\u00f6\u00f6n\u00a0sek\u00e4 tutustua oman alan ty\u00f6ehtoihin, ty\u00f6sopimusj\u00e4rjestelm\u00e4\u00e4n ja ty\u00f6sopimukseen. Opit tiet\u00e4m\u00e4\u00e4n ja tunnistamaan oikeutesi ja velvollisuutesi\u00a0sek\u00e4\u00a0sinua koskevat lait ja m\u00e4\u00e4r\u00e4ykset. Teht\u00e4v\u00e4t ovat kommentoivia teht\u00e4vi\u00e4, eli osa pareista hankkii tietoa ja osa kommentoi vastauksia. Oikeudet ja velvollisuudet sek\u00e4 mallisopimus 1.\u00a0Haastatelkaa ty\u00f6paikkaohjaajianne ja selvitt\u00e4k\u00e4\u00e4 sek\u00e4 oman alanne ett\u00e4 omien ty\u00f6paikkojenne\u00a0ty\u00f6ntekij\u00f6it\u00e4 koskevat oikeudet ja velvollisuudet. Parista &hellip; <a href=\"https:\/\/www.verkkovaria.fi\/yhteiset\/tyoelamataidot\/?page_id=92\">Continued<\/a><\/p>\n","protected":false},"author":2,"featured_media":0,"parent":73,"menu_order":0,"comment_status":"closed","ping_status":"closed","template":"subpage.php","meta":{"footnotes":"","_links_to":"","_links_to_target":""},"class_list":["post-92","page","type-page","status-publish","hentry"],"_links":{"self":[{"href":"https:\/\/www.verkkovaria.fi\/yhteiset\/tyoelamataidot\/index.php?rest_route=\/wp\/v2\/pages\/92","targetHints":{"allow":["GET"]}}],"collection":[{"href":"https:\/\/www.verkkovaria.fi\/yhteiset\/tyoelamataidot\/index.php?rest_route=\/wp\/v2\/pages"}],"about":[{"href":"https:\/\/www.verkkovaria.fi\/yhteiset\/tyoelamataidot\/index.php?rest_route=\/wp\/v2\/types\/page"}],"author":[{"embeddable":true,"href":"https:\/\/www.verkkovaria.fi\/yhteiset\/tyoelamataidot\/index.php?rest_route=\/wp\/v2\/users\/2"}],"replies":[{"embeddable":true,"href":"https:\/\/www.verkkovaria.fi\/yhteiset\/tyoelamataidot\/index.php?rest_route=%2Fwp%2Fv2%2Fcomments&post=92"}],"version-history":[{"count":22,"href":"https:\/\/www.verkkovaria.fi\/yhteiset\/tyoelamataidot\/index.php?rest_route=\/wp\/v2\/pages\/92\/revisions"}],"predecessor-version":[{"id":256,"href":"https:\/\/www.verkkovaria.fi\/yhteiset\/tyoelamataidot\/index.php?rest_route=\/wp\/v2\/pages\/92\/revisions\/256"}],"up":[{"embeddable":true,"href":"https:\/\/www.verkkovaria.fi\/yhteiset\/tyoelamataidot\/index.php?rest_route=\/wp\/v2\/pages\/73"}],"wp:attachment":[{"href":"https:\/\/www.verkkovaria.fi\/yhteiset\/tyoelamataidot\/index.php?rest_route=%2Fwp%2Fv2%2Fmedia&parent=92"}],"curies":[{"name":"wp","href":"https:\/\/api.w.org\/{rel}","templated":true}]}}